000
CXUS56 KFGZ 010900
CF6SJN
PRELIMINARY LOCAL CLIMATOLOGICAL DATA (WS FORM: F-6)

                                          STATION:   SAINT JOHNS AZ AIRPORT
                                          MONTH:     JUNE
                                          YEAR:      2015
                                          LATITUDE:   34 31 N
                                          LONGITUDE: 109 23 W

  TEMPERATURE IN F:       :PCPN:    SNOW:  WIND      :SUNSHINE: SKY     :PK WND
================================================================================
1   2   3   4   5  6A  6B    7    8   9   10  11  12  13   14  15   16   17  18
                                     12Z  AVG MX 2MIN
DY MAX MIN AVG DEP HDD CDD  WTR  SNW DPTH SPD SPD DIR MIN PSBL S-S WX    SPD DR
================================================================================

 1  91  53  72   5   0   7    T    M    M  9.2 28 230   M    M   1        41 230
 2  90  46  68   1   0   3 0.00    M    M 10.5 24 260   M    M   0        30 230
 3  88  47  68   0   0   3 0.00    M    M  8.9 28 250   M    M   0        34 240
 4  86  41  64  -4   1   0    T    M    M  9.3 29 220   M    M   1        44 220
 5  73  53  63  -5   2   0 0.03    M    M  8.6 24 270   M    M   6 3      29 280
 6  85  50  68  -1   0   3 0.03    M    M  8.6 29 320   M    M   3 3      39 230
 7  88  49  69   0   0   4 0.00    M    M  9.2 26 240   M    M   1        32 240
 8  90  48  69   0   0   4 0.00    M    M  4.9 18 320   M    M   2        22 320
 9  81  63  72   2   0   7 0.01    M    M  6.1 21 250   M    M   7        26 260
10  88  57  73   3   0   8    T    M    M 10.4 24 250   M    M   3        33 240
11  84  52  68  -2   0   3    T    M    M  8.8 30 290   M    M   1        37 290
12  84  50  67  -4   0   2 0.00    M    M  6.8 21 290   M    M   1 3      30 340
13  83  57  70  -1   0   5    T    M    M  7.8 30 280   M    M   1 3      35 290
14  88  48  68  -3   0   3 0.00    M    M  4.5 22 330   M    M   1        26 320
15  93  51  72   1   0   7 0.00    M    M  5.6 18 170   M    M   1        24 330
16  94  55  75   3   0  10 0.00    M    M  6.8 24 170   M    M   1        34 150
17  95  58  77   5   0  12 0.00    M    M  7.2 23 290   M    M   0        29 350
18  96  58  77   5   0  12 0.00    M    M  6.1 18 340   M    M   0        25 330
19  98  59  79   6   0  14 0.00    M    M  8.8 25 270   M    M   0        31 270
20  97  55  76   3   0  11 0.00    M    M  6.7 18 230   M    M   0        23 230
21  99  56  78   5   0  13 0.00    M    M  7.0 18 300   M    M   0        24 290
22  97  58  78   4   0  13 0.00    M    M  5.4 15 300   M    M   0        20 310
23  98  64  81   7   0  16    T    M    M  7.5 51 150   M    M   0 8      68 150
24  92  60  76   2   0  11 0.00    M    M  7.0 24 280   M    M   0        32 280
25  96  55  76   2   0  11 0.00    M    M  5.4 20 320   M    M   1 3      26  10
26  99  60  80   5   0  15    T    M    M  6.3 24 170   M    M   0 3      28 170
27  97  60  79   4   0  14 0.05    M    M  9.9 38 160   M    M   2 3      51 150
28  93  55  74  -1   0   9    T    M    M  6.8 29 160   M    M   0 3      35 170
29  97  58  78   3   0  13 0.37    M    M  5.8 43  60   M    M   0 38     52  60
30  96  61  79   4   0  14 0.01    M    M  5.3 28 220   M    M   1 3      34  20
================================================================================
SM 2736 1637         3 247  0.50    M    221.2          M       34
================================================================================
AV 91.2 54.6                               7.4 FASTST   M    M   1    MAX(MPH)
                                 MISC ---->  # 51 150               # 68  150
================================================================================
NOTES:
# LAST OF SEVERAL OCCURRENCES

COLUMN 17 PEAK WIND IN M.P.H.

PRELIMINARY LOCAL CLIMATOLOGICAL DATA (WS FORM: F-6) , PAGE 2

                                          STATION:  SAINT JOHNS AZ AIRPORT
                                          MONTH:    JUNE
                                          YEAR:     2015
                                          LATITUDE:   34 31 N
                                          LONGITUDE: 109 23 W

[TEMPERATURE DATA]      [PRECIPITATION DATA]       SYMBOLS USED IN COLUMN 16

AVERAGE MONTHLY: 72.9   TOTAL FOR MONTH:   0.50    1 = FOG OR MIST
DPTR FM NORMAL:   1.5   DPTR FM NORMAL:    0.10    2 = FOG REDUCING VISIBILITY
HIGHEST:    99 ON 26,21 GRTST 24HR  0.37 ON 29-29      TO 1/4 MILE OR LESS
LOWEST:     41 ON  4                               3 = THUNDER
                        SNOW, ICE PELLETS, HAIL    4 = ICE PELLETS
                        TOTAL MONTH:    M          5 = HAIL
                        GRTST 24HR    M  ON   M    6 = FREEZING RAIN OR DRIZZLE
                        GRTST DEPTH:  M  ON   M    7 = DUSTSTORM OR SANDSTORM:
                                                       VSBY 1/2 MILE OR LESS
                                                   8 = SMOKE OR HAZE
[NO. OF DAYS WITH]      [WEATHER - DAYS WITH]      9 = BLOWING SNOW
                                                   X = TORNADO
MAX 32 OR BELOW:   0    0.01 INCH OR MORE:   6
MAX 90 OR ABOVE:  19    0.10 INCH OR MORE:   1
MIN 32 OR BELOW:   0    0.50 INCH OR MORE:   0
MIN  0 OR BELOW:   0    1.00 INCH OR MORE:   0

[HDD (BASE 65) ]
TOTAL THIS MO.     3    CLEAR  (SCALE 0-3)  28
DPTR FM NORMAL    -8    PTCLDY (SCALE 4-7)   2
TOTAL FM JUL 1  4113    CLOUDY (SCALE 8-10)  0
DPTR FM NORMAL  -592

[CDD (BASE 65) ]
TOTAL THIS MO.   247
DPTR FM NORMAL    42    [PRESSURE DATA]
TOTAL FM JAN 1   253    HIGHEST SLP M ON M
DPTR FM NORMAL     2    LOWEST  SLP 29.78 ON M

[REMARKS]
#FINAL-06-15#
