000
CXUS56 KSLC 271219
CF6SLC
PRELIMINARY LOCAL CLIMATOLOGICAL DATA (WS FORM: F-6)

                                          STATION:   SALT LAKE CITY UT
                                          MONTH:     JANUARY
                                          YEAR:      2015
                                          LATITUDE:   40 46 N
                                          LONGITUDE: 111 58 W

  TEMPERATURE IN F:       :PCPN:    SNOW:  WIND      :SUNSHINE: SKY     :PK WND
================================================================================
1   2   3   4   5  6A  6B    7    8   9   10  11  12  13   14  15   16   17  18
                                     12Z  AVG MX 2MIN
DY MAX MIN AVG DEP HDD CDD  WTR  SNW DPTH SPD SPD DIR MIN PSBL S-S WX    SPD DR
================================================================================

 1  24   5  15 -14  50   0 0.00  0.0    1  3.0 12 280   M    M   0 18     13 280
 2  26  11  19 -10  46   0 0.00  0.0    1  4.6 14 150   M    M   2        15 150
 3  32  20  26  -3  39   0 0.00  0.0    1  3.5  9 160   M    M   8        12 160
 4  35  20  28  -1  37   0 0.00  0.0    1  4.9 12 130   M    M   8 8      14 140
 5  43  30  37   8  28   0 0.00  0.0    1  4.2 12 100   M    M  10 18     13 100
 6  47  29  38   9  27   0 0.00  0.0    T  2.8  9 310   M    M   2 18      9 300
 7  48  27  38   9  27   0 0.00  0.0    0  2.7 10 280   M    M   0 18     11 300
 8  46  26  36   7  29   0 0.00  0.0    0  2.9  9 130   M    M   0 18     10 130
 9  44  26  35   6  30   0 0.00  0.0    0  2.8  9 280   M    M   2 128    12 290
10  36  25  31   2  34   0 0.07  0.0    0  2.5  8  20   M    M   7 12      9  10
11  45  33  39  10  26   0 0.03  0.0    0  3.1  9 310   M    M  10 18     10 310
12  40  32  36   7  29   0 0.69  0.1    0  5.1 15 280   M    M  10 12     17 150
13  39  30  35   6  30   0 0.02  0.2    0  6.9 15 320   M    M   6 1      18 320
14  33  27  30   1  35   0 0.00  0.0    0  3.7 10 330   M    M   8 18     11 310
15  38  24  31   2  34   0 0.00  0.0    0  4.4 13 310   M    M   4 18     14 310
16  36  25  31   2  34   0    T    T    0  4.5 15 150   M    M   8 18     18 320
17  48  26  37   8  28   0 0.00  0.0    0  5.2 13 150   M    M   2 18     17 150
18  51  36  44  15  21   0    T  0.0    0  6.8 15 140   M    M   4        19 140
19  46  34  40  10  25   0 0.05  0.0    0  5.0 14 330   M    M   9 1      16  20
20  41  28  35   5  30   0 0.00  0.0    0  3.5 14 340   M    M   2        16 340
21  37  24  31   1  34   0 0.00  0.0    0  4.0 13 290   M    M   0 1      16 320
22  40  21  31   1  34   0 0.00  0.0    0  5.5 10 310   M    M   0        12 190
23  39  23  31   1  34   0 0.00  0.0    0  5.4 15 290   M    M   3        17 290
24  42  23  33   3  32   0 0.00  0.0    0  4.5 12 150   M    M   6        14 160
25  52  31  42  12  23   0 0.00  0.0    0  3.1  9 330   M    M   3 18     13 350
26  51  30  41  11  24   0 0.00  0.0    0  4.8 10 280   M    M   1 18     12 120
================================================================================
SM 1059  666       820   0  0.86     0.3 109.4          M      115
================================================================================
AV 40.7 25.6                               4.2 FASTST   M    M   4    MAX(MPH)
                                 MISC ---->  # 15 280               # 19  140
================================================================================
NOTES:
# LAST OF SEVERAL OCCURRENCES

COLUMN 17 PEAK WIND IN M.P.H.

PRELIMINARY LOCAL CLIMATOLOGICAL DATA (WS FORM: F-6) , PAGE 2

                                          STATION:  SALT LAKE CITY UT
                                          MONTH:    JANUARY
                                          YEAR:     2015
                                          LATITUDE:   40 46 N
                                          LONGITUDE: 111 58 W

[TEMPERATURE DATA]      [PRECIPITATION DATA]       SYMBOLS USED IN COLUMN 16

AVERAGE MONTHLY: 33.2   TOTAL FOR MONTH:   0.86    1 = FOG OR MIST
DPTR FM NORMAL:   3.9   DPTR FM NORMAL:   -0.20    2 = FOG REDUCING VISIBILITY
HIGHEST:    52 ON 25    GRTST 24HR  0.70 ON 12-13      TO 1/4 MILE OR LESS
LOWEST:      5 ON  1                               3 = THUNDER
                        SNOW, ICE PELLETS, HAIL    4 = ICE PELLETS
                        TOTAL MONTH:   0.3 INCH    5 = HAIL
                        GRTST 24HR   0.2 ON   M    6 = FREEZING RAIN OR DRIZZLE
                        GRTST DEPTH:   1 ON  5, 4  7 = DUSTSTORM OR SANDSTORM:
                                                       VSBY 1/2 MILE OR LESS
                                                   8 = SMOKE OR HAZE
[NO. OF DAYS WITH]      [WEATHER - DAYS WITH]      9 = BLOWING SNOW
                                                   X = TORNADO
MAX 32 OR BELOW:   3    0.01 INCH OR MORE:   5
MAX 90 OR ABOVE:   0    0.10 INCH OR MORE:   1
MIN 32 OR BELOW:  23    0.50 INCH OR MORE:   1
MIN  0 OR BELOW:   0    1.00 INCH OR MORE:   0

[HDD (BASE 65) ]
TOTAL THIS MO.   820    CLEAR  (SCALE 0-3)  12
DPTR FM NORMAL  -109    PTCLDY (SCALE 4-7)   9
TOTAL FM JUL 1  2640    CLOUDY (SCALE 8-10)  5
DPTR FM NORMAL  -583

[CDD (BASE 65) ]
TOTAL THIS MO.     0
DPTR FM NORMAL     0    [PRESSURE DATA]
TOTAL FM JAN 1     0    HIGHEST SLP M ON M
DPTR FM NORMAL     0    LOWEST  SLP 30.03 ON 10

[REMARKS]
