000
CXUS56 KSLC 291233
CF6SLC
PRELIMINARY LOCAL CLIMATOLOGICAL DATA (WS FORM: F-6)

                                          STATION:   SALT LAKE CITY UT
                                          MONTH:     MAY
                                          YEAR:      2017
                                          LATITUDE:   40 46 N
                                          LONGITUDE: 111 58 W

  TEMPERATURE IN F:       :PCPN:    SNOW:  WIND      :SUNSHINE: SKY     :PK WND
================================================================================
1   2   3   4   5  6A  6B    7    8   9   10  11  12  13   14  15   16   17  18
                                     12Z  AVG MX 2MIN
DY MAX MIN AVG DEP HDD CDD  WTR  SNW DPTH SPD SPD DIR MIN PSBL S-S WX    SPD DR
================================================================================

 1  64  47  56   1   9   0 0.00  0.0    0  6.2 17 320   M    M   4        24 330
 2  66  51  59   4   6   0    T  0.0    0  7.0 20 330   M    M   5        25 290
 3  69  44  57   1   8   0 0.00  0.0    0  5.6 14 330   M    M   1        21 360
 4  77  46  62   6   3   0 0.00  0.0    0  5.5 12 330   M    M   0        19 350
 5  88  52  70  14   0   5 0.00  0.0    0  8.1 20 160   M    M   1        26 140
 6  85  64  75  18   0  10    T  0.0    0 13.0 35 160   M    M   2 38     45 160
 7  78  59  69  12   0   4 0.00  0.0    0 10.6 18 330   M    M   3        25 270
 8  72  55  64   7   1   0 0.00  0.0    0  8.8 22 360   M    M   7 3      25  10
 9  76  53  65   7   0   0 0.00  0.0    0  7.1 21 350   M    M   1        25 340
10  77  54  66   8   0   1 0.00  0.0    0  8.0 22 280   M    M   1        29 280
11  84  54  69  11   0   4 0.00  0.0    0  7.4 17 170   M    M   2        21 130
12  87  52  70  11   0   5 0.00  0.0    0 19.3 33 200   M    M   3        43 200
13  59  45  52  -7  13   0 0.00  0.0    0 10.3 25 330   M    M   3        29 330
14  69  42  56  -3   9   0 0.00  0.0    0  5.8 18 340   M    M   6        22 300
15  70  47  59  -1   6   0 0.00  0.0    0  9.2 26 280   M    M   4        33 280
16  63  53  58  -2   7   0 0.03  0.0    0  9.2 26 190   M    M   8 3      38 140
17  55  34  45 -15  20   0 0.37  0.1    0 10.8 35 320   M    M   7 15     42 330
18  51  37  44 -16  21   0 0.00  0.0    0  8.2 16 300   M    M   8        21 320
19  60  46  53  -8  12   0 0.00  0.0    0  5.2 16 300   M    M   6        20 310
20  71  44  58  -3   7   0    T  0.0    0  5.8 14 320   M    M   1        22 330
21  67  53  60  -1   5   0 0.21  0.0    0  6.1 21 280   M    M   5 13     27 250
22  76  49  63   1   2   0 0.00  0.0    0  6.5 16 340   M    M   0        21 300
23  82  56  69   7   0   4 0.00  0.0    0  7.5 14 310   M    M   1        19 360
24  89  60  75  13   0  10    T  0.0    0 12.1 40 270   M    M   2 38     55 280
25  71  56  64   1   1   0    T  0.0    0  9.8 28 340   M    M   3 8      33 340
26  68  52  60  -3   5   0 0.00  0.0    0  9.8 21 330   M    M   3        26 330
27  71  46  59  -4   6   0 0.00  0.0    0  6.4 17 290   M    M   0        23 290
28  79  51  65   1   0   0 0.00  0.0    0  5.2 15 320   M    M   0        20 320
================================================================================
SM 2024 1402       141  43  0.61     0.1 234.5          M       87
================================================================================
AV 72.3 50.1                               8.4 FASTST   M    M   3    MAX(MPH)
                                 MISC ---->  # 40 270               # 55  280
================================================================================
NOTES:
# LAST OF SEVERAL OCCURRENCES

COLUMN 17 PEAK WIND IN M.P.H.

PRELIMINARY LOCAL CLIMATOLOGICAL DATA (WS FORM: F-6) , PAGE 2

                                          STATION:  SALT LAKE CITY UT
                                          MONTH:    MAY
                                          YEAR:     2017
                                          LATITUDE:   40 46 N
                                          LONGITUDE: 111 58 W

[TEMPERATURE DATA]      [PRECIPITATION DATA]       SYMBOLS USED IN COLUMN 16

AVERAGE MONTHLY: 61.2   TOTAL FOR MONTH:   0.61    1 = FOG OR MIST
DPTR FM NORMAL:   1.8   DPTR FM NORMAL:   -1.18    2 = FOG REDUCING VISIBILITY
HIGHEST:    89 ON 24    GRTST 24HR  0.37 ON 17-17      TO 1/4 MILE OR LESS
LOWEST:     34 ON 17                               3 = THUNDER
                        SNOW, ICE PELLETS, HAIL    4 = ICE PELLETS
                        TOTAL MONTH:   0.1 INCH    5 = HAIL
                        GRTST 24HR   0.1 ON 17-17  6 = FREEZING RAIN OR DRIZZLE
                        GRTST DEPTH:   0           7 = DUSTSTORM OR SANDSTORM:
                                                       VSBY 1/2 MILE OR LESS
                                                   8 = SMOKE OR HAZE
[NO. OF DAYS WITH]      [WEATHER - DAYS WITH]      9 = BLOWING SNOW
                                                   X = TORNADO
MAX 32 OR BELOW:   0    0.01 INCH OR MORE:   3
MAX 90 OR ABOVE:   0    0.10 INCH OR MORE:   2
MIN 32 OR BELOW:   0    0.50 INCH OR MORE:   0
MIN  0 OR BELOW:   0    1.00 INCH OR MORE:   0

[HDD (BASE 65) ]
TOTAL THIS MO.   141    CLEAR  (SCALE 0-3)  15
DPTR FM NORMAL   -53    PTCLDY (SCALE 4-7)  13
TOTAL FM JUL 1  4781    CLOUDY (SCALE 8-10)  0
DPTR FM NORMAL  -769

[CDD (BASE 65) ]
TOTAL THIS MO.    43
DPTR FM NORMAL     5    [PRESSURE DATA]
TOTAL FM JAN 1    45    HIGHEST SLP M ON M
DPTR FM NORMAL     3    LOWEST  SLP 29.33 ON 24

[REMARKS]
