000
CXUS56 KSLC 011240
CF6SLC

PRELIMINARY LOCAL CLIMATOLOGICAL DATA (WS FORM: F-6)

                                          STATION:   SALT LAKE CITY UT
                                          MONTH:     FEBRUARY
                                          YEAR:      2015
                                          LATITUDE:   40 46 N
                                          LONGITUDE: 111 58 W

  TEMPERATURE IN F:       :PCPN:    SNOW:  WIND      :SUNSHINE: SKY     :PK WND
================================================================================
1   2   3   4   5  6A  6B    7    8   9   10  11  12  13   14  15   16   17  18
                                     12Z  AVG MX 2MIN
DY MAX MIN AVG DEP HDD CDD  WTR  SNW DPTH SPD SPD DIR MIN PSBL S-S WX    SPD DR
================================================================================

 1  50  27  39   8  26   0 0.00  0.0    0  5.0 17 150   M    M   4        21 140
 2  56  41  49  18  16   0 0.01  0.0    0  5.3 16 120   M    M   8 8      18 110
 3  59  41  50  19  15   0    T  0.0    0  6.2 15 190   M    M   7        19 190
 4  58  42  50  19  15   0 0.03  0.0    0  5.2 16 320   M    M   4        19 320
 5  65  40  53  22  12   0 0.00  0.0    0 10.4 24 180   M    M   2        32 180
 6  68  45  57  25   8   0 0.00  0.0    0 16.3 33 170   M    M   3        42 170
 7  68  51  60  28   5   0 0.01  0.0    0 13.9 31 310   M    M   6        39 310
 8  64  41  53  21  12   0    T  0.0    0  5.6 20 320   M    M   1        21 320
 9  58  43  51  19  14   0 0.11  0.0    0  9.7 24  10   M    M   4 1      30  10
10  52  37  45  13  20   0 0.01  0.0    0  7.2 18 340   M    M   5        20 350
11  53  32  43  10  22   0 0.00  0.0    0  5.1 13 280   M    M   0        15 280
12  59  35  47  14  18   0 0.00  0.0    0  4.0 13 350   M    M   2        14 330
13  59  32  46  13  19   0 0.00  0.0    0  3.9  9 270   M    M   1        19 320
14  60  35  48  14  17   0 0.00  0.0    0  5.8 12 340   M    M   3 8      15 220
15  53  33  43   9  22   0 0.00  0.0    0  5.9 17 280   M    M   1 18     21 280
16  50  30  40   6  25   0 0.00  0.0    0  8.9 22 330   M    M   4        35 320
17  49  26  38   3  27   0 0.00  0.0    0  4.4  9 160   M    M   0        12 330
18  59  29  44   9  21   0 0.00  0.0    0  6.4 12 140   M    M   0        13 140
19  61  32  47  12  18   0 0.00  0.0    0  4.4 10 110   M    M   0        12 120
20  51  37  44   8  21   0    T  0.0    0  7.8 22 310   M    M   7 8      27 270
21  46  31  39   3  26   0 0.03    T    0  7.7 23 360   M    M   5 45     27 360
22  41  24  33  -3  32   0 0.00  0.0    0  8.1 22 110   M    M   1        27 100
23  41  21  31  -6  34   0 0.00  0.0    0  8.9 22 110   M    M   0        28 100
24  47  23  35  -2  30   0 0.00  0.0    0  5.3 14 300   M    M   1 8      19 320
25  53  34  44   6  21   0 0.00  0.0    0  8.1 18 340   M    M   2        23 310
26  39  31  35  -3  30   0 0.10    T    0  5.8 16 260   M    M   6 1      20 250
27  45  29  37  -1  28   0    T  0.0    0  7.3 14 180   M    M   5 8      17 200
28  45  27  36  -3  29   0 0.01  0.0    0  5.6 17 120   M    M   5        20 100
================================================================================
SM 1509  949       583   0  0.31    T    198.2          M       87
================================================================================
AV 53.9 33.9                               7.1 FASTST   M    M   3    MAX(MPH)
                                 MISC ---->  # 33 170               # 42  170
================================================================================
NOTES:
# LAST OF SEVERAL OCCURRENCES

COLUMN 17 PEAK WIND IN M.P.H.

PRELIMINARY LOCAL CLIMATOLOGICAL DATA (WS FORM: F-6) , PAGE 2

                                          STATION:  SALT LAKE CITY UT
                                          MONTH:    FEBRUARY
                                          YEAR:     2015
                                          LATITUDE:   40 46 N
                                          LONGITUDE: 111 58 W

[TEMPERATURE DATA]      [PRECIPITATION DATA]       SYMBOLS USED IN COLUMN 16

AVERAGE MONTHLY: 43.9   TOTAL FOR MONTH:   0.31    1 = FOG OR MIST
DPTR FM NORMAL:   9.7   DPTR FM NORMAL:   -0.94    2 = FOG REDUCING VISIBILITY
HIGHEST:    68 ON  7, 6 GRTST 24HR  0.12 ON  9-10      TO 1/4 MILE OR LESS
LOWEST:     21 ON 23                               3 = THUNDER
                        SNOW, ICE PELLETS, HAIL    4 = ICE PELLETS
                        TOTAL MONTH:    T          5 = HAIL
                        GRTST 24HR    T  ON 26-26  6 = FREEZING RAIN OR DRIZZLE
                        GRTST DEPTH:   0           7 = DUSTSTORM OR SANDSTORM:
                                                       VSBY 1/2 MILE OR LESS
                                                   8 = SMOKE OR HAZE
[NO. OF DAYS WITH]      [WEATHER - DAYS WITH]      9 = BLOWING SNOW
                                                   X = TORNADO
MAX 32 OR BELOW:   0    0.01 INCH OR MORE:   8
MAX 90 OR ABOVE:   0    0.10 INCH OR MORE:   2
MIN 32 OR BELOW:  14    0.50 INCH OR MORE:   0
MIN  0 OR BELOW:   0    1.00 INCH OR MORE:   0

[HDD (BASE 65) ]
TOTAL THIS MO.   583    CLEAR  (SCALE 0-3)  15
DPTR FM NORMAL  -279    PTCLDY (SCALE 4-7)  13
TOTAL FM JUL 1  3347    CLOUDY (SCALE 8-10)  0
DPTR FM NORMAL  -909

[CDD (BASE 65) ]
TOTAL THIS MO.     0
DPTR FM NORMAL     0    [PRESSURE DATA]
TOTAL FM JAN 1     0    HIGHEST SLP 30.46 ON 11
DPTR FM NORMAL     0    LOWEST  SLP 29.62 ON 28
#FINAL-02-15#
[REMARKS]
