000
CXUS51 KBTV 010700
CF6SLK
PRELIMINARY LOCAL CLIMATOLOGICAL DATA (WS FORM: F-6)

                                          STATION:   SARANAC LAKE NY
                                          MONTH:     JUNE
                                          YEAR:      2015
                                          LATITUDE:   44 23 N
                                          LONGITUDE:  74 12 W

  TEMPERATURE IN F:       :PCPN:    SNOW:  WIND      :SUNSHINE: SKY     :PK WND
================================================================================
1   2   3   4   5  6A  6B    7    8   9   10  11  12  13   14  15   16   17  18
                                     12Z  AVG MX 2MIN
DY MAX MIN AVG DEP HDD CDD  WTR  SNW DPTH SPD SPD DIR MIN PSBL S-S WX    SPD DR
================================================================================

 1  50  44  47  -9  18   0 0.65    M    0  9.0 15  60   M    M  10 1      23  50
 2  56  33  45 -11  20   0 0.01    M    0  3.7 13  40   M    M   9 12     16 350
 3  66  33  50  -6  15   0 0.00  0.0    0  3.7 13  70   M    M   4 12     16 120
 4  76  32  54  -3  11   0 0.00  0.0    0  3.7 13 210   M    M   0        16 220
 5  73  48  61   4   4   0 0.06    M    0  4.9 14 220   M    M   8 13     20 240
 6  63  32  48  -9  17   0 0.01    M    0  7.4 17  40   M    M   3        24  40
 7  73  28  51  -7  14   0 0.00  0.0    0  7.7 21 200   M    M   1 12     29 190
 8  70  59  65   7   0   0 1.18  0.0    0 12.2 24 210   M    M  10 18     31 210
 9  72  56  64   6   1   0 1.41  0.0    0  3.8 17 230   M    M  10 138    25 230
10  75  56  66   8   0   1 0.20  0.0    0 10.1 21 200   M    M   7 13     26 210
11  71  51  61   2   4   0    T  0.0    0  8.7 18 230   M    M   4 13     28 260
12  68  54  61   2   4   0 1.34  0.0    0  5.0 16  60   M    M   8 13     19  50
13  74  51  63   4   2   0 0.00  0.0    0  3.7 13 280   M    M   5        20 300
14  77  48  63   3   2   0 0.03    M    0  3.5 14  50   M    M   3 12     17  60
15  71  54  63   3   2   0 0.66  0.0    0  5.0 12 220   M    M   9 1      16 210
16  73  54  64   4   1   0 0.38  0.0    0  3.6  9 340   M    M   8 1      17 300
17  73  41  57  -3   8   0 0.00  0.0    0  3.6 14  70   M    M   0        19  70
18  78  49  64   3   1   0 0.80    M    0  7.7 22 210   M    M   4 13     27 210
19  65  38  52  -9  13   0 0.00  0.0    0  3.3 10  20   M    M   6 1      15  10
20  77  33  55  -6  10   0 0.05    M    0  5.6 18 230   M    M   2 12     26 220
21  76  61  69   8   0   4 0.88  0.0    0  2.7 13 220   M    M  10 13     15 210
22  75  54  65   3   0   0 0.00  0.0    0  3.7 15 220   M    M   5 1      19 290
23  75  56  66   4   0   1 0.84  0.0    0  9.9 26 240   M    M   8 13     40 240
24  72  55  64   2   1   0 0.07  0.0    0  6.0 14 270   M    M   5 1      20 270
25  71  50  61  -1   4   0 0.01  0.0    0  2.8 13 340   M    M   7 12     18 340
26  72  42  57  -5   8   0 0.00    M    0  3.8 16  30   M    M   5 12     23  30
27  70  38  54  -8  11   0 0.00  0.0    0  2.8 12 170   M    M   2        14 180
28  59  52  56  -7   9   0 1.00  0.0    0  7.4 20  80   M    M  10 1      26 100
29  63  48  56  -7   9   0 0.07    M    0  4.3 12 230   M    M   9 1      17 260
30  73  42  58  -5   7   0 0.12    M    0  3.6 17 190   M    M   8 12     21 190
================================================================================
SM 2107 1392       196   6  9.77     0.0 162.9          M      180
================================================================================
AV 70.2 46.4                               5.4 FASTST   M    M   6    MAX(MPH)
                                 MISC ---->  # 26 240               # 40  240
================================================================================
NOTES:
# LAST OF SEVERAL OCCURRENCES

COLUMN 17 PEAK WIND IN M.P.H.

PRELIMINARY LOCAL CLIMATOLOGICAL DATA (WS FORM: F-6) , PAGE 2

                                          STATION:  SARANAC LAKE NY
                                          MONTH:    JUNE
                                          YEAR:     2015
                                          LATITUDE:   44 23 N
                                          LONGITUDE:  74 12 W

[TEMPERATURE DATA]      [PRECIPITATION DATA]       SYMBOLS USED IN COLUMN 16

AVERAGE MONTHLY: 58.3   TOTAL FOR MONTH:   9.77    1 = FOG OR MIST
DPTR FM NORMAL:  -1.5   DPTR FM NORMAL:    5.92    2 = FOG REDUCING VISIBILITY
HIGHEST:    78 ON 18    GRTST 24HR  1.48 ON  8- 9      TO 1/4 MILE OR LESS
LOWEST:     28 ON  7                               3 = THUNDER
                        SNOW, ICE PELLETS, HAIL    4 = ICE PELLETS
                        TOTAL MONTH:   0.0 INCH    5 = HAIL
                        GRTST 24HR     0.0         6 = FREEZING RAIN OR DRIZZLE
                        GRTST DEPTH:   0           7 = DUSTSTORM OR SANDSTORM:
                                                       VSBY 1/2 MILE OR LESS
                                                   8 = SMOKE OR HAZE
[NO. OF DAYS WITH]      [WEATHER - DAYS WITH]      9 = BLOWING SNOW
                                                   X = TORNADO
MAX 32 OR BELOW:   0    0.01 INCH OR MORE:  20
MAX 90 OR ABOVE:   0    0.10 INCH OR MORE:  12
MIN 32 OR BELOW:   3    0.50 INCH OR MORE:   9
MIN  0 OR BELOW:   0    1.00 INCH OR MORE:   4

[HDD (BASE 65) ]
TOTAL THIS MO.   196    CLEAR  (SCALE 0-3)   5
DPTR FM NORMAL    12    PTCLDY (SCALE 4-7)  16
TOTAL FM JUL 1  9508    CLOUDY (SCALE 8-10)  9
DPTR FM NORMAL    90

[CDD (BASE 65) ]
TOTAL THIS MO.     6
DPTR FM NORMAL   -20    [PRESSURE DATA]
TOTAL FM JAN 1    22    HIGHEST SLP M ON M
DPTR FM NORMAL    -7    LOWEST  SLP 29.56 ON  9

[REMARKS]
#FINAL-06-15#
