000
CXUS51 KBTV 230700
CF6SLK
PRELIMINARY LOCAL CLIMATOLOGICAL DATA (WS FORM: F-6)

                                          STATION:   SARANAC LAKE NY
                                          MONTH:     JANUARY
                                          YEAR:      2018
                                          LATITUDE:   44 23 N
                                          LONGITUDE:  74 12 W

  TEMPERATURE IN F:       :PCPN:    SNOW:  WIND      :SUNSHINE: SKY     :PK WND
================================================================================
1   2   3   4   5  6A  6B    7    8   9   10  11  12  13   14  15   16   17  18
                                     12Z  AVG MX 2MIN
DY MAX MIN AVG DEP HDD CDD  WTR  SNW DPTH SPD SPD DIR MIN PSBL S-S WX    SPD DR
================================================================================

 1   0 -32 -16 -30  81   0    T    M    0  1.9  9 290   M    M   3 18     13 280
 2  16 -23  -3 -17  68   0 0.01    M    0  6.8 18 240   M    M   7 18     28 230
 3  18   1  10  -4  55   0    T    M    0  7.6 20 220   M    M   7 1      23 230
 4  16  -3   7  -7  58   0 0.02    M    0  4.5 14 280   M    M   9 18     22 310
 5   0 -14  -7 -21  72   0    T    M    0 10.3 20 260   M    M  10 18     32 240
 6 -13 -20 -16 -30  81   0 0.00  0.0    0  8.1 16 270   M    M   7 8      27 280
 7  13 -29  -8 -22  73   0 0.04    M    0  7.2 17 220   M    M   6 1      21 220
 8  31  13  22   8  43   0 0.07    M    0 11.6 23 210   M    M  10 12     29 210
 9  30  16  23   9  42   0 0.04    M    0  6.6 17 260   M    M  10 18     26 250
10  36  -3  17   4  48   0    T    M    0  4.1 16 210   M    M   3 1      23 240
11  49  35  42  29  23   0 0.07    M    0 10.3 22 220   M    M  10 1      31 220
12  55  18  37  24  28   0 1.93    M    0  8.0 21 230   M    M  10 126    27 220
13  18 -11   4  -9  61   0 0.63    M    0  5.6 12 320   M    M  10 128    19 310
14   7 -30 -11 -24  76   0 0.00  0.0    0  1.1  8 300   M    M   0 18     11 310
15  15 -26  -5 -18  70   0 0.00  0.0    0  2.8  9  70   M    M   2        11  60
16  23   5  14   1  51   0 0.02    M    0  1.5  7 240   M    M  10 18     10 240
17  19   2  11  -2  54   0    T    M    0  4.7 15 210   M    M   8 18     19 220
18  21  14  18   5  47   0    T    M    0  8.5 12 240   M    M  10 18     18 240
19  27  17  22   9  43   0 0.02    M    0  8.2 14 220   M    M   9 1      18 210
20  35  27  31  18  34   0    T    M    0 12.1 21 240   M    M   9        33 250
21  37  30  34  21  31   0 0.00  0.0    0  3.9  9 210   M    M   9 1       M  M
22  33  26  30  17  35   0 0.15    M    0  6.6 15  60   M    M  10 16     19  60
================================================================================
SM  486   13      1174   0  3.00     0.0 142.0          M      169
================================================================================
AV 22.1  0.6                               6.5 FASTST   M    M   8    MAX(MPH)
                                 MISC ---->  # 23 210               # 33  250
================================================================================
NOTES:
# LAST OF SEVERAL OCCURRENCES

COLUMN 17 PEAK WIND IN M.P.H.

PRELIMINARY LOCAL CLIMATOLOGICAL DATA (WS FORM: F-6) , PAGE 2

                                          STATION:  SARANAC LAKE NY
                                          MONTH:    JANUARY
                                          YEAR:     2018
                                          LATITUDE:   44 23 N
                                          LONGITUDE:  74 12 W

[TEMPERATURE DATA]      [PRECIPITATION DATA]       SYMBOLS USED IN COLUMN 16

AVERAGE MONTHLY: 11.3   TOTAL FOR MONTH:   3.00    1 = FOG OR MIST
DPTR FM NORMAL:  -2.1   DPTR FM NORMAL:    1.52    2 = FOG REDUCING VISIBILITY
HIGHEST:    55 ON 12    GRTST 24HR  1.93 ON 12-12      TO 1/4 MILE OR LESS
LOWEST:    -32 ON  1                               3 = THUNDER
                        SNOW, ICE PELLETS, HAIL    4 = ICE PELLETS
                        TOTAL MONTH:   0.0 INCH    5 = HAIL
                        GRTST 24HR     0.0         6 = FREEZING RAIN OR DRIZZLE
                        GRTST DEPTH:   0           7 = DUSTSTORM OR SANDSTORM:
                                                       VSBY 1/2 MILE OR LESS
                                                   8 = SMOKE OR HAZE
[NO. OF DAYS WITH]      [WEATHER - DAYS WITH]      9 = BLOWING SNOW
                                                   X = TORNADO
MAX 32 OR BELOW:  16    0.01 INCH OR MORE:  11
MAX 90 OR ABOVE:   0    0.10 INCH OR MORE:   3
MIN 32 OR BELOW:  21    0.50 INCH OR MORE:   2
MIN  0 OR BELOW:  10    1.00 INCH OR MORE:   1

[HDD (BASE 65) ]
TOTAL THIS MO.  1174    CLEAR  (SCALE 0-3)   2
DPTR FM NORMAL    39    PTCLDY (SCALE 4-7)   6
TOTAL FM JUL 1  4816    CLOUDY (SCALE 8-10) 14
DPTR FM NORMAL   -18

[CDD (BASE 65) ]
TOTAL THIS MO.     0
DPTR FM NORMAL     0    [PRESSURE DATA]
TOTAL FM JAN 1     0    HIGHEST SLP M ON M
DPTR FM NORMAL     0    LOWEST  SLP 29.23 ON  4

[REMARKS]
