000
CXUS53 KICT 240800
CF6SLN
PRELIMINARY LOCAL CLIMATOLOGICAL DATA (WS FORM: F-6)

                                          STATION:   SALINA KS
                                          MONTH:     FEBRUARY
                                          YEAR:      2018
                                          LATITUDE:   38 47 N
                                          LONGITUDE:  97 39 W

  TEMPERATURE IN F:       :PCPN:    SNOW:  WIND      :SUNSHINE: SKY     :PK WND
================================================================================
1   2   3   4   5  6A  6B    7    8   9   10  11  12  13   14  15   16   17  18
                                     12Z  AVG MX 2MIN
DY MAX MIN AVG DEP HDD CDD  WTR  SNW DPTH SPD SPD DIR MIN PSBL S-S WX    SPD DR
================================================================================

 1  42  19  31  -1  34   0 0.00    M    M 12.1 25  20   M    M   3        32  20
 2  44  13  29  -3  36   0 0.00    M    M 12.1 25 170   M    M   1        30 190
 3  58  35  47  15  18   0 0.00    M    M 15.3 26 210   M    M   2        33 220
 4  41   7  24  -9  41   0    T    M    M 17.7 32 340   M    M   5 18     39 350
 5  34   6  20 -13  45   0 0.00    M    M 14.3 25 350   M    M   3        29 330
 6  20  14  17 -16  48   0    T    M    M  8.8 18  30   M    M   8        22  50
 7  35   9  22 -11  43   0 0.00    M    M  5.2 16  30   M    M   0        20  30
 8  61  20  41   7  24   0 0.00    M    M  9.7 22 190   M    M   0        29 190
 9  47  16  32  -2  33   0    T    M    M 18.8 28 360   M    M   7 18     34  10
10  22  11  17 -17  48   0 0.00    M    M 15.3 23 360   M    M  10        27 360
11  39  11  25  -9  40   0    T    M    M  7.2 16 330   M    M   2 1      19 310
12  43  14  29  -5  36   0 0.00    M    M 10.3 22 130   M    M   3        28 110
13  59  26  43   8  22   0 0.00    M    M 13.1 26 200   M    M   2        32 190
14  69  34  52  17  13   0 0.00    M    M 11.5 24 170   M    M   1 18     31 170
15  66  35  51  16  14   0 0.00    M    M 14.2 32  10   M    M   2        38  10
16  38  20  29  -7  36   0 0.00    M    M 11.6 33  10   M    M   2        40 360
17  60  26  43   7  22   0 0.00    M    M  9.1 25 330   M    M   0        30 320
18  65  30  48  12  17   0 0.00    M    M 22.6 37 190   M    M   0        49 170
19  63  24  44   7  21   0    T    M    M 16.8 33 190   M    M   9 136    46 190
20  28  17  23 -14  42   0 0.01    M    M 18.4 25 330   M    M   7 136    31 350
21  29  12  21 -16  44   0 0.03    M    M 11.1 17 360   M    M   6 16     20  30
22  33  26  30  -8  35   0 0.04    M    M  5.0 12 130   M    M  10 16     14 130
23  38  27  33  -5  32   0 0.01    M    M  6.9 15  90   M    M   9 16     19  80
================================================================================
SM 1034  452       744   0  0.09    M    287.1          M       92
================================================================================
AV 45.0 19.7                              12.5 FASTST   M    M   4    MAX(MPH)
                                 MISC ---->  # 37 190               # 49  170
================================================================================
NOTES:
# LAST OF SEVERAL OCCURRENCES

COLUMN 17 PEAK WIND IN M.P.H.

PRELIMINARY LOCAL CLIMATOLOGICAL DATA (WS FORM: F-6) , PAGE 2

                                          STATION:  SALINA KS
                                          MONTH:    FEBRUARY
                                          YEAR:     2018
                                          LATITUDE:   38 47 N
                                          LONGITUDE:  97 39 W

[TEMPERATURE DATA]      [PRECIPITATION DATA]       SYMBOLS USED IN COLUMN 16

AVERAGE MONTHLY: 32.3   TOTAL FOR MONTH:   0.09    1 = FOG OR MIST
DPTR FM NORMAL:  -2.4   DPTR FM NORMAL:   -0.84    2 = FOG REDUCING VISIBILITY
HIGHEST:    69 ON 14    GRTST 24HR  0.04 ON 22-22      TO 1/4 MILE OR LESS
LOWEST:      6 ON  5                               3 = THUNDER
                        SNOW, ICE PELLETS, HAIL    4 = ICE PELLETS
                        TOTAL MONTH:    M          5 = HAIL
                        GRTST 24HR    M  ON   M    6 = FREEZING RAIN OR DRIZZLE
                        GRTST DEPTH:  M  ON   M    7 = DUSTSTORM OR SANDSTORM:
                                                       VSBY 1/2 MILE OR LESS
                                                   8 = SMOKE OR HAZE
[NO. OF DAYS WITH]      [WEATHER - DAYS WITH]      9 = BLOWING SNOW
                                                   X = TORNADO
MAX 32 OR BELOW:   4    0.01 INCH OR MORE:   4
MAX 90 OR ABOVE:   0    0.10 INCH OR MORE:   0
MIN 32 OR BELOW:  20    0.50 INCH OR MORE:   0
MIN  0 OR BELOW:   0    1.00 INCH OR MORE:   0

[HDD (BASE 65) ]
TOTAL THIS MO.   744    CLEAR  (SCALE 0-3)  13
DPTR FM NORMAL    49    PTCLDY (SCALE 4-7)   5
TOTAL FM JUL 1  3461    CLOUDY (SCALE 8-10)  5
DPTR FM NORMAL  -250

[CDD (BASE 65) ]
TOTAL THIS MO.     0
DPTR FM NORMAL     0    [PRESSURE DATA]
TOTAL FM JAN 1     0    HIGHEST SLP M ON M
DPTR FM NORMAL     0    LOWEST  SLP 29.56 ON 19

[REMARKS]
