000
CXUS53 KICT 260800
CF6SLN
PRELIMINARY LOCAL CLIMATOLOGICAL DATA (WS FORM: F-6)

                                          STATION:   SALINA KS
                                          MONTH:     DECEMBER
                                          YEAR:      2014
                                          LATITUDE:   38 47 N
                                          LONGITUDE:  97 39 W

  TEMPERATURE IN F:       :PCPN:    SNOW:  WIND      :SUNSHINE: SKY     :PK WND
================================================================================
1   2   3   4   5  6A  6B    7    8   9   10  11  12  13   14  15   16   17  18
                                     12Z  AVG MX 2MIN
DY MAX MIN AVG DEP HDD CDD  WTR  SNW DPTH SPD SPD DIR MIN PSBL S-S WX    SPD DR
================================================================================

 1  30  13  22 -14  43   0 0.00    M    M 10.0 24  10   M    M   0        31  10
 2  47  12  30  -6  35   0 0.00    M    M  9.4 23 200   M    M   0        26 200
 3  46  23  35   0  30   0 0.00    M    M  6.6 17  50   M    M   0        26  70
 4  50  35  43   8  22   0 0.06    M    M  6.1 13 190   M    M   8 1      14 140
 5  55  38  47  13  18   0 0.49    M    M  2.4 13 350   M    M   6 12     16 340
 6  40  29  35   1  30   0 0.00    M    M  7.1 13 150   M    M   9 1      15  20
 7  46  38  42   8  23   0 0.01    M    M 10.4 21 160   M    M  10 1      26 160
 8  57  32  45  11  20   0 0.00    M    M  5.9 18 360   M    M   2 12     24 360
 9  41  24  33   0  32   0 0.00    M    M  6.2 15  20   M    M   0        18  30
10  46  30  38   5  27   0 0.00    M    M  5.8 12  80   M    M   9 1      15  80
11  43  36  40   7  25   0 0.00    M    M  4.7  9 120   M    M  10 1      11 120
12  57  42  50  18  15   0 0.00    M    M  7.5 17 190   M    M   9 18     21 190
13  58  49  54  22  11   0 0.00    M    M 14.0 23 170   M    M  10 1      30 170
14  62  48  55  23  10   0 0.31    M    M 14.8 29 200   M    M   8 138    35 190
15  53  32  43  11  22   0 0.64    M    M 22.5 37 320   M    M  10 13     43 330
16  38  26  32   0  33   0 0.00    M    M 13.0 31 330   M    M   5        40 330
17  30  25  28  -4  37   0    T    M    M  7.5 13  60   M    M   9 1      16  60
18  32  28  30  -2  35   0    T  0.0    M  3.3  7 320   M    M  10 18      9 110
19  35  30  33   2  32   0 0.00  0.0    M  6.9 12 150   M    M   8 18     15 160
20  52  26  39   8  26   0 0.00  0.0    M  9.8 17 190   M    M   2 128    22 200
21  45  35  40   9  25   0 0.01    M    M 12.4 22 190   M    M   9 1      27 200
22  54  37  46  15  19   0    T    M    M 12.0 31 330   M    M   8 1      38 330
23  38  33  36   5  29   0 0.13    M    M 17.8 26 340   M    M   8 1      32 340
24  43  30  37   6  28   0    T    M    M 11.5 22 330   M    M   5 1      26 330
25  55  34  45  14  20   0 0.00    M    M 15.2 29 190   M    M   0        37 190
================================================================================
SM 1153  785       647   0  1.65     0.0 242.8          M      155
================================================================================
AV 46.1 31.4                               9.7 FASTST   M    M   6    MAX(MPH)
                                 MISC ---->  # 37 320               # 43  330
================================================================================
NOTES:
# LAST OF SEVERAL OCCURRENCES

COLUMN 17 PEAK WIND IN M.P.H.

PRELIMINARY LOCAL CLIMATOLOGICAL DATA (WS FORM: F-6) , PAGE 2

                                          STATION:  SALINA KS
                                          MONTH:    DECEMBER
                                          YEAR:     2014
                                          LATITUDE:   38 47 N
                                          LONGITUDE:  97 39 W

[TEMPERATURE DATA]      [PRECIPITATION DATA]       SYMBOLS USED IN COLUMN 16

AVERAGE MONTHLY: 38.8   TOTAL FOR MONTH:   1.65    1 = FOG OR MIST
DPTR FM NORMAL:   6.0   DPTR FM NORMAL:    0.86    2 = FOG REDUCING VISIBILITY
HIGHEST:    62 ON 14    GRTST 24HR  0.95 ON 14-15      TO 1/4 MILE OR LESS
LOWEST:     12 ON  2                               3 = THUNDER
                        SNOW, ICE PELLETS, HAIL    4 = ICE PELLETS
                        TOTAL MONTH:   0.0 INCH    5 = HAIL
                        GRTST 24HR     0.0         6 = FREEZING RAIN OR DRIZZLE
                        GRTST DEPTH:  M  ON   M    7 = DUSTSTORM OR SANDSTORM:
                                                       VSBY 1/2 MILE OR LESS
                                                   8 = SMOKE OR HAZE
[NO. OF DAYS WITH]      [WEATHER - DAYS WITH]      9 = BLOWING SNOW
                                                   X = TORNADO
MAX 32 OR BELOW:   3    0.01 INCH OR MORE:   7
MAX 90 OR ABOVE:   0    0.10 INCH OR MORE:   4
MIN 32 OR BELOW:  14    0.50 INCH OR MORE:   1
MIN  0 OR BELOW:   0    1.00 INCH OR MORE:   0

[HDD (BASE 65) ]
TOTAL THIS MO.   647    CLEAR  (SCALE 0-3)   7
DPTR FM NORMAL  -159    PTCLDY (SCALE 4-7)   6
TOTAL FM JUL 1  1644    CLOUDY (SCALE 8-10) 12
DPTR FM NORMAL  -114

[CDD (BASE 65) ]
TOTAL THIS MO.     0
DPTR FM NORMAL     0    [PRESSURE DATA]
TOTAL FM JAN 1  1801    HIGHEST SLP M ON M
DPTR FM NORMAL   154    LOWEST  SLP 29.52 ON 15

[REMARKS]
