000
CXUS55 KLOX 301655
CF6SMX
PRELIMINARY LOCAL CLIMATOLOGICAL DATA (WS FORM: F-6)

                                          STATION:   SANTA MARIA AIRPORT CA
                                          MONTH:     JUNE
                                          YEAR:      2015
                                          LATITUDE:   34 54 N
                                          LONGITUDE: 120 27 W

  TEMPERATURE IN F:       :PCPN:    SNOW:  WIND      :SUNSHINE: SKY     :PK WND
================================================================================
1   2   3   4   5  6A  6B    7    8   9   10  11  12  13   14  15   16   17  18
                                     12Z  AVG MX 2MIN
DY MAX MIN AVG DEP HDD CDD  WTR  SNW DPTH SPD SPD DIR MIN PSBL S-S WX    SPD DR
================================================================================

 1  73  51  62   3   3   0 0.00  0.0    0  9.7 21 300   M    M   4 12     27 310
 2  72  53  63   4   2   0 0.00  0.0    0 10.6 24 290   M    M   6 12     30 290
 3  70  55  63   4   2   0 0.00  0.0    0 11.5 25 290   M    M   7 1      30 310
 4  67  55  61   2   4   0 0.00  0.0    0  9.4 20 280   M    M  10        23 280
 5  71  55  63   4   2   0 0.00  0.0    0  6.8 20 330   M    M   5        27 280
 6  73  57  65   5   0   0 0.00  0.0    0  6.7 17 340   M    M   7 1      21 320
 7  72  55  64   4   1   0 0.00  0.0    0  5.1 13 320   M    M   6 1      21 320
 8  75  54  65   5   0   0 0.00  0.0    0  5.3 13 320   M    M   4 128    18 300
 9  85  54  70  10   0   5 0.03  0.0    M  4.3 21 300   M    M   7 12     26 300
10  81  59  70  10   0   5 0.00  0.0    0  6.2 17 330   M    M   5 1      21 340
11  72  57  65   5   0   0 0.00  0.0    0  6.3 15 320   M    M   8 18     18 330
12  74  56  65   5   0   0 0.00  0.0    0  5.8 15 330   M    M   6 128    21 320
13  75  58  67   7   0   2 0.00  0.0    0  6.3 15 330   M    M   7 18     19 310
14  73  55  64   4   1   0 0.00  0.0    0  6.3 16 310   M    M   7 18     20 300
15  70  54  62   2   3   0 0.00  0.0    0  8.8  M   M   M    M   6 18      M  M
16  72  52  62   2   3   0 0.00  0.0    0  7.2 17 320   M    M   5 18     22 330
17  73  53  63   2   2   0 0.00  0.0    0  5.7 14 300   M    M   6 18     20 310
18  73  54  64   3   1   0 0.00  0.0    0  5.0 15 310   M    M   4 18      M  M
19  72  50  61   0   4   0 0.00  0.0    0  8.6 22 300   M    M   0 178    27 300
20  79  50  65   4   0   0 0.00  0.0    0  5.5 16 310   M    M   2 18     19 310
21  69  52  61   0   4   0 0.00  0.0    0  7.3 17 310   M    M   5 128    22 300
22  72  50  61   0   4   0 0.00  0.0    0  8.9 21 300   M    M   5 18     25 300
23  72  52  62   1   3   0 0.00  0.0    0  8.2 22 290   M    M   3 18     26 310
24  71  51  61  -1   4   0 0.00  0.0    0  8.6 18 300   M    M   2 18     23 300
25  76  55  66   4   0   1 0.00  0.0    0  5.4 13 330   M    M   4 18     19 320
26  75  54  65   3   0   0 0.00  0.0    0  5.4 15 260   M    M   6 12     20 270
27  76  57  67   5   0   2 0.00  0.0    0  5.3 15 330   M    M   7 1      19 320
28  73  56  65   3   0   0 0.00  0.0    0  8.1 20 300   M    M   4 128    25 310
29  74  57  66   4   0   1 0.00  0.0    0  6.7 15 330   M    M   5 18     18 300
================================================================================
SM 2130 1571        43  16  0.03     0.0 205.0          M      153
================================================================================
AV 73.4 54.2                               7.1 FASTST   M    M   5    MAX(MPH)
                                 MISC ---->    25   M                 30    M
================================================================================
NOTES:
# LAST OF SEVERAL OCCURRENCES

COLUMN 17 PEAK WIND IN M.P.H.

PRELIMINARY LOCAL CLIMATOLOGICAL DATA (WS FORM: F-6) , PAGE 2

                                          STATION:  SANTA MARIA AIRPORT CA
                                          MONTH:    JUNE
                                          YEAR:     2015
                                          LATITUDE:   34 54 N
                                          LONGITUDE: 120 27 W

[TEMPERATURE DATA]      [PRECIPITATION DATA]       SYMBOLS USED IN COLUMN 16

AVERAGE MONTHLY: 63.8   TOTAL FOR MONTH:   0.03    1 = FOG OR MIST
DPTR FM NORMAL:   3.3   DPTR FM NORMAL:   -0.01    2 = FOG REDUCING VISIBILITY
HIGHEST:    85 ON  9    GRTST 24HR  0.03 ON  9- 9      TO 1/4 MILE OR LESS
LOWEST:     50 ON 22,20                            3 = THUNDER
                        SNOW, ICE PELLETS, HAIL    4 = ICE PELLETS
                        TOTAL MONTH:   0.0 INCH    5 = HAIL
                        GRTST 24HR     0.0         6 = FREEZING RAIN OR DRIZZLE
                        GRTST DEPTH:   0           7 = DUSTSTORM OR SANDSTORM:
                                                       VSBY 1/2 MILE OR LESS
                                                   8 = SMOKE OR HAZE
[NO. OF DAYS WITH]      [WEATHER - DAYS WITH]      9 = BLOWING SNOW
                                                   X = TORNADO
MAX 32 OR BELOW:   0    0.01 INCH OR MORE:   1
MAX 90 OR ABOVE:   0    0.10 INCH OR MORE:   0
MIN 32 OR BELOW:   0    0.50 INCH OR MORE:   0
MIN  0 OR BELOW:   0    1.00 INCH OR MORE:   0

[HDD (BASE 65) ]
TOTAL THIS MO.    43    CLEAR  (SCALE 0-3)   3
DPTR FM NORMAL   -96    PTCLDY (SCALE 4-7)  24
TOTAL FM JUL 1  1209    CLOUDY (SCALE 8-10)  2
DPTR FM NORMAL -1612

[CDD (BASE 65) ]
TOTAL THIS MO.    16
DPTR FM NORMAL    16    [PRESSURE DATA]
TOTAL FM JAN 1    44    HIGHEST SLP M ON M
DPTR FM NORMAL    34    LOWEST  SLP 29.70 ON 14

[REMARKS]
