051
CXUS56 KPQR 171200
CF6SPB
PRELIMINARY LOCAL CLIMATOLOGICAL DATA (WS FORM: F-6)

                                          STATION:   SCAPPOOSE OR
                                          MONTH:     NOVEMBER
                                          YEAR:      2017
                                          LATITUDE:   45 46 N
                                          LONGITUDE: 122 50 W

  TEMPERATURE IN F:       :PCPN:    SNOW:  WIND      :SUNSHINE: SKY     :PK WND
================================================================================
1   2   3   4   5  6A  6B    7    8   9   10  11  12  13   14  15   16   17  18
                                     12Z  AVG MX 2MIN
DY MAX MIN AVG DEP HDD CDD  WTR  SNW DPTH SPD SPD DIR MIN PSBL S-S WX    SPD DR
================================================================================

 1  59  40  50   2  15   0 0.02    M    M  3.1 15 270   M    M   7 1      20 310
 2  56  37  47   0  18   0 0.07    M    M  3.5 13 280   M    M   8 1      20 280
 3  50  36  43  -4  22   0 0.02    M    0  1.5  9 230   M    M   8        13 230
 4  46  38  42  -5  23   0 0.26    M    0  4.0 13 160   M    M  10 1      18 170
 5  51  33  42  -5  23   0 0.12    M    0  4.9 16 280   M    M   8 1      27 280
 6  49  30  40  -6  25   0 0.00  0.0    0  1.0  6 270   M    M   7         7 140
 7  49  29  39  -7  26   0 0.00  0.0    0  4.3 10 140   M    M   1        13 130
 8  47  38  43  -3  22   0 0.50    M    0  2.9  9 250   M    M   9 1      15 210
 9  54  38  46   0  19   0 0.31    M    0  3.1 12 160   M    M   8 12     16 140
10  49  40  45  -1  20   0 0.38    M    0  0.9  4  30   M    M   9 1       M  M
11  52  44  48   3  17   0 0.25    M    M  2.3  8 170   M    M  10 1      12 170
12  53  47  50   5  15   0 0.38    M    0  2.2 12 160   M    M  10 1      18 150
13  55  44  50   5  15   0 0.81    M    0  9.4 32 220   M    M   9 1      43 220
14  55  44  50   5  15   0 0.03    M    0  9.4 20 190   M    M   9        31 160
15  54  42  48   4  17   0 0.94    M    0  8.1 23 190   M    M   9 1      39 200
16  48  40  44   0  21   0 0.27    M    0  5.7 14 210   M    M   9 1      20 180
================================================================================
SM  827  620       313   0  4.36     0.0  66.3          M      131
================================================================================
AV 51.7 38.8                               4.1 FASTST   M    M   8    MAX(MPH)
                                 MISC ---->  # 32 220               # 43  220
================================================================================
NOTES:
# LAST OF SEVERAL OCCURRENCES

COLUMN 17 PEAK WIND IN M.P.H.

PRELIMINARY LOCAL CLIMATOLOGICAL DATA (WS FORM: F-6) , PAGE 2

                                          STATION:  SCAPPOOSE OR
                                          MONTH:    NOVEMBER
                                          YEAR:     2017
                                          LATITUDE:   45 46 N
                                          LONGITUDE: 122 50 W

[TEMPERATURE DATA]      [PRECIPITATION DATA]       SYMBOLS USED IN COLUMN 16

AVERAGE MONTHLY: 45.2   TOTAL FOR MONTH:   4.36    1 = FOG OR MIST
DPTR FM NORMAL:  -0.7   DPTR FM NORMAL:    1.19    2 = FOG REDUCING VISIBILITY
HIGHEST:    59 ON  1    GRTST 24HR  0.94 ON 15-15      TO 1/4 MILE OR LESS
LOWEST:     29 ON  7                               3 = THUNDER
                        SNOW, ICE PELLETS, HAIL    4 = ICE PELLETS
                        TOTAL MONTH:   0.0 INCH    5 = HAIL
                        GRTST 24HR     0.0         6 = FREEZING RAIN OR DRIZZLE
                        GRTST DEPTH:   0           7 = DUSTSTORM OR SANDSTORM:
                                                       VSBY 1/2 MILE OR LESS
                                                   8 = SMOKE OR HAZE
[NO. OF DAYS WITH]      [WEATHER - DAYS WITH]      9 = BLOWING SNOW
                                                   X = TORNADO
MAX 32 OR BELOW:   0    0.01 INCH OR MORE:  14
MAX 90 OR ABOVE:   0    0.10 INCH OR MORE:  10
MIN 32 OR BELOW:   2    0.50 INCH OR MORE:   3
MIN  0 OR BELOW:   0    1.00 INCH OR MORE:   0

[HDD (BASE 65) ]
TOTAL THIS MO.   313    CLEAR  (SCALE 0-3)   1
DPTR FM NORMAL     7    PTCLDY (SCALE 4-7)   5
TOTAL FM JUL 1   836    CLOUDY (SCALE 8-10) 10
DPTR FM NORMAL   -76

[CDD (BASE 65) ]
TOTAL THIS MO.     0
DPTR FM NORMAL     0    [PRESSURE DATA]
TOTAL FM JAN 1   503    HIGHEST SLP M ON M
DPTR FM NORMAL   252    LOWEST  SLP 29.58 ON 15

[REMARKS]
