000
CXUS56 KPQR 191200
CF6SPB
PRELIMINARY LOCAL CLIMATOLOGICAL DATA (WS FORM: F-6)

                                          STATION:   SCAPPOOSE OR
                                          MONTH:     SEPTEMBER
                                          YEAR:      2017
                                          LATITUDE:   45 46 N
                                          LONGITUDE: 122 50 W

  TEMPERATURE IN F:       :PCPN:    SNOW:  WIND      :SUNSHINE: SKY     :PK WND
================================================================================
1   2   3   4   5  6A  6B    7    8   9   10  11  12  13   14  15   16   17  18
                                     12Z  AVG MX 2MIN
DY MAX MIN AVG DEP HDD CDD  WTR  SNW DPTH SPD SPD DIR MIN PSBL S-S WX    SPD DR
================================================================================

 1  93  60  77  12   0  12 0.00  0.0    0  8.3 16 340   M    M   0        22 330
 2  99  68  84  19   0  19 0.00  0.0    0  8.8 17 360   M    M   0        23 360
 3  96  58  77  12   0  12 0.00  0.0    0  2.3  8 340   M    M   0        12 330
 4  93  58  76  11   0  11 0.00  0.0    0  2.3  9 330   M    M   5        12 340
 5  89  61  75  10   0  10 0.00  0.0    0  0.6  7 110   M    M  10 18      9  80
 6  82  59  71   7   0   6 0.00  0.0    0  2.8 10 150   M    M   2 18     13 150
 7  84  62  73   9   0   8 0.00  0.0    0  4.6 18 320   M    M   0 138    31 310
 8  75  62  69   5   0   4    T  0.0    0  3.7 13 360   M    M  10        15 360
 9  77  46  62  -2   3   0    T    M    0  4.5 14 280   M    M   8 18     19 290
10  78  56  67   3   0   2 0.00  0.0    0  8.0 15  10   M    M   2        21 150
11  92  48  70   7   0   5 0.00  0.0    0  6.4 17 360   M    M   0        23 360
12  85  56  71   8   0   6 0.00  0.0    0  8.5 18  10   M    M   0        28 320
13  75  46  61  -2   4   0 0.00  0.0    0  5.1 15 360   M    M   1        20 290
14  75  49  62  -1   3   0 0.00  0.0    0  4.7 10  10   M    M   0 8      15  60
15  80  42  61  -1   4   0 0.00  0.0    0  2.6  9 110   M    M   0        12 110
16  77  47  62   0   3   0 0.00  0.0    0  1.4  8 330   M    M   3 8       9 330
17  64  47  56  -6   9   0    T    M    0  4.1 13 180   M    M   7 1      19 160
18  63  48  56  -6   9   0 0.18    M    0  4.1 13 220   M    M   6 1      18 220
================================================================================
SM 1477  973        35  95  0.18     0.0  82.8          M       54
================================================================================
AV 82.1 54.1                               4.6 FASTST   M    M   3    MAX(MPH)
                                 MISC ---->  # 18 320               # 31  310
================================================================================
NOTES:
# LAST OF SEVERAL OCCURRENCES

COLUMN 17 PEAK WIND IN M.P.H.

PRELIMINARY LOCAL CLIMATOLOGICAL DATA (WS FORM: F-6) , PAGE 2

                                          STATION:  SCAPPOOSE OR
                                          MONTH:    SEPTEMBER
                                          YEAR:     2017
                                          LATITUDE:   45 46 N
                                          LONGITUDE: 122 50 W

[TEMPERATURE DATA]      [PRECIPITATION DATA]       SYMBOLS USED IN COLUMN 16

AVERAGE MONTHLY: 68.1   TOTAL FOR MONTH:   0.18    1 = FOG OR MIST
DPTR FM NORMAL:   4.4   DPTR FM NORMAL:   -0.47    2 = FOG REDUCING VISIBILITY
HIGHEST:    99 ON  2    GRTST 24HR  0.18 ON 18-18      TO 1/4 MILE OR LESS
LOWEST:     42 ON 15                               3 = THUNDER
                        SNOW, ICE PELLETS, HAIL    4 = ICE PELLETS
                        TOTAL MONTH:   0.0 INCH    5 = HAIL
                        GRTST 24HR     0.0         6 = FREEZING RAIN OR DRIZZLE
                        GRTST DEPTH:   0           7 = DUSTSTORM OR SANDSTORM:
                                                       VSBY 1/2 MILE OR LESS
                                                   8 = SMOKE OR HAZE
[NO. OF DAYS WITH]      [WEATHER - DAYS WITH]      9 = BLOWING SNOW
                                                   X = TORNADO
MAX 32 OR BELOW:   0    0.01 INCH OR MORE:   1
MAX 90 OR ABOVE:   5    0.10 INCH OR MORE:   1
MIN 32 OR BELOW:   0    0.50 INCH OR MORE:   0
MIN  0 OR BELOW:   0    1.00 INCH OR MORE:   0

[HDD (BASE 65) ]
TOTAL THIS MO.    35    CLEAR  (SCALE 0-3)  11
DPTR FM NORMAL   -16    PTCLDY (SCALE 4-7)   4
TOTAL FM JUL 1    51    CLOUDY (SCALE 8-10)  3
DPTR FM NORMAL   -81

[CDD (BASE 65) ]
TOTAL THIS MO.    95
DPTR FM NORMAL    69    [PRESSURE DATA]
TOTAL FM JAN 1   495    HIGHEST SLP M ON M
DPTR FM NORMAL   251    LOWEST  SLP 29.77 ON 18

[REMARKS]
