000
CXUS55 KPUB 281059
CF6SPD
PRELIMINARY LOCAL CLIMATOLOGICAL DATA (WS FORM: F-6)

                                          STATION:   SPRINGFIELD CO
                                          MONTH:     AUGUST
                                          YEAR:      2014
                                          LATITUDE:   37 16 N
                                          LONGITUDE: 102 37 W

  TEMPERATURE IN F:       :PCPN:    SNOW:  WIND      :SUNSHINE: SKY     :PK WND
================================================================================
1   2   3   4   5  6A  6B    7    8   9   10  11  12  13   14  15   16   17  18
                                     12Z  AVG MX 2MIN
DY MAX MIN AVG DEP HDD CDD  WTR  SNW DPTH SPD SPD DIR MIN PSBL S-S WX    SPD DR
================================================================================

 1  81  56  69  -7   0   4 0.00  0.0    0  6.1 15 160   M    M   0        20 130
 2  82  59  71  -5   0   6 0.00  0.0    0  6.3 14 170   M    M   0        21 190
 3  86  53  70  -6   0   5 0.00  0.0    0  9.9 22 170   M    M   0        29 170
 4  88  61  75  -1   0  10 0.00  0.0    0 15.7 26 190   M    M   0        38 190
 5  88  61  75  -1   0  10 0.00  0.0    0 13.3 24 190   M    M   0        31 220
 6  92  57  75  -1   0  10 0.00  0.0    0  5.7 12 350   M    M   0        17 360
 7  93  60  77   1   0  12 0.04  0.0    0  9.4 28 230   M    M   0 3      34 290
 8  88  61  75   0   0  10 0.00  0.0    0  6.2 17 180   M    M   0        23 220
 9  93  60  77   2   0  12 0.00  0.0    0  9.5 26  50   M    M   0        31  40
10  88  61  75   0   0  10 0.30  0.0    0 11.1 28 280   M    M   0 3      35 270
11  84  57  71  -4   0   6 0.00  0.0    0  7.6 13 150   M    M   0        16 320
12  90  60  75   0   0  10 0.00  0.0    0  8.2 18 230   M    M   0        24 230
13  93  62  78   3   0  13 0.00  0.0    0 13.1 22 180   M    M   0        28 230
14  92  66  79   4   0  14 0.00  0.0    0 16.5 29 190   M    M   0        35 190
15  92  60  76   1   0  11 0.06  0.0    0 10.7 30 320   M    M   0        36 300
16  94  63  79   5   0  14 0.03  0.0    0 11.0 28 240   M    M   0        38 240
17  96  59  78   4   0  13 0.01  0.0    0  8.2 25 320   M    M   0 3      39 310
18  97  62  80   6   0  15 0.00  0.0    0  8.1 25 220   M    M   0        34 230
19  96  63  80   6   0  15 0.00  0.0    0 14.9 24 170   M    M   0        34 170
20  97  65  81   7   0  16 0.00  0.0    0 12.6 22 200   M    M   0        28 200
21  92  62  77   3   0  12 0.00  0.0    0  9.2 21 150   M    M   0        25 160
22  92  59  76   2   0  11 0.06  0.0    0  7.4 26 300   M    M   0        36 250
23  92  60  76   3   0  11 0.00  0.0    0 12.7 23 220   M    M   0        33 220
24  92  56  74   1   0   9 0.00  0.0    0  9.3 17 170   M    M   0        21 150
25  94  59  77   4   0  12 0.12  0.0    0  8.8 28 300   M    M   0        34 300
26  89  59  74   1   0   9 0.61  0.0    0 11.5 23 180   M    M   0        30 180
27  85  62  74   2   0   9 0.00  0.0    0 13.3 22 190   M    M   0        29 190
================================================================================
SM 2446 1623         0 289  1.23     0.0 276.3          M        0
================================================================================
AV 90.6 60.1                              10.2 FASTST   M    M   0    MAX(MPH)
                                 MISC ---->  # 30 320               # 39  310
================================================================================
NOTES:
# LAST OF SEVERAL OCCURRENCES

COLUMN 17 PEAK WIND IN M.P.H.

PRELIMINARY LOCAL CLIMATOLOGICAL DATA (WS FORM: F-6) , PAGE 2

                                          STATION:  SPRINGFIELD CO
                                          MONTH:    AUGUST
                                          YEAR:     2014
                                          LATITUDE:   37 16 N
                                          LONGITUDE: 102 37 W

[TEMPERATURE DATA]      [PRECIPITATION DATA]       SYMBOLS USED IN COLUMN 16

AVERAGE MONTHLY: 75.4   TOTAL FOR MONTH:   1.23    1 = FOG OR MIST
DPTR FM NORMAL:   0.8   DPTR FM NORMAL:   -1.34    2 = FOG REDUCING VISIBILITY
HIGHEST:    97 ON 20,18 GRTST 24HR  0.61 ON 26-26      TO 1/4 MILE OR LESS
LOWEST:     53 ON  3                               3 = THUNDER
                        SNOW, ICE PELLETS, HAIL    4 = ICE PELLETS
                        TOTAL MONTH:   0.0 INCH    5 = HAIL
                        GRTST 24HR     0.0         6 = FREEZING RAIN OR DRIZZLE
                        GRTST DEPTH:   0           7 = DUSTSTORM OR SANDSTORM:
                                                       VSBY 1/2 MILE OR LESS
                                                   8 = SMOKE OR HAZE
[NO. OF DAYS WITH]      [WEATHER - DAYS WITH]      9 = BLOWING SNOW
                                                   X = TORNADO
MAX 32 OR BELOW:   0    0.01 INCH OR MORE:   8
MAX 90 OR ABOVE:  17    0.10 INCH OR MORE:   3
MIN 32 OR BELOW:   0    0.50 INCH OR MORE:   1
MIN  0 OR BELOW:   0    1.00 INCH OR MORE:   0

[HDD (BASE 65) ]
TOTAL THIS MO.     0    CLEAR  (SCALE 0-3)  27
DPTR FM NORMAL     0    PTCLDY (SCALE 4-7)   0
TOTAL FM JUL 1     6    CLOUDY (SCALE 8-10)  0
DPTR FM NORMAL     4

[CDD (BASE 65) ]
TOTAL THIS MO.   289
DPTR FM NORMAL    28    [PRESSURE DATA]
TOTAL FM JAN 1   884    HIGHEST SLP M ON M
DPTR FM NORMAL    12    LOWEST  SLP 29.76 ON 20

[REMARKS]
