000
CXUS55 KTBW 261000
CF6SPG
PRELIMINARY LOCAL CLIMATOLOGICAL DATA (WS FORM: F-6)

                                          STATION:   Saint Petersburg
                                          MONTH:     NOVEMBER
                                          YEAR:      2014
                                          LATITUDE:   27 46 N
                                          LONGITUDE:  82 38 W

  TEMPERATURE IN F:       :PCPN:    SNOW:  WIND      :SUNSHINE: SKY     :PK WND
================================================================================
1   2   3   4   5  6A  6B    7    8   9   10  11  12  13   14  15   16   17  18
                                     12Z  AVG MX 2MIN
DY MAX MIN AVG DEP HDD CDD  WTR  SNW DPTH SPD SPD DIR MIN PSBL S-S WX    SPD DR
================================================================================

 1  71  56  64  -9   1   0 0.00  0.0    0 13.8 25 360   M    M   2        38 340
 2  66  50  58 -15   7   0 0.00  0.0    0 11.0 17  50   M    M   0        22  50
 3  73  56  65  -8   0   0 0.00  0.0    0 12.1 21  70   M    M   0        24  70
 4  78  60  69  -4   0   4 0.00  0.0    0  8.7 17  60   M    M   1        20  70
 5  80  67  74   2   0   9 0.00  0.0    0  7.4 13  60   M    M   4        14  70
 6  82  69  76   4   0  11 0.00  0.0    0  5.0 13 280   M    M   3        18 280
 7  76  62  69  -3   0   4    T  0.0    0  7.6 21 360   M    M   1        26 360
 8  72  59  66  -6   0   1 0.39  0.0    0  8.0 16 100   M    M   3 1      19 330
 9  69  58  64  -7   1   0 0.15  0.0    0  7.9 15  20   M    M   4 18     18  30
10  76  60  68  -3   0   3 0.00  0.0    0  8.4 15  20   M    M   0        19  10
11  74  63  69  -2   0   4 0.00  0.0    0  9.1 17 350   M    M   0        23 350
12  77  62  70  -1   0   5 0.00  0.0    0  7.4 13 360   M    M   0        18  90
13  76  63  70   0   0   5 0.00  0.0    0  4.7 12 330   M    M   0        14 310
14  68  59  64  -6   1   0 0.00  0.0    0  9.5 18 350   M    M   4        22 350
15  74  55  65  -5   0   0 0.00  0.0    0  9.0 16  80   M    M   0        19  70
16  80  62  71   1   0   6 0.00  0.0    0  6.3 15  70   M    M   1 1      17  70
17  78  67  73   3   0   8 0.99  0.0    0  9.6 21 310   M    M   6 13     29 230
18  67  50  59 -11   6   0    T  0.0    0 13.6 23  20   M    M   5 1      30  20
19  60  44  52 -17  13   0 0.00  0.0    0 13.3 23  40   M    M   2        26  30
20  64  50  57 -12   8   0 0.00  0.0    0 11.3 16  70   M    M   0        19  50
21  69  57  63  -6   2   0    T  0.0    0 13.0 22  70   M    M   7        29  70
22  71  63  67  -2   0   2 0.03  0.0    0 11.5 18  90   M    M   9 18     22  90
23  82  67  75   7   0  10    T  0.0    0 11.4 26 200   M    M   6 1      34 210
24  80  70  75   7   0  10 0.00  0.0    0  9.7 16 220   M    M   5 12     21 210
25  77  68  73   5   0   8 2.24  0.0    0  8.8 21 220   M    M   8 123    27 210
================================================================================
SM 1840 1497        39  90  3.80     0.0 238.1          M       71
================================================================================
AV 73.6 59.9                               9.5 FASTST   M    M   3    MAX(MPH)
                                 MISC ---->  # 26 200               # 38  340
================================================================================
NOTES:
# LAST OF SEVERAL OCCURRENCES

COLUMN 17 PEAK WIND IN M.P.H.

PRELIMINARY LOCAL CLIMATOLOGICAL DATA (WS FORM: F-6) , PAGE 2

                                          STATION:  Saint Petersburg
                                          MONTH:    NOVEMBER
                                          YEAR:     2014
                                          LATITUDE:   27 46 N
                                          LONGITUDE:  82 38 W

[TEMPERATURE DATA]      [PRECIPITATION DATA]       SYMBOLS USED IN COLUMN 16

AVERAGE MONTHLY: 66.7   TOTAL FOR MONTH:   3.80    1 = FOG OR MIST
DPTR FM NORMAL:  -3.8   DPTR FM NORMAL:    2.25    2 = FOG REDUCING VISIBILITY
HIGHEST:    82 ON 23, 6 GRTST 24HR  2.24 ON 25-25      TO 1/4 MILE OR LESS
LOWEST:     44 ON 19                               3 = THUNDER
                        SNOW, ICE PELLETS, HAIL    4 = ICE PELLETS
                        TOTAL MONTH:   0.0 INCH    5 = HAIL
                        GRTST 24HR     0.0         6 = FREEZING RAIN OR DRIZZLE
                        GRTST DEPTH:   0           7 = DUSTSTORM OR SANDSTORM:
                                                       VSBY 1/2 MILE OR LESS
                                                   8 = SMOKE OR HAZE
[NO. OF DAYS WITH]      [WEATHER - DAYS WITH]      9 = BLOWING SNOW
                                                   X = TORNADO
MAX 32 OR BELOW:   0    0.01 INCH OR MORE:   5
MAX 90 OR ABOVE:   0    0.10 INCH OR MORE:   4
MIN 32 OR BELOW:   0    0.50 INCH OR MORE:   2
MIN  0 OR BELOW:   0    1.00 INCH OR MORE:   1

[HDD (BASE 65) ]
TOTAL THIS MO.    39    CLEAR  (SCALE 0-3)  15
DPTR FM NORMAL    23    PTCLDY (SCALE 4-7)   8
TOTAL FM JUL 1    39    CLOUDY (SCALE 8-10)  2
DPTR FM NORMAL    20

[CDD (BASE 65) ]
TOTAL THIS MO.    90
DPTR FM NORMAL   -68    [PRESSURE DATA]
TOTAL FM JAN 1  3720    HIGHEST SLP M ON M
DPTR FM NORMAL    50    LOWEST  SLP 29.82 ON  9

[REMARKS]
