000
CXUS55 KTBW 281000
CF6SPG
PRELIMINARY LOCAL CLIMATOLOGICAL DATA (WS FORM: F-6)

                                          STATION:   Saint Petersburg
                                          MONTH:     MARCH
                                          YEAR:      2015
                                          LATITUDE:   27 46 N
                                          LONGITUDE:  82 38 W

  TEMPERATURE IN F:       :PCPN:    SNOW:  WIND      :SUNSHINE: SKY     :PK WND
================================================================================
1   2   3   4   5  6A  6B    7    8   9   10  11  12  13   14  15   16   17  18
                                     12Z  AVG MX 2MIN
DY MAX MIN AVG DEP HDD CDD  WTR  SNW DPTH SPD SPD DIR MIN PSBL S-S WX    SPD DR
================================================================================

 1  83  64  74   8   0   9 0.00  0.0    0  6.7 13  50   M    M   5 18     15  50
 2  83  67  75   9   0  10 0.00  0.0    0  5.3 10 330   M    M   5 12     14 320
 3  80  66  73   7   0   8 0.00  0.0    0  4.5 12 260   M    M   1 18     15 270
 4  80  66  73   7   0   8 0.00  0.0    0  7.3 17 220   M    M   0        27 230
 5  79  66  73   7   0   8 0.00  0.0    0  7.3 20 210   M    M   3 12     26 220
 6  74  58  66  -1   0   1 0.00  0.0    0  7.7 21  50   M    M  10 1      24  50
 7  71  54  63  -4   2   0 0.00  0.0    0 15.4 21  70   M    M  10        23  60
 8  76  62  69   2   0   4 0.00  0.0    0 11.9 18  80   M    M   5        21  80
 9  78  66  72   5   0   7    T  0.0    0  8.3 15 120   M    M   6        21  90
10  84  68  76   9   0  11 0.01  0.0    0  7.2 14 130   M    M   5        16 130
11  83  71  77  10   0  12 0.00  0.0    0  6.1 20 270   M    M   3        23 270
12  85  72  79  12   0  14 0.07  0.0    0  8.2 22  90   M    M   6 1      26  90
13  85  71  78  10   0  13 0.06  0.0    0 10.3 23 150   M    M   4 1      27 150
14  82  71  77   9   0  12    T  0.0    0 11.1 18 210   M    M   0        23 220
15  81  71  76   8   0  11 0.00  0.0    0  6.8 15 270   M    M   1        19 270
16  87  69  78  10   0  13 0.00  0.0    0  6.6 15 280   M    M   1        18 270
17  81  68  75   7   0  10 0.00  0.0    0  7.9 15 270   M    M   0        21 280
18  84  71  78  10   0  13 0.00  0.0    0  6.6 13 300   M    M   1        17 280
19  82  72  77   9   0  12 0.00  0.0    0  7.8 15 270   M    M   1 18     20 270
20  80  69  75   7   0  10 0.00  0.0    0  5.8 15 280   M    M   0 18     19 280
21  82  69  76   7   0  11 0.00  0.0    0  5.8 13 160   M    M   1        16 280
22  80  71  76   7   0  11 0.00  0.0    0  6.2 14 270   M    M   2        18 270
23  77  70  74   5   0   9 0.19  0.0    0  6.9 15 280   M    M   5 1      21 320
24  77  68  73   4   0   8 0.00  0.0    0  8.0 16  50   M    M   5        19  70
25  80  67  74   5   0   9 0.00  0.0    0  6.2 13 130   M    M   6 8      15 130
26  83  70  77   8   0  12 0.02  0.0    0  9.5 22 200   M    M   5        29 200
27  78  64  71   1   0   6 0.17  0.0    0  9.8 21 270   M    M   4 13     30 340
================================================================================
SM 2175 1821         2 252  0.52     0.0 211.2          M       95
================================================================================
AV 80.6 67.4                               7.8 FASTST   M    M   4    MAX(MPH)
                                 MISC ---->  # 23 150               # 30  340
================================================================================
NOTES:
# LAST OF SEVERAL OCCURRENCES

COLUMN 17 PEAK WIND IN M.P.H.

PRELIMINARY LOCAL CLIMATOLOGICAL DATA (WS FORM: F-6) , PAGE 2

                                          STATION:  Saint Petersburg
                                          MONTH:    MARCH
                                          YEAR:     2015
                                          LATITUDE:   27 46 N
                                          LONGITUDE:  82 38 W

[TEMPERATURE DATA]      [PRECIPITATION DATA]       SYMBOLS USED IN COLUMN 16

AVERAGE MONTHLY: 74.0   TOTAL FOR MONTH:   0.52    1 = FOG OR MIST
DPTR FM NORMAL:   6.3   DPTR FM NORMAL:   -2.75    2 = FOG REDUCING VISIBILITY
HIGHEST:    87 ON 16    GRTST 24HR  0.19 ON 23-23      TO 1/4 MILE OR LESS
LOWEST:     54 ON  7                               3 = THUNDER
                        SNOW, ICE PELLETS, HAIL    4 = ICE PELLETS
                        TOTAL MONTH:   0.0 INCH    5 = HAIL
                        GRTST 24HR     0.0         6 = FREEZING RAIN OR DRIZZLE
                        GRTST DEPTH:   0           7 = DUSTSTORM OR SANDSTORM:
                                                       VSBY 1/2 MILE OR LESS
                                                   8 = SMOKE OR HAZE
[NO. OF DAYS WITH]      [WEATHER - DAYS WITH]      9 = BLOWING SNOW
                                                   X = TORNADO
MAX 32 OR BELOW:   0    0.01 INCH OR MORE:   6
MAX 90 OR ABOVE:   0    0.10 INCH OR MORE:   2
MIN 32 OR BELOW:   0    0.50 INCH OR MORE:   0
MIN  0 OR BELOW:   0    1.00 INCH OR MORE:   0

[HDD (BASE 65) ]
TOTAL THIS MO.     2    CLEAR  (SCALE 0-3)  12
DPTR FM NORMAL   -38    PTCLDY (SCALE 4-7)  13
TOTAL FM JUL 1   346    CLOUDY (SCALE 8-10)  2
DPTR FM NORMAL   -66

[CDD (BASE 65) ]
TOTAL THIS MO.   252
DPTR FM NORMAL   140    [PRESSURE DATA]
TOTAL FM JAN 1   315    HIGHEST SLP M ON M
DPTR FM NORMAL    98    LOWEST  SLP 29.81 ON 27

[REMARKS]
