000
CXUS53 KILX 010900
CF6SPI
PRELIMINARY LOCAL CLIMATOLOGICAL DATA (WS FORM: F-6)

                                          STATION:   SPRINGFIELD IL
                                          MONTH:     FEBRUARY
                                          YEAR:      2015
                                          LATITUDE:   39 50 N
                                          LONGITUDE:  89 41 W

  TEMPERATURE IN F:       :PCPN:    SNOW:  WIND      :SUNSHINE: SKY     :PK WND
================================================================================
1   2   3   4   5  6A  6B    7    8   9   10  11  12  13   14  15   16   17  18
                                     12Z  AVG MX 2MIN
DY MAX MIN AVG DEP HDD CDD  WTR  SNW DPTH SPD SPD DIR MIN PSBL S-S WX    SPD DR
================================================================================

 1  36  16  26  -2  39   0 0.40  2.2    1 12.2 28 340   M    M  10 1      36 340
 2  20  11  16 -12  49   0    T    T    2  9.4 25 340   M    M   3        34 320
 3  39  17  28   0  37   0 0.00  0.0    2 12.6 21 200   M    M   2        28 200
 4  37  10  24  -4  41   0 0.07  0.8    1 11.1 20 350   M    M   5 18     25 330
 5  21   1  11 -17  54   0 0.00  0.0    2  6.0 15 190   M    M   0        21 190
 6  41  17  29   0  36   0 0.00  0.0    2 10.6 18 190   M    M   0        22 170
 7  57  35  46  17  19   0 0.00  0.0    1 13.4 23 190   M    M   0        28 190
 8  57  33  45  16  20   0    T  0.0    0 10.6 18 360   M    M   3 18     23 350
 9  33  27  30   1  35   0 0.00  0.0    0 11.3 17 350   M    M  10 1      22 350
10  37  26  32   2  33   0    T  0.0    0  6.9 18 170   M    M   8        22 170
11  38  24  31   1  34   0 0.00  0.0    0 11.7 25 300   M    M   6        33 300
12  25  11  18 -12  47   0    T    T    0 12.7 31 320   M    M   4        40 320
13  35  11  23  -7  42   0 0.00  0.0    0  8.7 17 200   M    M   5        23 190
14  34   7  21 -10  44   0 0.02    T    0 16.8 36 330   M    M   4        49 310
15  18   7  13 -18  52   0 0.03  0.3    0  7.8 15  30   M    M   8 1      17  20
16  24   6  15 -16  50   0 0.06  0.5    1  7.5 15  70   M    M   4 18     19  80
17  31  13  22 -10  43   0 0.07  1.1    1  9.9 25 310   M    M   8 1      34 310
18  17   2  10 -22  55   0 0.01  0.2    2 14.4 29 300   M    M   5 9      37 330
19  16  -2   7 -25  58   0 0.00  0.0    2  6.3 17 310   M    M   1 8      23 320
20  24   5  15 -18  50   0 0.56  8.9    1 15.4 28 170   M    M   8 12     35 150
21  38  21  30  -3  35   0 0.19  2.9   12  3.1 15 320   M    M   8 18     19 350
22  32   6  19 -15  46   0 0.00  0.0    6 12.5 22 340   M    M   3        25 330
23  11  -5   3 -31  62   0 0.00  0.0    5  6.6 12 330   M    M   0        14 330
24  32  -8  12 -22  53   0 0.00  0.0    5 13.8 29 250   M    M   2        33 250
25  35  11  23 -12  42   0    T    T    4  5.9 13  80   M    M   3 1      15  90
26  28   3  16 -19  49   0 0.11  1.3    5 13.8 20 360   M    M   9 1      24 360
27  13 -14   0 -36  65   0 0.00  0.0    5  4.9 10 310   M    M   0        13 300
28  26   3  15 -21  50   0 0.36  4.4    4  6.8 13 120   M    M   7 18     16 130
================================================================================
SM  855  294      1240   0  1.88    22.6 282.7          M      126
================================================================================
AV 30.5 10.5                              10.1 FASTST   M    M   5    MAX(MPH)
                                 MISC ---->  # 36 330               # 49  310
================================================================================
NOTES:
# LAST OF SEVERAL OCCURRENCES

COLUMN 17 PEAK WIND IN M.P.H.

PRELIMINARY LOCAL CLIMATOLOGICAL DATA (WS FORM: F-6) , PAGE 2

                                          STATION:  SPRINGFIELD IL
                                          MONTH:    FEBRUARY
                                          YEAR:     2015
                                          LATITUDE:   39 50 N
                                          LONGITUDE:  89 41 W

[TEMPERATURE DATA]      [PRECIPITATION DATA]       SYMBOLS USED IN COLUMN 16

AVERAGE MONTHLY: 20.5   TOTAL FOR MONTH:   1.88    1 = FOG OR MIST
DPTR FM NORMAL: -10.7   DPTR FM NORMAL:    0.07    2 = FOG REDUCING VISIBILITY
HIGHEST:    57 ON  8, 7 GRTST 24HR  0.60 ON 31- 1      TO 1/4 MILE OR LESS
LOWEST:    -14 ON 27                               3 = THUNDER
                        SNOW, ICE PELLETS, HAIL    4 = ICE PELLETS
                        TOTAL MONTH:  22.6 INCHES  5 = HAIL
                        GRTST 24HR   8.9 ON   M    6 = FREEZING RAIN OR DRIZZLE
                        GRTST DEPTH:  12 ON 21     7 = DUSTSTORM OR SANDSTORM:
                                                       VSBY 1/2 MILE OR LESS
                                                   8 = SMOKE OR HAZE
[NO. OF DAYS WITH]      [WEATHER - DAYS WITH]      9 = BLOWING SNOW
                                                   X = TORNADO
MAX 32 OR BELOW:  15    0.01 INCH OR MORE:  11
MAX 90 OR ABOVE:   0    0.10 INCH OR MORE:   5
MIN 32 OR BELOW:  26    0.50 INCH OR MORE:   1
MIN  0 OR BELOW:   4    1.00 INCH OR MORE:   0

[HDD (BASE 65) ]
TOTAL THIS MO.  1240    CLEAR  (SCALE 0-3)  12
DPTR FM NORMAL   295    PTCLDY (SCALE 4-7)  12
TOTAL FM JUL 1  4569    CLOUDY (SCALE 8-10)  4
DPTR FM NORMAL   298

[CDD (BASE 65) ]
TOTAL THIS MO.     0
DPTR FM NORMAL     0    [PRESSURE DATA]
TOTAL FM JAN 1     0    HIGHEST SLP 30.82 ON 23
DPTR FM NORMAL     0    LOWEST  SLP 29.63 ON  1

[REMARKS]
#FINAL-02-15#
