234
CXUS53 KILX 302300
CF6SPI
PRELIMINARY LOCAL CLIMATOLOGICAL DATA (WS FORM: F-6)

                                          STATION:   SPRINGFIELD IL
                                          MONTH:     MAY
                                          YEAR:      2016
                                          LATITUDE:   39 50 N
                                          LONGITUDE:  89 41 W

  TEMPERATURE IN F:       :PCPN:    SNOW:  WIND      :SUNSHINE: SKY     :PK WND
================================================================================
1   2   3   4   5  6A  6B    7    8   9   10  11  12  13   14  15   16   17  18
                                     12Z  AVG MX 2MIN
DY MAX MIN AVG DEP HDD CDD  WTR  SNW DPTH SPD SPD DIR MIN PSBL S-S WX    SPD DR
================================================================================

 1  64  53  59   0   6   0 0.02  0.0    0  7.0 13 320   M    M  10 128    17 290
 2  58  50  54  -5  11   0    T  0.0    0  6.7 13  30   M    M  10        17  10
 3  68  46  57  -3   8   0 0.00  0.0    0  6.8 17 260   M    M   5 1      23 300
 4  63  48  56  -4   9   0 0.05  0.0    0 10.8 24  10   M    M   5 1      32 360
 5  69  42  56  -4   9   0 0.00  0.0    0  8.7 20 360   M    M   1        23  10
 6  85  44  65   4   0   0 0.00  0.0    0  7.8 18 270   M    M   1        23 270
 7  87  57  72  11   0   7 0.11  0.0    0 10.4 36 320   M    M   2 38     44 330
 8  67  53  60  -1   5   0 0.48  0.0    0  8.4 20 120   M    M   7 13     24 120
 9  71  57  64   2   1   0 0.23  0.0    0 11.0 22 190   M    M   8 13     27 180
10  75  60  68   6   0   3    T  0.0    0  6.7 18 180   M    M   5 1      26 140
11  78  56  67   5   0   2 0.49  0.0    0  8.3 28 140   M    M   3 1238   33 140
12  72  53  63   1   2   0 0.00  0.0    0  9.6 23 290   M    M   4 1      29 280
13  75  47  61  -2   4   0 0.46  0.0    0 11.1 36 320   M    M   2 13     45 330
14  57  43  50 -13  15   0 0.00  0.0    0 13.5 28 310   M    M   5        32 320
15  64  42  53 -10  12   0 0.00  0.0    0  8.9 25 340   M    M   1        32 340
16  63  46  55  -9  10   0 0.02  0.0    0  6.5 15 190   M    M   5        18 230
17  57  49  53 -11  12   0 0.06  0.0    0  5.1 14  70   M    M   9 12     17  60
18  70  43  57  -7   8   0 0.00  0.0    0  4.5 14 340   M    M   0 1      17 360
19  74  45  60  -5   5   0 0.00  0.0    0  4.2 13 140   M    M   1        16 140
20  72  54  63  -2   2   0 0.00  0.0    0  7.0 17  80   M    M   7        23  80
21  80  57  69   4   0   4 0.00  0.0    0  8.4 20  40   M    M   4        25 340
22  86  50  68   2   0   3 0.00  0.0    0  4.3 15  70   M    M   0 8      19  60
23  87  54  71   5   0   6 0.00  0.0    0  6.4 17 130   M    M   0        21 200
24  85  60  73   7   0   8 0.00  0.0    0  9.2 20 180   M    M   1        26 190
25  84  63  74   8   0   9 0.00  0.0    0 12.3 25 190   M    M   1        32 180
26  84  66  75   8   0  10 0.48  0.0    0 10.5 25 310   M    M   3 13     34 310
27  80  68  74   7   0   9    T  0.0    0 13.1 23 180   M    M   9        31 180
28  86  70  78  11   0  13 0.00  0.0    0 13.9 23 170   M    M   4 3      29 170
29  87  65  76   8   0  11 0.00  0.0    0  6.9 20 270   M    M   1        26 270
================================================================================
SM 2148 1541       119  85  2.40     0.0 248.0          M      114
================================================================================
AV 74.1 53.1                               8.6 FASTST   M    M   4    MAX(MPH)
                                 MISC ---->  # 36 320               # 45  330
================================================================================
NOTES:
# LAST OF SEVERAL OCCURRENCES

COLUMN 17 PEAK WIND IN M.P.H.

PRELIMINARY LOCAL CLIMATOLOGICAL DATA (WS FORM: F-6) , PAGE 2

                                          STATION:  SPRINGFIELD IL
                                          MONTH:    MAY
                                          YEAR:     2016
                                          LATITUDE:   39 50 N
                                          LONGITUDE:  89 41 W

[TEMPERATURE DATA]      [PRECIPITATION DATA]       SYMBOLS USED IN COLUMN 16

AVERAGE MONTHLY: 63.6   TOTAL FOR MONTH:   2.40    1 = FOG OR MIST
DPTR FM NORMAL:   0.2   DPTR FM NORMAL:   -1.55    2 = FOG REDUCING VISIBILITY
HIGHEST:    87 ON 29,23 GRTST 24HR  0.61 ON 30- 1      TO 1/4 MILE OR LESS
LOWEST:     42 ON 15, 5                            3 = THUNDER
                        SNOW, ICE PELLETS, HAIL    4 = ICE PELLETS
                        TOTAL MONTH:   0.0 INCH    5 = HAIL
                        GRTST 24HR     0.0         6 = FREEZING RAIN OR DRIZZLE
                        GRTST DEPTH:   0           7 = DUSTSTORM OR SANDSTORM:
                                                       VSBY 1/2 MILE OR LESS
                                                   8 = SMOKE OR HAZE
[NO. OF DAYS WITH]      [WEATHER - DAYS WITH]      9 = BLOWING SNOW
                                                   X = TORNADO
MAX 32 OR BELOW:   0    0.01 INCH OR MORE:  10
MAX 90 OR ABOVE:   0    0.10 INCH OR MORE:   6
MIN 32 OR BELOW:   0    0.50 INCH OR MORE:   0
MIN  0 OR BELOW:   0    1.00 INCH OR MORE:   0

[HDD (BASE 65) ]
TOTAL THIS MO.   119    CLEAR  (SCALE 0-3)  12
DPTR FM NORMAL    -3    PTCLDY (SCALE 4-7)  13
TOTAL FM JUL 1  4317    CLOUDY (SCALE 8-10)  4
DPTR FM NORMAL -1150

[CDD (BASE 65) ]
TOTAL THIS MO.    85
DPTR FM NORMAL    11    [PRESSURE DATA]
TOTAL FM JAN 1   105    HIGHEST SLP M ON M
DPTR FM NORMAL    11    LOWEST  SLP 29.67 ON  4

[REMARKS]
