000
CXUS54 KLZK 011330
CF6SRC
PRELIMINARY LOCAL CLIMATOLOGICAL DATA (WS FORM: F-6)

                                          STATION:   Searcy Airport
                                          MONTH:     JULY
                                          YEAR:      2014
                                          LATITUDE:   35 12 N
                                          LONGITUDE:  91 44 W

  TEMPERATURE IN F:       :PCPN:    SNOW:  WIND      :SUNSHINE: SKY     :PK WND
================================================================================
1   2   3   4   5  6A  6B    7    8   9   10  11  12  13   14  15   16   17  18
                                     12Z  AVG MX 2MIN
DY MAX MIN AVG DEP HDD CDD  WTR  SNW DPTH SPD SPD DIR MIN PSBL S-S WX    SPD DR
================================================================================

 1  93  69  81   1   0  16 0.28  0.0    0  7.3 12 340   M    M   1 1      30 340
 2  89  69  79  -2   0  14    T  0.0    0  4.5  8 360   M    M   1         M  M
 3  82  64  73  -8   0   8 0.00  0.0    0  5.9 14  10   M    M   0         M  M
 4  81  62  72  -9   0   7 0.00  0.0    0  4.8 10 100   M    M   1 1       M  M
 5  84  60  72  -9   0   7    T  0.0    0  3.2  9 120   M    M   0 1       M  M
 6  88  63  76  -5   0  11    T  0.0    0  2.9  9 180   M    M   0 1       M  M
 7  89  72  81   0   0  16 0.01  0.0    0  4.9 12 230   M    M   1 1       M  M
 8  92  71  82   1   0  17 0.04  0.0    0  5.0 10 220   M    M   2 1       M  M
 9  87  71  79  -2   0  14 0.02  0.0    0  2.4  6  99   M    M   4 18      M  M
10  89  69  79  -2   0  14 0.01  0.0    0  3.3  8 140   M    M   2 12      M  M
11  88  73  81   0   0  16 0.04  0.0    0  3.6 10 180   M    M   3 1       M  M
12  95  72  84   3   0  19 0.00  0.0    0  3.1  9 200   M    M   0 1       M  M
13  96  72  84   3   0  19 0.00  0.0    0  4.7  9 210   M    M   0 12      M  M
14  94  73  84   2   0  19 0.82  0.0    0  4.3 17 310   M    M   1 12     38 280
15  80  63  72 -10   0   7 0.00  0.0    0  7.2 12 350   M    M   2         M  M
16  81  60  71 -11   0   6 0.00  0.0    0  3.9  7 340   M    M   2         M  M
17  73  63  68 -14   0   3 0.04  0.0    0  3.4  7  99   M    M   3 1       M  M
18  73  62  68 -14   0   3 0.04  0.0    0  7.1 13  80   M    M   8 1       M  M
19  81  62  72 -10   0   7    T  0.0    0  4.1  7  99   M    M   7 1       M  M
20  85  62  74  -8   0   9 0.00  0.0    0  1.8  6 290   M    M   3 128     M  M
21  88  63  76  -6   0  11 0.00  0.0    0  1.6  6 230   M    M   1 1       M  M
22  90  64  77  -5   0  12 0.00  0.0    0  2.0  6  99   M    M   0 1       M  M
23   M   M   M   M   M   M 0.54  0.0    0  3.5  9 180   M    M   2 138     M  M
24  84  67  76  -6   0  11 0.00  0.0    0  6.1 13  30   M    M   3 1       M  M
25  87  61  74  -8   0   9 0.00  0.0    0  2.8  9 180   M    M   0 1       M  M
26  95  69  82   0   0  17 0.00  0.0    0  6.1 12 210   M    M   0 12      M  M
27  97  74  86   4   0  21 0.00  0.0    0  5.1 10 240   M    M   0 1       M  M
28  86  69  78  -4   0  13 0.00  0.0    0  6.0  9 330   M    M   0 1       M  M
29  84  66  75  -7   0  10 0.00  0.0    0  6.2  9 360   M    M   0         M  M
30  80  62  71 -11   0   6 0.01  0.0    0  2.3  8 180   M    M   2         M  M
31  72  66  69 -13   0   4 0.24  0.0    0  1.6  5  99   M    M   7 1       M  M
================================================================================
SM 2583 1993         0 346  2.09     0.0 130.7          M       56
================================================================================
AV 86.1 66.4                               4.2 FASTST   M    M   2    MAX(MPH)
                                 MISC ---->    17   M               # 38  280
================================================================================
NOTES:
# LAST OF SEVERAL OCCURRENCES

COLUMN 17 PEAK WIND IN M.P.H.

PRELIMINARY LOCAL CLIMATOLOGICAL DATA (WS FORM: F-6) , PAGE 2

                                          STATION:  Searcy Airport
                                          MONTH:    JULY
                                          YEAR:     2014
                                          LATITUDE:   35 12 N
                                          LONGITUDE:  91 44 W

[TEMPERATURE DATA]      [PRECIPITATION DATA]       SYMBOLS USED IN COLUMN 16

AVERAGE MONTHLY: 76.3   TOTAL FOR MONTH:   2.09    1 = FOG OR MIST
DPTR FM NORMAL:  -5.0   DPTR FM NORMAL:   -1.64    2 = FOG REDUCING VISIBILITY
HIGHEST:    97 ON 27    GRTST 24HR  0.82 ON 14-14      TO 1/4 MILE OR LESS
LOWEST:     60 ON 16, 5                            3 = THUNDER
                        SNOW, ICE PELLETS, HAIL    4 = ICE PELLETS
                        TOTAL MONTH:   0.0 INCH    5 = HAIL
                        GRTST 24HR     0.0         6 = FREEZING RAIN OR DRIZZLE
                        GRTST DEPTH:   0           7 = DUSTSTORM OR SANDSTORM:
                                                       VSBY 1/2 MILE OR LESS
                                                   8 = SMOKE OR HAZE
[NO. OF DAYS WITH]      [WEATHER - DAYS WITH]      9 = BLOWING SNOW
                                                   X = TORNADO
MAX 32 OR BELOW:   0    0.01 INCH OR MORE:  12
MAX 90 OR ABOVE:   8    0.10 INCH OR MORE:   4
MIN 32 OR BELOW:   0    0.50 INCH OR MORE:   2
MIN  0 OR BELOW:   0    1.00 INCH OR MORE:   0

[HDD (BASE 65) ]
TOTAL THIS MO.     0    CLEAR  (SCALE 0-3)  26
DPTR FM NORMAL     0    PTCLDY (SCALE 4-7)   4
TOTAL FM JUL 1     0    CLOUDY (SCALE 8-10)  1
DPTR FM NORMAL     0

[CDD (BASE 65) ]
TOTAL THIS MO.   346
DPTR FM NORMAL  -161    [PRESSURE DATA]
TOTAL FM JAN 1   970    HIGHEST SLP M ON M
DPTR FM NORMAL  -149    LOWEST  SLP M ON M

[REMARKS]
#FINAL-07-14#
