000
CXUS54 KLZK 291130
CF6SRC
PRELIMINARY LOCAL CLIMATOLOGICAL DATA (WS FORM: F-6)

                                          STATION:   Searcy Airport
                                          MONTH:     JULY
                                          YEAR:      2016
                                          LATITUDE:   35 12 N
                                          LONGITUDE:  91 44 W

  TEMPERATURE IN F:       :PCPN:    SNOW:  WIND      :SUNSHINE: SKY     :PK WND
================================================================================
1   2   3   4   5  6A  6B    7    8   9   10  11  12  13   14  15   16   17  18
                                     12Z  AVG MX 2MIN
DY MAX MIN AVG DEP HDD CDD  WTR  SNW DPTH SPD SPD DIR MIN PSBL S-S WX    SPD DR
================================================================================

 1  91  72  82   2   0  17    M    M    M  2.7  9  60   M    M   4         M  M
 2  93  74  84   3   0  19 0.00    M    M  5.0 12 170   M    M   1 3       M  M
 3  92  73  83   2   0  18 0.00    M    M  5.6 13 220   M    M   2        20 220
 4   M   M   M   M   M   M    M    M    M  5.8 10 220   M    M   5 13      M  M
 5  91  73  82   1   0  17 0.00    M    M  6.6 13 170   M    M   4 1       M  M
 6  91  77  84   3   0  19 0.00    M    M  7.8 14 200   M    M   2        18 200
 7  93  75  84   3   0  19 0.00    M    M  8.4 16 180   M    M   1        21 210
 8  96  75  86   5   0  21 0.00    M    M  6.0 15  50   M    M   1 3       M  M
 9  89  72  81   0   0  16 0.00    M    M  2.4  6 180   M    M   2 3       M  M
10   M   M   M   M   M   M 0.00    M    M  2.5  7 160   M    M   2 3       M  M
11  92  68  80  -1   0  15 0.00    M    M  6.4 13 180   M    M   3 1      18 190
12  95  73  84   3   0  19 0.00    M    M  8.4 23 180   M    M   0        29 180
13  96  74  85   4   0  20    T  0.0    0  7.0 17 190   M    M   0        23 190
14  92  69  81  -1   0  16 0.88  0.0    0  5.0 13 190   M    M   1 13      M  M
15  90  70  80  -2   0  15 0.01  0.0    0  3.5  9  80   M    M   1         M  M
16  95  70  83   1   0  18 0.00  0.0    0  3.6  8 150   M    M   1         M  M
17  96  73  85   3   0  20 0.00  0.0    0  3.6 10 190   M    M   0 1       M  M
18  98  73  86   4   0  21 0.00  0.0    0  3.0  9  90   M    M   1 1       M  M
19  98  75  87   5   0  22 0.00  0.0    0  3.1  9 130   M    M   1 1       M  M
20  98  75  87   5   0  22    T  0.0    0  2.0  8 170   M    M   2 13      M  M
21  98  74  86   4   0  21 0.00  0.0    0  2.6  8 200   M    M   0 13      M  M
22 100  77  89   7   0  24 0.16  0.0    0  2.1  7 200   M    M   0 13      M  M
23 101  75  88   6   0  23    M  0.0    0  1.5  8 190   M    M   0 13      M  M
24  94  73  84   2   0  19    M  0.0    0  3.4 10 140   M    M   0         M  M
25  97  72  85   3   0  20    M  0.0    0  3.5 10 140   M    M   3         M  M
26  98  74  86   4   0  21    M  0.0    0  4.3 13 190   M    M   0        16 190
27  97  75  86   4   0  21 1.07  0.0    0  3.8  9  50   M    M   3 13      M  M
28  93  72  83   1   0  18 0.57  0.0    0  4.6 18  30   M    M   5 13     25  30
================================================================================
SM 2464 1903         0 501  2.69     0.0 124.2          M       45
================================================================================
AV 94.8 73.2                               4.4 FASTST   M    M   2    MAX(MPH)
                                 MISC ---->  # 23 180                 29    M
================================================================================
NOTES:
# LAST OF SEVERAL OCCURRENCES

COLUMN 17 PEAK WIND IN M.P.H.

PRELIMINARY LOCAL CLIMATOLOGICAL DATA (WS FORM: F-6) , PAGE 2

                                          STATION:  Searcy Airport
                                          MONTH:    JULY
                                          YEAR:     2016
                                          LATITUDE:   35 12 N
                                          LONGITUDE:  91 44 W

[TEMPERATURE DATA]      [PRECIPITATION DATA]       SYMBOLS USED IN COLUMN 16

AVERAGE MONTHLY: 84.0   TOTAL FOR MONTH:   2.69    1 = FOG OR MIST
DPTR FM NORMAL:   2.5   DPTR FM NORMAL:   -0.68    2 = FOG REDUCING VISIBILITY
HIGHEST:   101 ON 23    GRTST 24HR  1.07 ON 27-27      TO 1/4 MILE OR LESS
LOWEST:     68 ON 11                               3 = THUNDER
                        SNOW, ICE PELLETS, HAIL    4 = ICE PELLETS
                        TOTAL MONTH:   0.0 INCH    5 = HAIL
                        GRTST 24HR     0.0         6 = FREEZING RAIN OR DRIZZLE
                        GRTST DEPTH:   0           7 = DUSTSTORM OR SANDSTORM:
                                                       VSBY 1/2 MILE OR LESS
                                                   8 = SMOKE OR HAZE
[NO. OF DAYS WITH]      [WEATHER - DAYS WITH]      9 = BLOWING SNOW
                                                   X = TORNADO
MAX 32 OR BELOW:   0    0.01 INCH OR MORE:   5
MAX 90 OR ABOVE:  25    0.10 INCH OR MORE:   4
MIN 32 OR BELOW:   0    0.50 INCH OR MORE:   3
MIN  0 OR BELOW:   0    1.00 INCH OR MORE:   1

[HDD (BASE 65) ]
TOTAL THIS MO.     0    CLEAR  (SCALE 0-3)  24
DPTR FM NORMAL     0    PTCLDY (SCALE 4-7)   4
TOTAL FM JUL 1     0    CLOUDY (SCALE 8-10)  0
DPTR FM NORMAL     0

[CDD (BASE 65) ]
TOTAL THIS MO.   501
DPTR FM NORMAL    40    [PRESSURE DATA]
TOTAL FM JAN 1  1092    HIGHEST SLP M ON M
DPTR FM NORMAL    19    LOWEST  SLP M ON M

[REMARKS]
