000
CXUS54 KEPZ 291200
CF6SRR
PRELIMINARY LOCAL CLIMATOLOGICAL DATA (WS FORM: F-6)

                                          STATION:   RUIDOSO        AWOS
                                          MONTH:     AUGUST
                                          YEAR:      2016
                                          LATITUDE:   33 28 N
                                          LONGITUDE: 105 32 W

  TEMPERATURE IN F:       :PCPN:    SNOW:  WIND      :SUNSHINE: SKY     :PK WND
================================================================================
1   2   3   4   5  6A  6B    7    8   9   10  11  12  13   14  15   16   17  18
                                     12Z  AVG MX 2MIN
DY MAX MIN AVG DEP HDD CDD  WTR  SNW DPTH SPD SPD DIR MIN PSBL S-S WX    SPD DR
================================================================================

 1  81  59  70   M   0   5 0.68  0.0    0  4.0  8 220   M    M   0 3      18 240
 2  77  59  68   M   0   3 0.00  0.0    0  6.0 17 170   M    M   0 3      29 170
 3  75  59  67   M   0   2 0.00  0.0    0  5.8 13 210   M    M   0 38      M  M
 4  82  59  71   M   0   6 0.00  0.0    0  9.8 21 240   M    M   0        28 240
 5  77  57  67   M   0   2 0.00  0.0    0  6.3 13 220   M    M   0 38     18 220
 6  79  57  68   M   0   3 0.53  0.0    0  7.2 18 260   M    M   0 3      27 260
 7  75  55  65   M   0   0 0.00  0.0    0  5.8 16 190   M    M   0 3       M  M
 8  82  59  71   M   0   6 0.29  0.0    0  5.8 13 230   M    M   0 3       M  M
 9  79  55  67   M   0   2 0.02  0.0    0  5.8 14 170   M    M   0        24 220
10  75  59  67   M   0   2 0.00  0.0    0  6.8 12 130   M    M   0         M  M
11  77  59  68   M   0   3 0.00  0.0    0  6.4 13 170   M    M   0 3      18 290
12  79  57  68   M   0   3 0.00  0.0    0  9.1 18  10   M    M   0 3      23  10
13  73  54  64   M   1   0 0.00  0.0    0  8.1 21 110   M    M   0 3      31 110
14  72  54  63   M   2   0 0.00  0.0    0  6.6 13 130   M    M   0        18 130
15  77  50  64   M   1   0 0.00  0.0    0  7.5 12 130   M    M   0        17 330
16  77  54  66   M   0   1 0.00  0.0    0  5.0 14 120   M    M   0        23 120
17  77  52  65   M   0   0 0.00  0.0    0  7.7 13 120   M    M   0        18 140
18  81  54  68   M   0   3 0.02  0.0    0  5.2 14  70   M    M   0         M  M
19  79  57  68   M   0   3 0.00  0.0    0  7.5 14 300   M    M   0        29 300
20  70  54  62   M   3   0 0.01  0.0    0  8.5 15 130   M    M   0 3      18 130
21  66  54  60   M   5   0 0.00  0.0    0  6.1 14 140   M    M   0 1       M  M
22  72  54  63   M   2   0 0.00  0.0    0  4.8 13  90   M    M   0 3       M  M
23  79  55  67   M   0   2 0.00  0.0    0  9.7 21 240   M    M   0 3      29 240
24  75  54  65   M   0   0 0.00  0.0    0  6.4 20 230   M    M   0        27 230
25  72  52  62   M   3   0 0.00  0.0    0  5.6 12 120   M    M   0 3      16 120
26  72  50  61   M   4   0 0.00  0.0    0  4.5 14 160   M    M   0 3      17 130
27  73  54  64   M   1   0 0.00  0.0    0  4.9 21 140   M    M   0 3      17 170
28  68  54  61   M   4   0 0.02  0.0    0  4.5  9  10   M    M   0 3       M  M
================================================================================
SM 2121 1550        26  46  1.57     0.0 181.4          M        0
================================================================================
AV 75.8 55.4                               6.5 FASTST   M    M   0    MAX(MPH)
                                 MISC ---->    21   M                 31    M
================================================================================
NOTES:
# LAST OF SEVERAL OCCURRENCES

COLUMN 17 PEAK WIND IN M.P.H.

PRELIMINARY LOCAL CLIMATOLOGICAL DATA (WS FORM: F-6) , PAGE 2

                                          STATION:  RUIDOSO        AWOS
                                          MONTH:    AUGUST
                                          YEAR:     2016
                                          LATITUDE:   33 28 N
                                          LONGITUDE: 105 32 W

[TEMPERATURE DATA]      [PRECIPITATION DATA]       SYMBOLS USED IN COLUMN 16

AVERAGE MONTHLY: 65.6   TOTAL FOR MONTH:   1.57    1 = FOG OR MIST
DPTR FM NORMAL:     M   DPTR FM NORMAL:       M    2 = FOG REDUCING VISIBILITY
HIGHEST:    82 ON  8, 4 GRTST 24HR  0.68 ON  1- 1      TO 1/4 MILE OR LESS
LOWEST:     50 ON 26,15                            3 = THUNDER
                        SNOW, ICE PELLETS, HAIL    4 = ICE PELLETS
                        TOTAL MONTH:   0.0 INCH    5 = HAIL
                        GRTST 24HR     0.0         6 = FREEZING RAIN OR DRIZZLE
                        GRTST DEPTH:   0           7 = DUSTSTORM OR SANDSTORM:
                                                       VSBY 1/2 MILE OR LESS
                                                   8 = SMOKE OR HAZE
[NO. OF DAYS WITH]      [WEATHER - DAYS WITH]      9 = BLOWING SNOW
                                                   X = TORNADO
MAX 32 OR BELOW:   0    0.01 INCH OR MORE:   7
MAX 90 OR ABOVE:   0    0.10 INCH OR MORE:   3
MIN 32 OR BELOW:   0    0.50 INCH OR MORE:   2
MIN  0 OR BELOW:   0    1.00 INCH OR MORE:   0

[HDD (BASE 65) ]
TOTAL THIS MO.    26    CLEAR  (SCALE 0-3)  28
DPTR FM NORMAL     M    PTCLDY (SCALE 4-7)   0
TOTAL FM JUL 1    26    CLOUDY (SCALE 8-10)  0
DPTR FM NORMAL     M

[CDD (BASE 65) ]
TOTAL THIS MO.    46
DPTR FM NORMAL     M    [PRESSURE DATA]
TOTAL FM JAN 1   490    HIGHEST SLP M ON M
DPTR FM NORMAL     M    LOWEST  SLP M ON M

[REMARKS]
