000
CXUS54 KEWX 230910
CF6SSF
PRELIMINARY LOCAL CLIMATOLOGICAL DATA (WS FORM: F-6)

                                          STATION:   SAN ANTONIO STINSON FIELD
                                          MONTH:     MAY
                                          YEAR:      2016
                                          LATITUDE:   29 19 N
                                          LONGITUDE:  98 29 W

  TEMPERATURE IN F:       :PCPN:    SNOW:  WIND      :SUNSHINE: SKY     :PK WND
================================================================================
1   2   3   4   5  6A  6B    7    8   9   10  11  12  13   14  15   16   17  18
                                     12Z  AVG MX 2MIN
DY MAX MIN AVG DEP HDD CDD  WTR  SNW DPTH SPD SPD DIR MIN PSBL S-S WX    SPD DR
================================================================================

 1  83  70  77   3   0  12    T  0.0    0 12.9 18  60   M    M   7        24  50
 2  73  62  68  -6   0   3    T    M    M 11.9 24  20   M    M  10 3      33  10
 3  80  59  70  -4   0   5 0.00    M    0  6.6 16  20   M    M   3        21  10
 4  90  54  72  -2   0   7 0.00    M    0  3.8 17 270   M    M   0        21 230
 5  89  55  72  -3   0   7 0.00  0.0    0  3.1 12  90   M    M   0        14  80
 6  88  59  74  -1   0   9 0.00  0.0    0  6.0 14 120   M    M   0        18  90
 7  89  57  73  -2   0   8 0.00  0.0    0  9.1 20 140   M    M   2        27 160
 8  79  68  74  -2   0   9 0.05  0.0    0 11.4 37 140   M    M   7        45 150
 9  89  71  80   4   0  15 0.00  0.0    0 10.4 20 160   M    M   5        27 150
10  94  74  84   8   0  19 0.00  0.0    0  9.7 20 130   M    M   6 18     25 120
11  91  67  79   3   0  14 1.28  0.0    0 12.2 25 140   M    M   5 138    33 140
12  86  73  80   4   0  15 0.00  0.0    0  7.4 14  70   M    M   8 1      18  60
13  91  74  83   6   0  18 0.00    M    0  5.9 10 100   M    M   3        16  20
14  82  68  75  -2   0  10 0.17  0.0    0  6.3 22  70   M    M   5 13     31 200
15  73  65  69  -8   0   4 1.28    M    M  6.9 17 130   M    M  10 13     23 140
16  84  69  77  -1   0  12 0.20    M    M  8.3 15 110   M    M   7 1      19 120
17  83  68  76  -2   0  11 2.12  0.0    0  9.4 37 270   M    M   8 13     50 260
18  80  66  73  -5   0   8 0.35  0.0    0 10.4 25 110   M    M   7 13     31 120
19  79  63  71  -7   0   6 1.52    M    0  8.3 22 350   M    M   7 13     33 350
20  83  65  74  -4   0   9    T    M    0  6.0 13 110   M    M   7        16 120
21  90  75  83   4   0  18 0.01    M    0  6.9 14 100   M    M   8 18     20 100
22  90  76  83   4   0  18 0.00    M    0  8.0 20 130   M    M   9 18     25 130
================================================================================
SM 1866 1458         0 237  6.98     0.0 180.9          M      124
================================================================================
AV 84.8 66.3                               8.2 FASTST   M    M   6    MAX(MPH)
                                 MISC ---->  # 37 140               # 50  260
================================================================================
NOTES:
# LAST OF SEVERAL OCCURRENCES

COLUMN 17 PEAK WIND IN M.P.H.

PRELIMINARY LOCAL CLIMATOLOGICAL DATA (WS FORM: F-6) , PAGE 2

                                          STATION:  SAN ANTONIO STINSON FIELD
                                          MONTH:    MAY
                                          YEAR:     2016
                                          LATITUDE:   29 19 N
                                          LONGITUDE:  98 29 W

[TEMPERATURE DATA]      [PRECIPITATION DATA]       SYMBOLS USED IN COLUMN 16

AVERAGE MONTHLY: 75.5   TOTAL FOR MONTH:   6.98    1 = FOG OR MIST
DPTR FM NORMAL:  -0.8   DPTR FM NORMAL:    4.57    2 = FOG REDUCING VISIBILITY
HIGHEST:    94 ON 10    GRTST 24HR  2.47 ON 17-18      TO 1/4 MILE OR LESS
LOWEST:     54 ON  4                               3 = THUNDER
                        SNOW, ICE PELLETS, HAIL    4 = ICE PELLETS
                        TOTAL MONTH:   0.0 INCH    5 = HAIL
                        GRTST 24HR     0.0         6 = FREEZING RAIN OR DRIZZLE
                        GRTST DEPTH:   0           7 = DUSTSTORM OR SANDSTORM:
                                                       VSBY 1/2 MILE OR LESS
                                                   8 = SMOKE OR HAZE
[NO. OF DAYS WITH]      [WEATHER - DAYS WITH]      9 = BLOWING SNOW
                                                   X = TORNADO
MAX 32 OR BELOW:   0    0.01 INCH OR MORE:   9
MAX 90 OR ABOVE:   6    0.10 INCH OR MORE:   7
MIN 32 OR BELOW:   0    0.50 INCH OR MORE:   4
MIN  0 OR BELOW:   0    1.00 INCH OR MORE:   4

[HDD (BASE 65) ]
TOTAL THIS MO.     0    CLEAR  (SCALE 0-3)   5
DPTR FM NORMAL     0    PTCLDY (SCALE 4-7)  13
TOTAL FM JUL 1   942    CLOUDY (SCALE 8-10)  4
DPTR FM NORMAL  -468

[CDD (BASE 65) ]
TOTAL THIS MO.   237
DPTR FM NORMAL   -15    [PRESSURE DATA]
TOTAL FM JAN 1   619    HIGHEST SLP M ON M
DPTR FM NORMAL    81    LOWEST  SLP 29.64 ON  8

[REMARKS]
