000
CXUS52 KJAX 290800
CF6SSI
PRELIMINARY LOCAL CLIMATOLOGICAL DATA (WS FORM: F-6)

                                          STATION:   ST SIMONS ISLAND GA
                                          MONTH:     JULY
                                          YEAR:      2016
                                          LATITUDE:   31  9 N
                                          LONGITUDE:  81 23 W

  TEMPERATURE IN F:       :PCPN:    SNOW:  WIND      :SUNSHINE: SKY     :PK WND
================================================================================
1   2   3   4   5  6A  6B    7    8   9   10  11  12  13   14  15   16   17  18
                                     12Z  AVG MX 2MIN
DY MAX MIN AVG DEP HDD CDD  WTR  SNW DPTH SPD SPD DIR MIN PSBL S-S WX    SPD DR
================================================================================

 1  91  74  83   1   0  18 0.45  0.0    0  6.8 25 260   M    M   1 138    33 260
 2  89  77  83   1   0  18 0.00  0.0    0  9.2 16 170   M    M   2        23 180
 3  92  78  85   3   0  20 0.00  0.0    0  9.5 24 210   M    M   3 3      32 220
 4  95  78  87   5   0  22 0.00  0.0    0 10.4 17 170   M    M   2        25 160
 5  96  77  87   5   0  22    T  0.0    0  8.9 22 230   M    M   1 3      32 220
 6  97  78  88   6   0  23 0.00  0.0    0  7.3 16 360   M    M   0        25 230
 7  96  77  87   4   0  22 0.00  0.0    0  7.1 18 240   M    M   1        29 220
 8  97  80  89   6   0  24 0.00  0.0    0  7.6 15 250   M    M   0        24 240
 9  99  80  90   7   0  25 0.00  0.0    0  8.9 16 180   M    M   1 3      23 180
10  94  78  86   3   0  21 0.00  0.0    0  9.0 17 150   M    M   0        32 190
11  92  77  85   2   0  20 0.00  0.0    0  9.3 24 210   M    M   0 3      33 210
12  95  78  87   4   0  22 0.00  0.0    0  6.9 20 240   M    M   1        25 230
13  93  76  85   2   0  20 0.00  0.0    0  7.0 16 130   M    M   0        23 110
14  93  78  86   3   0  21    T  0.0    0  7.5 20 220   M    M   0 3      28 230
15  91  75  83   0   0  18    T  0.0    0  8.0 29 240   M    M   1 3      37 220
16  92  76  84   1   0  19 0.00  0.0    0  5.9 16 150   M    M   1        22 150
17  92  77  85   2   0  20 0.00  0.0    0  6.7 18 130   M    M   1 3      24 130
18  89  75  82  -1   0  17 0.00  0.0    0  5.2 17 220   M    M   1 38     22 220
19  93  77  85   2   0  20 0.00  0.0    0  5.8 16 130   M    M   1        23 130
20  93  79  86   3   0  21 0.00  0.0    0  5.4 15 130   M    M   0 8      19 150
21  91  77  84   1   0  19 0.00  0.0    0  5.0 14 130   M    M   1        18 110
22  92  78  85   2   0  20 0.00  0.0    0  7.2 14 120   M    M   1        26 150
23  93  75  84   1   0  19 0.00  0.0    0  7.1 16 130   M    M   0        25 150
24  92  79  86   3   0  21 0.00  0.0    0  8.7 16 140   M    M   0        21 190
25  91  79  85   2   0  20 0.00  0.0    0  8.4 16 130   M    M   0        23 130
26  92  77  85   2   0  20 0.00  0.0    0  7.9 16 130   M    M   0        20 150
27  96  78  87   4   0  22 0.00  0.0    0  7.7 15 150   M    M   1        20 140
28  96  79  88   5   0  23 0.00  0.0    0  9.2 16 170   M    M   1        22 180
================================================================================
SM 2612 2167         0 577  0.45     0.0 213.6          M       21
================================================================================
AV 93.3 77.4                               7.6 FASTST   M    M   1    MAX(MPH)
                                 MISC ---->  # 29 240               # 37  220
================================================================================
NOTES:
# LAST OF SEVERAL OCCURRENCES

COLUMN 17 PEAK WIND IN M.P.H.

PRELIMINARY LOCAL CLIMATOLOGICAL DATA (WS FORM: F-6) , PAGE 2

                                          STATION:  ST SIMONS ISLAND GA
                                          MONTH:    JULY
                                          YEAR:     2016
                                          LATITUDE:   31  9 N
                                          LONGITUDE:  81 23 W

[TEMPERATURE DATA]      [PRECIPITATION DATA]       SYMBOLS USED IN COLUMN 16

AVERAGE MONTHLY: 85.3   TOTAL FOR MONTH:   0.45    1 = FOG OR MIST
DPTR FM NORMAL:   2.6   DPTR FM NORMAL:   -3.21    2 = FOG REDUCING VISIBILITY
HIGHEST:    99 ON  9    GRTST 24HR  0.47 ON 30- 1      TO 1/4 MILE OR LESS
LOWEST:     74 ON  1                               3 = THUNDER
                        SNOW, ICE PELLETS, HAIL    4 = ICE PELLETS
                        TOTAL MONTH:   0.0 INCH    5 = HAIL
                        GRTST 24HR     0.0         6 = FREEZING RAIN OR DRIZZLE
                        GRTST DEPTH:   0           7 = DUSTSTORM OR SANDSTORM:
                                                       VSBY 1/2 MILE OR LESS
                                                   8 = SMOKE OR HAZE
[NO. OF DAYS WITH]      [WEATHER - DAYS WITH]      9 = BLOWING SNOW
                                                   X = TORNADO
MAX 32 OR BELOW:   0    0.01 INCH OR MORE:   1
MAX 90 OR ABOVE:  26    0.10 INCH OR MORE:   1
MIN 32 OR BELOW:   0    0.50 INCH OR MORE:   0
MIN  0 OR BELOW:   0    1.00 INCH OR MORE:   0

[HDD (BASE 65) ]
TOTAL THIS MO.     0    CLEAR  (SCALE 0-3)  28
DPTR FM NORMAL     0    PTCLDY (SCALE 4-7)   0
TOTAL FM JUL 1     0    CLOUDY (SCALE 8-10)  0
DPTR FM NORMAL     0

[CDD (BASE 65) ]
TOTAL THIS MO.   577
DPTR FM NORMAL    78    [PRESSURE DATA]
TOTAL FM JAN 1  1615    HIGHEST SLP M ON M
DPTR FM NORMAL   215    LOWEST  SLP 29.96 ON M

[REMARKS]
