218
CXUS53 KMPX 170700
CF6STC
PRELIMINARY LOCAL CLIMATOLOGICAL DATA (WS FORM: F-6)

                                          STATION:   ST CLOUD MN
                                          MONTH:     DECEMBER
                                          YEAR:      2017
                                          LATITUDE:   45 32 N
                                          LONGITUDE:  94  4 W

  TEMPERATURE IN F:       :PCPN:    SNOW:  WIND      :SUNSHINE: SKY     :PK WND
================================================================================
1   2   3   4   5  6A  6B    7    8   9   10  11  12  13   14  15   16   17  18
                                     12Z  AVG MX 2MIN
DY MAX MIN AVG DEP HDD CDD  WTR  SNW DPTH SPD SPD DIR MIN PSBL S-S WX    SPD DR
================================================================================

 1  41  23  32  11  33   0 0.00  0.0    0  5.1 13 190   M    M   4        15 190
 2  49  19  34  13  31   0 0.00  0.0    0  2.3 12 260   M    M   0        13 250
 3  46  23  35  15  30   0 0.00  0.0    0  6.3 10  90   M    M   3        14 100
 4  50  25  38  18  27   0 0.03  0.4    0 11.4 39 310   M    M  10 19     52 310
 5  25  14  20   0  45   0    T    T    T 19.1 35 290   M    M   7        46 310
 6  17  12  15  -4  50   0    T    T    T 17.1 25 310   M    M   6 8      30 300
 7  24   4  14  -5  51   0 0.00  0.0    T  9.6 18 320   M    M   4        27 310
 8  31  16  24   6  41   0    T    T    T 10.6 24 320   M    M   8        31 320
 9  25  18  22   4  43   0    T    T    T  9.7 21 350   M    M   7        27 350
10  31  15  23   6  42   0 0.01    T    T  5.8 16 320   M    M   5 1      21 330
11  35   8  22   5  43   0 0.08  0.6    1 11.5 26 350   M    M   7 16     37 350
12  21   3  12  -5  53   0 0.02  0.1    1  6.8 13 150   M    M   6 1      16 160
13  28   9  19   3  46   0 0.04    T    1 10.4 28 350   M    M   6 1      40 350
14  22   6  14  -2  51   0 0.01  0.1    1  7.0 23 320   M    M   9 1      27 310
15  25  16  21   5  44   0 0.06  0.6    1  3.7 10  80   M    M   8 1      13  90
16  25  20  23   8  42   0 0.00  0.0    2  4.5 18 350   M    M  10        32 340
================================================================================
SM  495  231       672   0  0.25     1.8 140.9          M      100
================================================================================
AV 30.9 14.4                               8.8 FASTST   M    M   6    MAX(MPH)
                                 MISC ---->  # 39 310               # 52  310
================================================================================
NOTES:
# LAST OF SEVERAL OCCURRENCES

COLUMN 17 PEAK WIND IN M.P.H.

PRELIMINARY LOCAL CLIMATOLOGICAL DATA (WS FORM: F-6) , PAGE 2

                                          STATION:  ST CLOUD MN
                                          MONTH:    DECEMBER
                                          YEAR:     2017
                                          LATITUDE:   45 32 N
                                          LONGITUDE:  94  4 W

[TEMPERATURE DATA]      [PRECIPITATION DATA]       SYMBOLS USED IN COLUMN 16

AVERAGE MONTHLY: 22.7   TOTAL FOR MONTH:   0.25    1 = FOG OR MIST
DPTR FM NORMAL:   4.6   DPTR FM NORMAL:   -0.19    2 = FOG REDUCING VISIBILITY
HIGHEST:    50 ON  4    GRTST 24HR  0.08 ON 11-11      TO 1/4 MILE OR LESS
LOWEST:      3 ON 12                               3 = THUNDER
                        SNOW, ICE PELLETS, HAIL    4 = ICE PELLETS
                        TOTAL MONTH:   1.8 INCHES  5 = HAIL
                        GRTST 24HR   0.6 ON 15-15  6 = FREEZING RAIN OR DRIZZLE
                        GRTST DEPTH:   2 ON 16     7 = DUSTSTORM OR SANDSTORM:
                                                       VSBY 1/2 MILE OR LESS
                                                   8 = SMOKE OR HAZE
[NO. OF DAYS WITH]      [WEATHER - DAYS WITH]      9 = BLOWING SNOW
                                                   X = TORNADO
MAX 32 OR BELOW:  11    0.01 INCH OR MORE:   7
MAX 90 OR ABOVE:   0    0.10 INCH OR MORE:   0
MIN 32 OR BELOW:  16    0.50 INCH OR MORE:   0
MIN  0 OR BELOW:   0    1.00 INCH OR MORE:   0

[HDD (BASE 65) ]
TOTAL THIS MO.   672    CLEAR  (SCALE 0-3)   2
DPTR FM NORMAL   -78    PTCLDY (SCALE 4-7)  10
TOTAL FM JUL 1  2438    CLOUDY (SCALE 8-10)  4
DPTR FM NORMAL  -237

[CDD (BASE 65) ]
TOTAL THIS MO.     0
DPTR FM NORMAL     0    [PRESSURE DATA]
TOTAL FM JAN 1   361    HIGHEST SLP M ON M
DPTR FM NORMAL  -104    LOWEST  SLP 29.28 ON  4

[REMARKS]
