000
CXUS53 KMPX 231000
CF6STP
PRELIMINARY LOCAL CLIMATOLOGICAL DATA (WS FORM: F-6)

                                          STATION:   ST PAUL MN
                                          MONTH:     OCTOBER
                                          YEAR:      2017
                                          LATITUDE:   44 55 N
                                          LONGITUDE:  93  4 W

  TEMPERATURE IN F:       :PCPN:    SNOW:  WIND      :SUNSHINE: SKY     :PK WND
================================================================================
1   2   3   4   5  6A  6B    7    8   9   10  11  12  13   14  15   16   17  18
                                     12Z  AVG MX 2MIN
DY MAX MIN AVG DEP HDD CDD  WTR  SNW DPTH SPD SPD DIR MIN PSBL S-S WX    SPD DR
================================================================================

 1  63  56  60   4   5   0 0.12    M    M 12.2 23 150   M    M   9 13     29 160
 2  71  54  63   8   2   0 1.56    M    M  7.1 18 150   M    M   9 13     26 140
 3  72  49  61   6   4   0 0.13    M    M  8.2 24 270   M    M   6 1      32 280
 4  59  46  53  -1  12   0 0.00    M    M  5.6 15 310   M    M   0        21 270
 5  64  43  54   0  11   0    T    M    M  3.1 13 210   M    M   9        15 200
 6  60  47  54   0  11   0 0.64    M    M  4.7 14  60   M    M   8 123    16  80
 7  65  52  59   6   6   0 0.19    M    M  7.1 14 290   M    M   6 1      18 310
 8  72  49  61   8   4   0 0.00    M    M  8.0 18 340   M    M   0        26  20
 9  56  39  48  -4  17   0    T    M    M  9.6 20 310   M    M   3 8      29  10
10  53  33  43  -9  22   0 0.00    M    M  4.9 16  20   M    M   0        19  10
11  55  38  47  -5  18   0 0.00    M    M  7.2 15 150   M    M   6        20 130
12  64  52  58   7   7   0 0.00    M    M 10.6 20 150   M    M   7        25 150
13  60  42  51   0  14   0 0.00    M    M  6.2 17 330   M    M   1        20 330
14  58  42  50   0  15   0 0.42    M    M  8.7 23 340   M    M   5 13     29 340
15  52  40  46  -4  19   0 0.01    M    M  9.2 28 320   M    M   8 1      37 330
16  65  37  51   1  14   0 0.00    M    M  5.5 16 190   M    M   1        21 240
17  73  41  57   8   8   0 0.00    M    M  4.1 10 130   M    M   0        15 110
18  71  47  59  10   6   0 0.00    M    M  9.3 24 290   M    M   0        31 290
19  73  40  57   9   8   0 0.00    M    M  7.2 20 170   M    M   0        25 170
20  77  51  64  16   1   0    T    M    M 11.4 24 160   M    M   0        33 170
21  68  52  60  12   5   0 0.49    M    M 14.6 31 160   M    M   8 13     43 160
22  63  48  56   9   9   0 0.00    M    M  7.7 21 290   M    M   0        25 250
================================================================================
SM 1414  998       218   0  3.56    M    172.2          M       86
================================================================================
AV 64.3 45.4                               7.8 FASTST   M    M   4    MAX(MPH)
                                 MISC ---->  # 31 160               # 43  160
================================================================================
NOTES:
# LAST OF SEVERAL OCCURRENCES

COLUMN 17 PEAK WIND IN M.P.H.

PRELIMINARY LOCAL CLIMATOLOGICAL DATA (WS FORM: F-6) , PAGE 2

                                          STATION:  ST PAUL MN
                                          MONTH:    OCTOBER
                                          YEAR:     2017
                                          LATITUDE:   44 55 N
                                          LONGITUDE:  93  4 W

[TEMPERATURE DATA]      [PRECIPITATION DATA]       SYMBOLS USED IN COLUMN 16

AVERAGE MONTHLY: 54.8   TOTAL FOR MONTH:   3.56    1 = FOG OR MIST
DPTR FM NORMAL:   3.4   DPTR FM NORMAL:    1.43    2 = FOG REDUCING VISIBILITY
HIGHEST:    77 ON 20    GRTST 24HR  1.56 ON  2- 2      TO 1/4 MILE OR LESS
LOWEST:     33 ON 10                               3 = THUNDER
                        SNOW, ICE PELLETS, HAIL    4 = ICE PELLETS
                        TOTAL MONTH:    M          5 = HAIL
                        GRTST 24HR    M  ON   M    6 = FREEZING RAIN OR DRIZZLE
                        GRTST DEPTH:  M  ON   M    7 = DUSTSTORM OR SANDSTORM:
                                                       VSBY 1/2 MILE OR LESS
                                                   8 = SMOKE OR HAZE
[NO. OF DAYS WITH]      [WEATHER - DAYS WITH]      9 = BLOWING SNOW
                                                   X = TORNADO
MAX 32 OR BELOW:   0    0.01 INCH OR MORE:   8
MAX 90 OR ABOVE:   0    0.10 INCH OR MORE:   7
MIN 32 OR BELOW:   0    0.50 INCH OR MORE:   2
MIN  0 OR BELOW:   0    1.00 INCH OR MORE:   1

[HDD (BASE 65) ]
TOTAL THIS MO.   218    CLEAR  (SCALE 0-3)  11
DPTR FM NORMAL   -87    PTCLDY (SCALE 4-7)   7
TOTAL FM JUL 1   310    CLOUDY (SCALE 8-10)  4
DPTR FM NORMAL  -146

[CDD (BASE 65) ]
TOTAL THIS MO.     0
DPTR FM NORMAL    -8    [PRESSURE DATA]
TOTAL FM JAN 1   656    HIGHEST SLP M ON M
DPTR FM NORMAL  -115    LOWEST  SLP 29.42 ON  7

[REMARKS]
