000
CXUS56 KMTR 301000
CF6STS
PRELIMINARY LOCAL CLIMATOLOGICAL DATA (WS FORM: F-6)

                                          STATION:   SANTA ROSA AIRPORT
                                          MONTH:     AUGUST
                                          YEAR:      2016
                                          LATITUDE:   38 30 N
                                          LONGITUDE: 122 49 W

  TEMPERATURE IN F:       :PCPN:    SNOW:  WIND      :SUNSHINE: SKY     :PK WND
================================================================================
1   2   3   4   5  6A  6B    7    8   9   10  11  12  13   14  15   16   17  18
                                     12Z  AVG MX 2MIN
DY MAX MIN AVG DEP HDD CDD  WTR  SNW DPTH SPD SPD DIR MIN PSBL S-S WX    SPD DR
================================================================================

 1  79  53  66  -1   0   1 0.00  0.0    0  5.9 15 170   M    M   5 1      19 170
 2  82  52  67   0   0   2 0.00  0.0    0  4.7 15 160   M    M   4 1      20 170
 3  83  48  66  -1   0   1 0.00  0.0    0  5.9 16 160   M    M   3 128    19 160
 4  71  53  62  -5   3   0    T  0.0    0  5.7 12 170   M    M   7 1      18 150
 5  74  53  64  -3   1   0 0.00  0.0    0  4.9 14 160   M    M   6 1      17 160
 6  78  51  65  -2   0   0 0.00  0.0    0  4.4 16 140   M    M   5 18     18 140
 7  86  48  67   0   0   2 0.00  0.0    0  4.1 14 140   M    M   3 1      18 140
 8  90  46  68   1   0   3 0.00  0.0    0  4.7 16 140   M    M   0 1      20 140
 9  88  49  69   2   0   4 0.00  0.0    0  4.7 16 180   M    M   0 8      20 160
10  80  50  65  -2   0   0 0.00  0.0    0  5.7 16 180   M    M   1 8      20 180
11  79  50  65  -2   0   0 0.00  0.0    0  5.5 15 180   M    M   5 1      18 160
12  86  50  68   1   0   3 0.00  0.0    0  4.8 13 160   M    M   4 1      15 160
13  89  48  69   2   0   4 0.00  0.0    0  5.8 14 140   M    M   3 12     19 150
14  82  50  66  -1   0   1 0.00  0.0    0  6.4 14 190   M    M   4 128    18 150
15  78  51  65  -2   0   0 0.00  0.0    0  5.8 13 170   M    M   6 1      15 170
16  83  51  67   0   0   2 0.00  0.0    0  5.4 14 180   M    M   5 18     19 170
17  82  52  67   0   0   2 0.00  0.0    0  6.2 16 180   M    M   5 1      20 170
18  82  53  68   1   0   3 0.00  0.0    0  5.6 14 180   M    M   4 18     16 170
19  76  54  65  -2   0   0 0.00  0.0    0  5.7 15 180   M    M   3 1      18 160
20  79  55  67   0   0   2 0.00  0.0    0  6.2 16 170   M    M   5 1      20 150
21  79  54  67   0   0   2 0.00  0.0    0  5.7 15 170   M    M   5        18 150
22  76  54  65  -2   0   0 0.00  0.0    0  6.5 15 150   M    M   6        19 160
23  74  55  65  -2   0   0 0.00  0.0    0  5.4 15 170   M    M   6 1      19 170
24  77  54  66  -1   0   1    T  0.0    0  5.1 14 140   M    M   6 1      18 180
25  75  52  64  -4   1   0 0.00  0.0    0  4.9 14 170   M    M   7 1      18 180
26  72  57  65  -3   0   0 0.00  0.0    0  4.9 14 210   M    M   8        18 230
27  73  56  65  -3   0   0 0.00  0.0    0  4.9 14 180   M    M   7        18 190
28  79  53  66  -2   0   1 0.00  0.0    0  4.7 13 160   M    M   5        18 170
29  82  55  69   1   0   4 0.00  0.0    0  4.1 13 140   M    M   6        14 140
================================================================================
SM 2314 1507         5  38    T      0.0 154.3          M      134
================================================================================
AV 79.8 52.0                               5.3 FASTST   M    M   5    MAX(MPH)
                                 MISC ---->  # 16 160               # 20  170
================================================================================
NOTES:
# LAST OF SEVERAL OCCURRENCES

COLUMN 17 PEAK WIND IN M.P.H.

PRELIMINARY LOCAL CLIMATOLOGICAL DATA (WS FORM: F-6) , PAGE 2

                                          STATION:  SANTA ROSA AIRPORT
                                          MONTH:    AUGUST
                                          YEAR:     2016
                                          LATITUDE:   38 30 N
                                          LONGITUDE: 122 49 W

[TEMPERATURE DATA]      [PRECIPITATION DATA]       SYMBOLS USED IN COLUMN 16

AVERAGE MONTHLY: 65.9   TOTAL FOR MONTH:      T    1 = FOG OR MIST
DPTR FM NORMAL:  -1.3   DPTR FM NORMAL:   -0.07    2 = FOG REDUCING VISIBILITY
HIGHEST:    90 ON  8    GRTST 24HR    T  ON 24-24      TO 1/4 MILE OR LESS
LOWEST:     46 ON  8                               3 = THUNDER
                        SNOW, ICE PELLETS, HAIL    4 = ICE PELLETS
                        TOTAL MONTH:   0.0 INCH    5 = HAIL
                        GRTST 24HR     0.0         6 = FREEZING RAIN OR DRIZZLE
                        GRTST DEPTH:   0           7 = DUSTSTORM OR SANDSTORM:
                                                       VSBY 1/2 MILE OR LESS
                                                   8 = SMOKE OR HAZE
[NO. OF DAYS WITH]      [WEATHER - DAYS WITH]      9 = BLOWING SNOW
                                                   X = TORNADO
MAX 32 OR BELOW:   0    0.01 INCH OR MORE:   0
MAX 90 OR ABOVE:   1    0.10 INCH OR MORE:   0
MIN 32 OR BELOW:   0    0.50 INCH OR MORE:   0
MIN  0 OR BELOW:   0    1.00 INCH OR MORE:   0

[HDD (BASE 65) ]
TOTAL THIS MO.     5    CLEAR  (SCALE 0-3)   6
DPTR FM NORMAL   -21    PTCLDY (SCALE 4-7)  22
TOTAL FM JUL 1    12    CLOUDY (SCALE 8-10)  1
DPTR FM NORMAL   -33

[CDD (BASE 65) ]
TOTAL THIS MO.    38
DPTR FM NORMAL   -44    [PRESSURE DATA]
TOTAL FM JAN 1   250    HIGHEST SLP M ON M
DPTR FM NORMAL   -22    LOWEST  SLP 29.79 ON 17

[REMARKS]
