000
CXUS55 KFSD 250905
CF6SUX
PRELIMINARY LOCAL CLIMATOLOGICAL DATA (WS FORM: F-6)

                                          STATION:   SIOUX CITY IA
                                          MONTH:     SEPTEMBER
                                          YEAR:      2017
                                          LATITUDE:   42 24 N
                                          LONGITUDE:  96 23 W

  TEMPERATURE IN F:       :PCPN:    SNOW:  WIND      :SUNSHINE: SKY     :PK WND
================================================================================
1   2   3   4   5  6A  6B    7    8   9   10  11  12  13   14  15   16   17  18
                                     12Z  AVG MX 2MIN
DY MAX MIN AVG DEP HDD CDD  WTR  SNW DPTH SPD SPD DIR MIN PSBL S-S WX    SPD DR
================================================================================

 1  73  63  68  -1   0   3 0.08  0.0    0  9.9 16 170   M    M   9 18     21 150
 2  84  61  73   4   0   8 0.00  0.0    0  4.6 15 320   M    M   1 12     19 320
 3  85  56  71   3   0   6 0.00  0.0    0  7.4 21 190   M    M   1 12     26 190
 4  72  54  63  -5   2   0 0.00  0.0    0  9.3 23 360   M    M   2        29  10
 5  70  46  58 -10   7   0 0.00  0.0    0 10.4 26 340   M    M   2        33 310
 6  69  45  57 -10   8   0 0.00  0.0    0  5.8 16 350   M    M   2        19 350
 7  79  44  62  -5   3   0 0.00  0.0    0  5.3 13 220   M    M   0        16 220
 8  84  51  68   1   0   3 0.00  0.0    0  8.2 15 140   M    M   0        19 130
 9  78  57  68   2   0   3    T  0.0    0  8.0 15 130   M    M   2        20 120
10  80  64  72   6   0   7 0.03  0.0    0 11.5 22 200   M    M   2 3      30 200
11  83  59  71   5   0   6 0.00  0.0    0  7.9 16 200   M    M   0        21 210
12  84  58  71   6   0   6 0.00  0.0    0  6.6 14 190   M    M   0        17 190
13  86  56  71   6   0   6 0.00  0.0    0  6.3 14 250   M    M   0 18     18 250
14  90  60  75  11   0  10 0.00  0.0    0  9.7 17 180   M    M   0        24 200
15  88  64  76  12   0  11 0.00  0.0    0 12.7 23 160   M    M   1        31 160
16  72  51  62  -1   3   0 0.17  0.0    0 11.5 21 320   M    M   8 13     27 320
17  66  44  55  -8  10   0    T  0.0    0  3.6 10  40   M    M   2        13  40
18  74  57  66   4   0   1 0.18  0.0    0  7.0 15 210   M    M   9 13     19 200
19  85  62  74  12   0   9 0.00  0.0    0 14.5 26 160   M    M   4 1      38 160
20  79  50  65   3   0   0 0.05  0.0    0  6.5 35 330   M    M   2 13     42 330
21  89  49  69   8   0   4 0.00  0.0    0 10.9 26 170   M    M   2        34 170
22  94  74  84  23   0  19 0.00  0.0    0 15.7 29 180   M    M   0 1      38 180
23  88  62  75  15   0  10 0.00  0.0    0  8.6 20 160   M    M   1        26 160
24  86  58  72  12   0   7 0.17  0.0    0  9.9 23 230   M    M   2 13     34 230
================================================================================
SM 1938 1345        33 119  0.68     0.0 211.8          M       52
================================================================================
AV 80.8 56.0                               8.8 FASTST   M    M   2    MAX(MPH)
                                 MISC ---->  # 35 330               # 42  330
================================================================================
NOTES:
# LAST OF SEVERAL OCCURRENCES

COLUMN 17 PEAK WIND IN M.P.H.

PRELIMINARY LOCAL CLIMATOLOGICAL DATA (WS FORM: F-6) , PAGE 2

                                          STATION:  SIOUX CITY IA
                                          MONTH:    SEPTEMBER
                                          YEAR:     2017
                                          LATITUDE:   42 24 N
                                          LONGITUDE:  96 23 W

[TEMPERATURE DATA]      [PRECIPITATION DATA]       SYMBOLS USED IN COLUMN 16

AVERAGE MONTHLY: 68.4   TOTAL FOR MONTH:   0.68    1 = FOG OR MIST
DPTR FM NORMAL:   3.7   DPTR FM NORMAL:   -1.73    2 = FOG REDUCING VISIBILITY
HIGHEST:    94 ON 22    GRTST 24HR  0.18 ON 18-18      TO 1/4 MILE OR LESS
LOWEST:     44 ON 17, 7                            3 = THUNDER
                        SNOW, ICE PELLETS, HAIL    4 = ICE PELLETS
                        TOTAL MONTH:   0.0 INCH    5 = HAIL
                        GRTST 24HR     0.0         6 = FREEZING RAIN OR DRIZZLE
                        GRTST DEPTH:   0           7 = DUSTSTORM OR SANDSTORM:
                                                       VSBY 1/2 MILE OR LESS
                                                   8 = SMOKE OR HAZE
[NO. OF DAYS WITH]      [WEATHER - DAYS WITH]      9 = BLOWING SNOW
                                                   X = TORNADO
MAX 32 OR BELOW:   0    0.01 INCH OR MORE:   6
MAX 90 OR ABOVE:   2    0.10 INCH OR MORE:   3
MIN 32 OR BELOW:   0    0.50 INCH OR MORE:   0
MIN  0 OR BELOW:   0    1.00 INCH OR MORE:   0

[HDD (BASE 65) ]
TOTAL THIS MO.    33    CLEAR  (SCALE 0-3)  20
DPTR FM NORMAL   -53    PTCLDY (SCALE 4-7)   2
TOTAL FM JUL 1    41    CLOUDY (SCALE 8-10)  2
DPTR FM NORMAL   -60

[CDD (BASE 65) ]
TOTAL THIS MO.   119
DPTR FM NORMAL    43    [PRESSURE DATA]
TOTAL FM JAN 1   951    HIGHEST SLP M ON M
DPTR FM NORMAL    98    LOWEST  SLP 29.35 ON 19

[REMARKS]
