000
CXUS54 KOUN 240800
CF6SWO
PRELIMINARY LOCAL CLIMATOLOGICAL DATA (WS FORM: F-6)

                                          STATION:   STILLWATER
                                          MONTH:     MAY
                                          YEAR:      2015
                                          LATITUDE:   36 10 N
                                          LONGITUDE:  97  5 W

  TEMPERATURE IN F:       :PCPN:    SNOW:  WIND      :SUNSHINE: SKY     :PK WND
================================================================================
1   2   3   4   5  6A  6B    7    8   9   10  11  12  13   14  15   16   17  18
                                     12Z  AVG MX 2MIN
DY MAX MIN AVG DEP HDD CDD  WTR  SNW DPTH SPD SPD DIR MIN PSBL S-S WX    SPD DR
================================================================================

 1  81  46  64   0   1   0 0.00  0.0    0  5.1 12 130   M    M   0        15 130
 2  82  54  68   3   0   3 0.00  0.0    0 10.3 21 170   M    M   0        25 180
 3  80  61  71   6   0   6    T  0.0    0 14.1 23 180   M    M   0        30 190
 4  84  59  72   7   0   7 0.00  0.0    0 12.0 23 170   M    M   1        30 160
 5  78  61  70   4   0   5 1.06  0.0    0 12.5 26 140   M    M   4 1      37 150
 6  77  60  69   3   0   4 0.70  0.0    0 17.9 33 220   M    M   7 1      46 180
 7  81  61  71   5   0   6 0.26  0.0    0 10.4 24 200   M    M   6 1      30 180
 8  77  58  68   2   0   3 0.88  0.0    0  6.3 32 110   M    M   6 1      41 100
 9  72  61  67   0   0   2 0.20  0.0    0 11.1 31  60   M    M   7 1      40  70
10  79  55  67   0   0   2 0.10  0.0    0 10.8 22 170   M    M   5 1      27 170
11  68  43  56 -11   9   0 0.00  0.0    0  7.3 18 320   M    M   0        24 310
12  73  45  59  -9   6   0 0.00  0.0    0  6.1 13  80   M    M   0        15 100
13  63  50  57 -11   8   0 0.48  0.0    0 10.3 18 150   M    M   8 1      25 120
14  82  62  72   4   0   7 0.07  0.0    0 11.5 21 190   M    M   6 1      27 190
15  81  64  73   5   0   8 0.34  0.0    0 13.7 25 170   M    M   3 1      33 230
16  80  63  72   3   0   7 1.12  0.0    0 14.1 31 240   M    M   8 1      42 240
17  85  62  74   5   0   9 0.00  0.0    0  8.5 20 210   M    M   0        23 190
18  84  57  71   2   0   6 0.00  0.0    0  7.9 17  30   M    M   2 12     22  40
19  63  57  60 -10   5   0 0.98  0.0    0 12.5 29  80   M    M   5 1      37  80
20  63  53  58 -12   7   0 0.01  0.0    0  9.4 18 340   M    M  10 1      24 350
21  67  45  56 -14   9   0 0.00  0.0    0  7.0 15  30   M    M   3        20  40
22  64  51  58 -12   7   0 0.26  0.0    0  8.0 17 150   M    M   8 18     24 120
23  69  57  63  -8   2   0 0.80  0.0    0 11.6 24 270   M    M  10 13     32 140
================================================================================
SM 1733 1285        54  75  7.26     0.0 238.4          M       99
================================================================================
AV 75.3 55.9                              10.4 FASTST   M    M   4    MAX(MPH)
                                 MISC ---->  # 33 220               # 46  180
================================================================================
NOTES:
# LAST OF SEVERAL OCCURRENCES

COLUMN 17 PEAK WIND IN M.P.H.

PRELIMINARY LOCAL CLIMATOLOGICAL DATA (WS FORM: F-6) , PAGE 2

                                          STATION:  STILLWATER
                                          MONTH:    MAY
                                          YEAR:     2015
                                          LATITUDE:   36 10 N
                                          LONGITUDE:  97  5 W

[TEMPERATURE DATA]      [PRECIPITATION DATA]       SYMBOLS USED IN COLUMN 16

AVERAGE MONTHLY: 65.6   TOTAL FOR MONTH:   7.26    1 = FOG OR MIST
DPTR FM NORMAL:  -2.0   DPTR FM NORMAL:    3.76    2 = FOG REDUCING VISIBILITY
HIGHEST:    85 ON 17    GRTST 24HR  1.76 ON  5- 6      TO 1/4 MILE OR LESS
LOWEST:     43 ON 11                               3 = THUNDER
                        SNOW, ICE PELLETS, HAIL    4 = ICE PELLETS
                        TOTAL MONTH:   0.0 INCH    5 = HAIL
                        GRTST 24HR     0.0         6 = FREEZING RAIN OR DRIZZLE
                        GRTST DEPTH:   0           7 = DUSTSTORM OR SANDSTORM:
                                                       VSBY 1/2 MILE OR LESS
                                                   8 = SMOKE OR HAZE
[NO. OF DAYS WITH]      [WEATHER - DAYS WITH]      9 = BLOWING SNOW
                                                   X = TORNADO
MAX 32 OR BELOW:   0    0.01 INCH OR MORE:  14
MAX 90 OR ABOVE:   0    0.10 INCH OR MORE:  12
MIN 32 OR BELOW:   0    0.50 INCH OR MORE:   6
MIN  0 OR BELOW:   0    1.00 INCH OR MORE:   2

[HDD (BASE 65) ]
TOTAL THIS MO.    54    CLEAR  (SCALE 0-3)  10
DPTR FM NORMAL    16    PTCLDY (SCALE 4-7)  10
TOTAL FM JUL 1  3655    CLOUDY (SCALE 8-10)  3
DPTR FM NORMAL  -123

[CDD (BASE 65) ]
TOTAL THIS MO.    75
DPTR FM NORMAL   -21    [PRESSURE DATA]
TOTAL FM JAN 1   143    HIGHEST SLP M ON M
DPTR FM NORMAL    -9    LOWEST  SLP 29.64 ON 16

[REMARKS]
