000
CXUS54 KOUN 250700
CF6SWO
PRELIMINARY LOCAL CLIMATOLOGICAL DATA (WS FORM: F-6)

                                          STATION:   STILLWATER
                                          MONTH:     JULY
                                          YEAR:      2016
                                          LATITUDE:   36 10 N
                                          LONGITUDE:  97  5 W

  TEMPERATURE IN F:       :PCPN:    SNOW:  WIND      :SUNSHINE: SKY     :PK WND
================================================================================
1   2   3   4   5  6A  6B    7    8   9   10  11  12  13   14  15   16   17  18
                                     12Z  AVG MX 2MIN
DY MAX MIN AVG DEP HDD CDD  WTR  SNW DPTH SPD SPD DIR MIN PSBL S-S WX    SPD DR
================================================================================

 1  78  69  74  -6   0   9 0.75  0.0    0  5.8 18  60   M    M   7 1      30 150
 2  94  73  84   4   0  19    T  0.0    0 10.1 22 180   M    M   1        27 180
 3  90  70  80   0   0  15 0.97  0.0    0  5.8 24 270   M    M   7 1      33 260
 4  93  69  81   1   0  16 0.00  0.0    0  5.8 15 170   M    M   4 1      19 170
 5  96  76  86   6   0  21 0.00  0.0    0 11.6 23 150   M    M   0 1      28 160
 6  96  76  86   5   0  21    T  0.0    0 15.0 23 210   M    M   0        28 180
 7  96  79  88   7   0  23    T  0.0    0 15.2 25 180   M    M   0        32 180
 8  88  69  79  -2   0  14 0.85  0.0    0  8.2 36  50   M    M   2 1      51 280
 9  92  71  82   1   0  17 0.00  0.0    0  8.5 18 160   M    M   0 1      24 150
10  93  70  82   1   0  17 0.00  0.0    0 11.8 21 180   M    M   0        27 180
11  90  77  84   3   0  19    T  0.0    0 16.6 31 180   M    M   1        39 170
12  93  78  86   4   0  21 0.00  0.0    0 15.5 26 170   M    M   2        33 160
13  96  68  82   0   0  17 0.93  0.0    0 14.0 51 340   M    M   1 1      72 330
14  84  67  76  -6   0  11 0.90  0.0    0 10.1 31 350   M    M   2 13     41 360
15  88  68  78  -4   0  13 0.04  0.0    0  7.1 17  30   M    M   2 1      23  40
16  92  73  83   1   0  18 0.00  0.0    0  9.0 17 170   M    M   0        22 180
17  95  75  85   3   0  20 0.00  0.0    0 12.8 24 170   M    M   0        30 170
18  98  72  85   3   0  20 0.00  0.0    0 10.1 18 150   M    M   0        24 280
19  96  74  85   3   0  20 0.00  0.0    0  8.9 18 170   M    M   0        23 170
20  98  76  87   5   0  22 0.00  0.0    0 10.4 20 170   M    M   0        25 180
21 100  75  88   6   0  23 0.00  0.0    0 10.5 22 170   M    M   0        28 160
22 101  75  88   5   0  23 0.00  0.0    0  9.3 18 160   M    M   0        24 170
23 101  74  88   5   0  23 0.00  0.0    0  9.9 21 170   M    M   0        25 180
24 102  76  89   6   0  24 0.00  0.0    0  8.7 15 160   M    M   0        21 150
================================================================================
SM 2250 1750         0 446  4.44     0.0 250.7          M       29
================================================================================
AV 93.8 72.9                              10.4 FASTST   M    M   1    MAX(MPH)
                                 MISC ---->  # 51 340               # 72  330
================================================================================
NOTES:
# LAST OF SEVERAL OCCURRENCES

COLUMN 17 PEAK WIND IN M.P.H.

PRELIMINARY LOCAL CLIMATOLOGICAL DATA (WS FORM: F-6) , PAGE 2

                                          STATION:  STILLWATER
                                          MONTH:    JULY
                                          YEAR:     2016
                                          LATITUDE:   36 10 N
                                          LONGITUDE:  97  5 W

[TEMPERATURE DATA]      [PRECIPITATION DATA]       SYMBOLS USED IN COLUMN 16

AVERAGE MONTHLY: 83.3   TOTAL FOR MONTH:   4.44    1 = FOG OR MIST
DPTR FM NORMAL:   1.9   DPTR FM NORMAL:    2.12    2 = FOG REDUCING VISIBILITY
HIGHEST:   102 ON 24    GRTST 24HR  1.24 ON 13-14      TO 1/4 MILE OR LESS
LOWEST:     67 ON 14                               3 = THUNDER
                        SNOW, ICE PELLETS, HAIL    4 = ICE PELLETS
                        TOTAL MONTH:   0.0 INCH    5 = HAIL
                        GRTST 24HR     0.0         6 = FREEZING RAIN OR DRIZZLE
                        GRTST DEPTH:   0           7 = DUSTSTORM OR SANDSTORM:
                                                       VSBY 1/2 MILE OR LESS
                                                   8 = SMOKE OR HAZE
[NO. OF DAYS WITH]      [WEATHER - DAYS WITH]      9 = BLOWING SNOW
                                                   X = TORNADO
MAX 32 OR BELOW:   0    0.01 INCH OR MORE:   6
MAX 90 OR ABOVE:  20    0.10 INCH OR MORE:   5
MIN 32 OR BELOW:   0    0.50 INCH OR MORE:   5
MIN  0 OR BELOW:   0    1.00 INCH OR MORE:   0

[HDD (BASE 65) ]
TOTAL THIS MO.     0    CLEAR  (SCALE 0-3)  21
DPTR FM NORMAL     0    PTCLDY (SCALE 4-7)   3
TOTAL FM JUL 1     0    CLOUDY (SCALE 8-10)  0
DPTR FM NORMAL     0

[CDD (BASE 65) ]
TOTAL THIS MO.   446
DPTR FM NORMAL    51    [PRESSURE DATA]
TOTAL FM JAN 1  1082    HIGHEST SLP M ON M
DPTR FM NORMAL   130    LOWEST  SLP 29.69 ON M

[REMARKS]
