000
CXUS54 KOUN 280700
CF6SWO
PRELIMINARY LOCAL CLIMATOLOGICAL DATA (WS FORM: F-6)

                                          STATION:   STILLWATER
                                          MONTH:     SEPTEMBER
                                          YEAR:      2016
                                          LATITUDE:   36 10 N
                                          LONGITUDE:  97  5 W

  TEMPERATURE IN F:       :PCPN:    SNOW:  WIND      :SUNSHINE: SKY     :PK WND
================================================================================
1   2   3   4   5  6A  6B    7    8   9   10  11  12  13   14  15   16   17  18
                                     12Z  AVG MX 2MIN
DY MAX MIN AVG DEP HDD CDD  WTR  SNW DPTH SPD SPD DIR MIN PSBL S-S WX    SPD DR
================================================================================

 1  84  68  76  -2   0  11 0.01  0.0    0  8.8 20  20   M    M   5        23  20
 2  85  63  74  -4   0   9 0.00  0.0    0  7.0 12  70   M    M   2        15  80
 3  86  61  74  -4   0   9 0.00  0.0    0  8.8 16 150   M    M   1        19 160
 4  90  67  79   2   0  14 0.00  0.0    0 13.8 22 170   M    M   1        29 150
 5  95  73  84   7   0  19 0.00  0.0    0 14.4 25 170   M    M   0        31 160
 6  94  74  84   8   0  19 0.00  0.0    0 13.9 23 170   M    M   1        30 170
 7  93  77  85   9   0  20    T  0.0    0 13.7 21 200   M    M   0        26 200
 8  96  79  88  12   0  23    T  0.0    0 10.6 21 190   M    M   1        27 180
 9  94  67  81   6   0  16 0.77  0.0    0 11.6 36 300   M    M   3 138    51 300
10  79  55  67  -8   0   2 0.18  0.0    0  8.1 17 360   M    M   2 1      25 350
11  84  51  68  -6   0   3 0.00  0.0    0  7.2 17 180   M    M   0        26 190
12  91  63  77   3   0  12 0.00  0.0    0 12.6 23 180   M    M   0        29 180
13  91  69  80   6   0  15 0.00  0.0    0  7.2 15 180   M    M   1        20 180
14  82  63  73   0   0   8    T  0.0    0  4.7 13 360   M    M   4 13     18 320
15  88  65  77   4   0  12    T  0.0    0  5.5 13 160   M    M   2 1      22 120
16  82  65  74   2   0   9 0.02  0.0    0  6.9 15  80   M    M   1 13     17  90
17  87  61  74   2   0   9 0.35  0.0    0  4.2 28 190   M    M   2 13     37 200
18  90  61  76   4   0  11 0.02  0.0    0  5.8 23 180   M    M   1 123    29 190
19  98  70  84  13   0  19 0.00  0.0    0  5.6 13 180   M    M   0        16 200
20  98  73  86  15   0  21 0.00  0.0    0  7.2 15 190   M    M   0 1      24 190
21  93  72  83  13   0  18 0.00  0.0    0  8.1 14 150   M    M   0 1      20 140
22  94  66  80  10   0  15 0.00  0.0    0  9.0 17 170   M    M   0        23 210
23  93  66  80  11   0  15 0.00  0.0    0 10.3 21 170   M    M   1        26 150
24  91  68  80  11   0  15 0.42  0.0    0 12.3 24 310   M    M   3 13     32 300
25  73  62  68  -1   0   3 0.22  0.0    0  7.0 20  20   M    M   7 1      29 350
26  78  50  64  -4   1   0 0.00  0.0    0  7.1 17  20   M    M   0        22  40
27  84  46  65  -3   0   0 0.00  0.0    0  4.7 14 220   M    M   0 1      18 240
================================================================================
SM 2393 1755         1 327  1.99     0.0 236.1          M       38
================================================================================
AV 88.6 65.0                               8.7 FASTST   M    M   1    MAX(MPH)
                                 MISC ---->  # 36 300               # 51  300
================================================================================
NOTES:
# LAST OF SEVERAL OCCURRENCES

COLUMN 17 PEAK WIND IN M.P.H.

PRELIMINARY LOCAL CLIMATOLOGICAL DATA (WS FORM: F-6) , PAGE 2

                                          STATION:  STILLWATER
                                          MONTH:    SEPTEMBER
                                          YEAR:     2016
                                          LATITUDE:   36 10 N
                                          LONGITUDE:  97  5 W

[TEMPERATURE DATA]      [PRECIPITATION DATA]       SYMBOLS USED IN COLUMN 16

AVERAGE MONTHLY: 76.8   TOTAL FOR MONTH:   1.99    1 = FOG OR MIST
DPTR FM NORMAL:   3.7   DPTR FM NORMAL:   -1.45    2 = FOG REDUCING VISIBILITY
HIGHEST:    98 ON 20,19 GRTST 24HR  0.98 ON 31- 1      TO 1/4 MILE OR LESS
LOWEST:     46 ON 27                               3 = THUNDER
                        SNOW, ICE PELLETS, HAIL    4 = ICE PELLETS
                        TOTAL MONTH:   0.0 INCH    5 = HAIL
                        GRTST 24HR     0.0         6 = FREEZING RAIN OR DRIZZLE
                        GRTST DEPTH:   0           7 = DUSTSTORM OR SANDSTORM:
                                                       VSBY 1/2 MILE OR LESS
                                                   8 = SMOKE OR HAZE
[NO. OF DAYS WITH]      [WEATHER - DAYS WITH]      9 = BLOWING SNOW
                                                   X = TORNADO
MAX 32 OR BELOW:   0    0.01 INCH OR MORE:   8
MAX 90 OR ABOVE:  15    0.10 INCH OR MORE:   5
MIN 32 OR BELOW:   0    0.50 INCH OR MORE:   1
MIN  0 OR BELOW:   0    1.00 INCH OR MORE:   0

[HDD (BASE 65) ]
TOTAL THIS MO.     1    CLEAR  (SCALE 0-3)  23
DPTR FM NORMAL   -15    PTCLDY (SCALE 4-7)   4
TOTAL FM JUL 1     1    CLOUDY (SCALE 8-10)  0
DPTR FM NORMAL   -15

[CDD (BASE 65) ]
TOTAL THIS MO.   327
DPTR FM NORMAL    90    [PRESSURE DATA]
TOTAL FM JAN 1  2064    HIGHEST SLP M ON M
DPTR FM NORMAL   230    LOWEST  SLP 29.77 ON  8

[REMARKS]
