000
CXUS51 KBGM 280800
CF6SYR
PRELIMINARY LOCAL CLIMATOLOGICAL DATA (WS FORM: F-6)

                                          STATION:   SYRACUSE NY
                                          MONTH:     APRIL
                                          YEAR:      2016
                                          LATITUDE:   43  7 N
                                          LONGITUDE:  76  7 W

  TEMPERATURE IN F:       :PCPN:    SNOW:  WIND      :SUNSHINE: SKY     :PK WND
================================================================================
1   2   3   4   5  6A  6B    7    8   9   10  11  12  13   14  15   16   17  18
                                     12Z  AVG MX 2MIN
DY MAX MIN AVG DEP HDD CDD  WTR  SNW DPTH SPD SPD DIR MIN PSBL S-S WX    SPD DR
================================================================================

 1  66  42  54  13  11   0 0.18  0.0    0 13.5 28 320   M    M   9 1      36 320
 2  50  32  41   0  24   0 0.10  0.2    0  8.5 30 250   M    M   9 1      39 250
 3  32  21  27 -15  38   0 0.38  6.4    3 15.8 36 300   M    M  10 1259   44 300
 4  29  19  24 -18  41   0 0.17  1.4    5 10.4 17  60   M    M   9 16     25  60
 5  29   9  19 -23  46   0 0.00  0.0    5  5.3 16 320   M    M   2        22 290
 6  45  16  31 -12  34   0    T    T    4  9.9 23 170   M    M   9 8      33 170
 7  51  35  43   0  22   0 0.09  0.0    T 11.0 23 190   M    M  10 1      34 200
 8  37  28  33 -11  32   0 0.01  0.1    0 14.3 25 270   M    M   9 1      32 270
 9  38  23  31 -13  34   0    T    T    0  9.9 22 300   M    M   6        27 300
10  40  22  31 -14  34   0 0.01    T    0  5.8 18 190   M    M   8 14     24 220
11  51  35  43  -2  22   0 0.42    T    0 10.3 22 190   M    M   9 14     30 180
12  50  31  41  -5  24   0 0.13    T    0 12.7 23 270   M    M   7 1      29 270
13  48  27  38  -8  27   0 0.00  0.0    0  6.2 14 330   M    M   5        18 330
14  56  27  42  -4  23   0 0.00  0.0    0  2.9 14 360   M    M   2        18 350
15  64  28  46  -1  19   0 0.00  0.0    0  5.5 14  50   M    M   3        19  60
16  69  37  53   6  12   0 0.00  0.0    0  4.8 15 330   M    M   3        17 330
17  73  38  56   8   9   0 0.00  0.0    0  3.8 14 290   M    M   3        18 310
18  74  39  57   9   8   0 0.00  0.0    0  5.7 17 280   M    M   5        23 310
19  61  39  50   2  15   0    T  0.0    0 11.4 23 300   M    M   7        31 320
20  64  37  51   2  14   0 0.00  0.0    0  4.0 15 330   M    M   2        15 330
21  78  41  60  11   5   0    T  0.0    0  5.6 25 270   M    M   7        31 280
22  69  50  60  10   5   0    T  0.0    0  8.6 16 220   M    M   9        20 240
23  54  34  44  -6  21   0 0.00  0.0    0 11.1 20 330   M    M   6        32 320
24  55  30  43  -7  22   0 0.00  0.0    0  4.2 15 310   M    M   6        20 330
25  50  42  46  -5  19   0 0.11  0.0    0  3.5  8  30   M    M  10 1      12  30
26  45  32  39 -12  26   0 0.41  0.0    0  6.7 15 310   M    M   9 1      19 330
27  54  28  41 -11  24   0 0.00  0.0    0  4.6 18 330   M    M   4        24 330
================================================================================
SM 1432  842       611   0  2.01     8.1 216.0          M      178
================================================================================
AV 53.0 31.2                               8.0 FASTST   M    M   7    MAX(MPH)
                                 MISC ---->  # 36 300               # 44  300
================================================================================
NOTES:
# LAST OF SEVERAL OCCURRENCES

COLUMN 17 PEAK WIND IN M.P.H.

PRELIMINARY LOCAL CLIMATOLOGICAL DATA (WS FORM: F-6) , PAGE 2

                                          STATION:  SYRACUSE NY
                                          MONTH:    APRIL
                                          YEAR:     2016
                                          LATITUDE:   43  7 N
                                          LONGITUDE:  76  7 W

[TEMPERATURE DATA]      [PRECIPITATION DATA]       SYMBOLS USED IN COLUMN 16

AVERAGE MONTHLY: 42.1   TOTAL FOR MONTH:   2.01    1 = FOG OR MIST
DPTR FM NORMAL:  -4.2   DPTR FM NORMAL:   -0.87    2 = FOG REDUCING VISIBILITY
HIGHEST:    78 ON 21    GRTST 24HR  0.52 ON 25-26      TO 1/4 MILE OR LESS
LOWEST:      9 ON  5                               3 = THUNDER
                        SNOW, ICE PELLETS, HAIL    4 = ICE PELLETS
                        TOTAL MONTH:   8.1 INCHES  5 = HAIL
                        GRTST 24HR   6.4 ON   M    6 = FREEZING RAIN OR DRIZZLE
                        GRTST DEPTH:   5 ON  5, 4  7 = DUSTSTORM OR SANDSTORM:
                                                       VSBY 1/2 MILE OR LESS
                                                   8 = SMOKE OR HAZE
[NO. OF DAYS WITH]      [WEATHER - DAYS WITH]      9 = BLOWING SNOW
                                                   X = TORNADO
MAX 32 OR BELOW:   3    0.01 INCH OR MORE:  11
MAX 90 OR ABOVE:   0    0.10 INCH OR MORE:   8
MIN 32 OR BELOW:  15    0.50 INCH OR MORE:   0
MIN  0 OR BELOW:   0    1.00 INCH OR MORE:   0

[HDD (BASE 65) ]
TOTAL THIS MO.   611    CLEAR  (SCALE 0-3)   5
DPTR FM NORMAL   103    PTCLDY (SCALE 4-7)  11
TOTAL FM JUL 1  5485    CLOUDY (SCALE 8-10) 11
DPTR FM NORMAL  -811

[CDD (BASE 65) ]
TOTAL THIS MO.     0
DPTR FM NORMAL     0    [PRESSURE DATA]
TOTAL FM JAN 1     0    HIGHEST SLP 30.45 ON 16
DPTR FM NORMAL     0    LOWEST  SLP 29.29 ON  3

[REMARKS]
