000
CXUS55 KTBW 261000
CF6TBW
PRELIMINARY LOCAL CLIMATOLOGICAL DATA (WS FORM: F-6)

                                          STATION:   Ruskin  WFO
                                          MONTH:     DECEMBER
                                          YEAR:      2014
                                          LATITUDE:   27 42 N
                                          LONGITUDE:  82 24 W

  TEMPERATURE IN F:       :PCPN:    SNOW:  WIND      :SUNSHINE: SKY     :PK WND
================================================================================
1   2   3   4   5  6A  6B    7    8   9   10  11  12  13   14  15   16   17  18
                                     12Z  AVG MX 2MIN
DY MAX MIN AVG DEP HDD CDD  WTR  SNW DPTH SPD SPD DIR MIN PSBL S-S WX    SPD DR
================================================================================

 1  80  57  69   M   0   4 0.00  0.0    0   M   M   M   M    M   M         M  M
 2  78  63  71   M   0   6 0.00  0.0    0   M   M   M   M    M   M         M  M
 3  80  62  71   M   0   6 0.00  0.0    0   M   M   M   M    M   M         M  M
 4  82  60  71   M   0   6 0.00  0.0    0   M   M   M   M    M   M         M  M
 5  80  64  72   M   0   7 0.00  0.0    0   M   M   M   M    M   M         M  M
 6  82  64  73   M   0   8 0.00  0.0    0   M   M   M   M    M   M         M  M
 7  71  58  65   M   0   0 0.00  0.0    0   M   M   M   M    M   M         M  M
 8  64  56  60   M   5   0 0.25  0.0    0   M   M   M   M    M   M         M  M
 9  63  51  57   M   8   0 0.12  0.0    0   M   M   M   M    M   M         M  M
10  66  44  55   M  10   0 0.00  0.0    0   M   M   M   M    M   M         M  M
11  65  45  55   M  10   0 0.00  0.0    0   M   M   M   M    M   M         M  M
12  59  44  52   M  13   0 0.00  0.0    0   M   M   M   M    M   M         M  M
13  69  41  55   M  10   0 0.00  0.0    0   M   M   M   M    M   M         M  M
14  70  43  57   M   8   0 0.00  0.0    0   M   M   M   M    M   M         M  M
15  72  42  57   M   8   0 0.00  0.0    0   M   M   M   M    M   M 1       M  M
16  73  46  60   M   5   0 0.00  0.0    0   M   M   M   M    M   M 12      M  M
17  75  53  64   M   1   0 0.00    M    M   M   M   M   M    M   M         M  M
18  70  46  58   M   7   0 0.00    M    M   M   M   M   M    M   M         M  M
19  76  47  62   M   3   0 0.00    M    M   M   M   M   M    M   M         M  M
20  79  53  66   M   0   1 0.00  0.0    0   M   M   M   M    M   M         M  M
21  79  61  70   M   0   5    T  0.0    0   M   M   M   M    M   M         M  M
22  80  66  73   M   0   8    T  0.0    0   M   M   M   M    M   M         M  M
23  82  68  75   M   0  10 0.00  0.0    0   M   M   M   M    M   M         M  M
24  81  65  73   M   0   8 0.17  0.0    M   M   M   M   M    M   M         M  M
25  67  54  61   M   4   0 0.00  0.0    M   M   M   M   M    M   M         M  M
================================================================================
SM 1843 1353        92  69  0.54     0.0     M          M        M
================================================================================
AV 73.7 54.1                                 M FASTST   M    M   4    MAX(MPH)
                                 MISC ---->     M   M                  M    M
================================================================================
NOTES:
# LAST OF SEVERAL OCCURRENCES

COLUMN 17 PEAK WIND IN M.P.H.

PRELIMINARY LOCAL CLIMATOLOGICAL DATA (WS FORM: F-6) , PAGE 2

                                          STATION:  Ruskin  WFO
                                          MONTH:    DECEMBER
                                          YEAR:     2014
                                          LATITUDE:   27 42 N
                                          LONGITUDE:  82 24 W

[TEMPERATURE DATA]      [PRECIPITATION DATA]       SYMBOLS USED IN COLUMN 16

AVERAGE MONTHLY: 63.9   TOTAL FOR MONTH:   0.54    1 = FOG OR MIST
DPTR FM NORMAL:     M   DPTR FM NORMAL:       M    2 = FOG REDUCING VISIBILITY
HIGHEST:    82 ON 23, 6 GRTST 24HR  0.25 ON  8- 8      TO 1/4 MILE OR LESS
LOWEST:     41 ON 13                               3 = THUNDER
                        SNOW, ICE PELLETS, HAIL    4 = ICE PELLETS
                        TOTAL MONTH:   0.0 INCH    5 = HAIL
                        GRTST 24HR     0.0         6 = FREEZING RAIN OR DRIZZLE
                        GRTST DEPTH:   0           7 = DUSTSTORM OR SANDSTORM:
                                                       VSBY 1/2 MILE OR LESS
                                                   8 = SMOKE OR HAZE
[NO. OF DAYS WITH]      [WEATHER - DAYS WITH]      9 = BLOWING SNOW
                                                   X = TORNADO
MAX 32 OR BELOW:   0    0.01 INCH OR MORE:   3
MAX 90 OR ABOVE:   0    0.10 INCH OR MORE:   3
MIN 32 OR BELOW:   0    0.50 INCH OR MORE:   0
MIN  0 OR BELOW:   0    1.00 INCH OR MORE:   0

[HDD (BASE 65) ]
TOTAL THIS MO.    92    CLEAR  (SCALE 0-3)   0
DPTR FM NORMAL     M    PTCLDY (SCALE 4-7)   0
TOTAL FM JUL 1   179    CLOUDY (SCALE 8-10)  0
DPTR FM NORMAL     M

[CDD (BASE 65) ]
TOTAL THIS MO.    69
DPTR FM NORMAL     M    [PRESSURE DATA]
TOTAL FM JAN 1  3412    HIGHEST SLP M ON M
DPTR FM NORMAL     M    LOWEST  SLP M ON M

[REMARKS]
