000
CXUS54 KEPZ 301200
CF6TCS
PRELIMINARY LOCAL CLIMATOLOGICAL DATA (WS FORM: F-6)

                                          STATION:   TRUTH OR CONSEQUENCES
                                          MONTH:     SEPTEMBER
                                          YEAR:      2014
                                          LATITUDE:   33 13 N
                                          LONGITUDE: 107 16 W

  TEMPERATURE IN F:       :PCPN:    SNOW:  WIND      :SUNSHINE: SKY     :PK WND
================================================================================
1   2   3   4   5  6A  6B    7    8   9   10  11  12  13   14  15   16   17  18
                                     12Z  AVG MX 2MIN
DY MAX MIN AVG DEP HDD CDD  WTR  SNW DPTH SPD SPD DIR MIN PSBL S-S WX    SPD DR
================================================================================

 1  95  69  82   7   0  17 0.00  0.0    0  6.7 15 290   M    M   0        20 130
 2  97  64  81   6   0  16 0.00  0.0    0  6.3 13 290   M    M   0 8      16 180
 3  96  68  82   8   0  17 0.00  0.0    0  6.6 15 180   M    M   0 8      19 180
 4  92  67  80   6   0  15 0.03  0.0    0  6.5 25 270   M    M   2        32 260
 5  85  65  75   1   0  10 0.00  0.0    0  4.3 15  20   M    M   3        20  20
 6  85  65  75   1   0  10 0.00  0.0    0 16.0 25  30   M    M   2        32  30
 7  79  63  71  -3   0   6 0.00  0.0    0  9.3 17  20   M    M   6        23  30
 8  84  64  74   1   0   9    T  0.0    0  6.9 17 170   M    M   7 8      23 170
 9  91  67  79   6   0  14 0.00  0.0    0  8.0 20 250   M    M   2        27 240
10  86  67  77   4   0  12 0.00  0.0    0  7.7 21 230   M    M   3        25 240
11  89  63  76   3   0  11    T  0.0    0  8.9 24 180   M    M   4 8      32 170
12  82  57  70  -2   0   5    T  0.0    0  8.0 20  20   M    M   3 8      24  20
13  77  55  66  -6   0   1 0.00  0.0    0  8.8 18  20   M    M   6        22  20
14  78  60  69  -3   0   4 0.00  0.0    0  5.4 13 150   M    M   6        18 200
15  84  61  73   1   0   8    T  0.0    0  5.5 18 190   M    M   2        22 190
16  70  63  67  -4   0   2 0.31  0.0    0  5.7 10 360   M    M   9 1      14  20
17  76  61  69  -2   0   4 0.84  0.0    0  3.8 12  20   M    M   6 1      14  20
18  70  63  67  -4   0   2 0.10  0.0    0  3.2 10 160   M    M   6 12     14 140
19  83  59  71   1   0   6 0.00  0.0    0  5.1 14  20   M    M   3 12     18  20
20  87  63  75   5   0  10 0.00  0.0    0  5.0 12  20   M    M   2        14  30
21  82  65  74   4   0   9 0.26  0.0    0  8.9 20  20   M    M   5 1      26  30
22  77  61  69   0   0   4 1.97  0.0    0  6.0 21  10   M    M   6 1      25  10
23  81  60  71   2   0   6 0.40  0.0    0  4.8 13 280   M    M   2 1      16  50
24  86  62  74   5   0   9 0.07  0.0    0  4.6 25 140   M    M   1        36 130
25  83  60  72   4   0   7    T  0.0    0  5.1 14 160   M    M   0        17 160
26  78  60  69   1   0   4    T  0.0    0  6.2 15 190   M    M   2        19 180
27  78  59  69   1   0   4 0.00  0.0    0  8.3 16 190   M    M   0        20 180
28  82  61  72   5   0   7    T  0.0    0  9.0 24 190   M    M   2        31 170
29  82  57  70   3   0   5    T  0.0    0  9.6 28 210   M    M   1        39 170
================================================================================
SM 2415 1809         0 234  3.98     0.0 200.2          M       91
================================================================================
AV 83.3 62.4                               6.9 FASTST   M    M   3    MAX(MPH)
                                 MISC ---->  # 28 210               # 39  170
================================================================================
NOTES:
# LAST OF SEVERAL OCCURRENCES

COLUMN 17 PEAK WIND IN M.P.H.

PRELIMINARY LOCAL CLIMATOLOGICAL DATA (WS FORM: F-6) , PAGE 2

                                          STATION:  TRUTH OR CONSEQUENCES
                                          MONTH:    SEPTEMBER
                                          YEAR:     2014
                                          LATITUDE:   33 13 N
                                          LONGITUDE: 107 16 W

[TEMPERATURE DATA]      [PRECIPITATION DATA]       SYMBOLS USED IN COLUMN 16

AVERAGE MONTHLY: 72.8   TOTAL FOR MONTH:   3.98    1 = FOG OR MIST
DPTR FM NORMAL:   1.5   DPTR FM NORMAL:    2.27    2 = FOG REDUCING VISIBILITY
HIGHEST:    97 ON  2    GRTST 24HR  2.37 ON 22-23      TO 1/4 MILE OR LESS
LOWEST:     55 ON 13                               3 = THUNDER
                        SNOW, ICE PELLETS, HAIL    4 = ICE PELLETS
                        TOTAL MONTH:   0.0 INCH    5 = HAIL
                        GRTST 24HR     0.0         6 = FREEZING RAIN OR DRIZZLE
                        GRTST DEPTH:   0           7 = DUSTSTORM OR SANDSTORM:
                                                       VSBY 1/2 MILE OR LESS
                                                   8 = SMOKE OR HAZE
[NO. OF DAYS WITH]      [WEATHER - DAYS WITH]      9 = BLOWING SNOW
                                                   X = TORNADO
MAX 32 OR BELOW:   0    0.01 INCH OR MORE:   8
MAX 90 OR ABOVE:   5    0.10 INCH OR MORE:   6
MIN 32 OR BELOW:   0    0.50 INCH OR MORE:   2
MIN  0 OR BELOW:   0    1.00 INCH OR MORE:   1

[HDD (BASE 65) ]
TOTAL THIS MO.     0    CLEAR  (SCALE 0-3)  16
DPTR FM NORMAL    -9    PTCLDY (SCALE 4-7)  12
TOTAL FM JUL 1     0    CLOUDY (SCALE 8-10)  1
DPTR FM NORMAL    -9

[CDD (BASE 65) ]
TOTAL THIS MO.   234
DPTR FM NORMAL    43    [PRESSURE DATA]
TOTAL FM JAN 1  1815    HIGHEST SLP M ON M
DPTR FM NORMAL   225    LOWEST  SLP 29.61 ON  3

[REMARKS]
