000
CXUS54 KFWD 240730
CF6TKI
PRELIMINARY LOCAL CLIMATOLOGICAL DATA (WS FORM: F-6)

                                          STATION:   MCKINNEY
                                          MONTH:     APRIL
                                          YEAR:      2014
                                          LATITUDE:   33 10 N
                                          LONGITUDE:  96 35 W

  TEMPERATURE IN F:       :PCPN:    SNOW:  WIND      :SUNSHINE: SKY     :PK WND
================================================================================
1   2   3   4   5  6A  6B    7    8   9   10  11  12  13   14  15   16   17  18
                                     12Z  AVG MX 2MIN
DY MAX MIN AVG DEP HDD CDD  WTR  SNW DPTH SPD SPD DIR MIN PSBL S-S WX    SPD DR
================================================================================

 1  80  62  71  12   0   6 0.00  0.0    0 12.5 23 170   M    M   5        29 170
 2  82  69  76  17   0  11    T  0.0    0 15.6 28 170   M    M   9 8      37 190
 3  83  56  70  11   0   5 1.65  0.0    0 15.8 39 320   M    M   8 135    53 320
 4  66  44  55  -5  10   0 0.00  0.0    0 10.3 28 330   M    M   1        36 330
 5  55  44  50 -10  15   0    T  0.0    0  6.8 16 100   M    M   4        22 110
 6  51  45  48 -12  17   0 1.08  0.0    0  8.1 22  40   M    M  10 13     25  40
 7  65  49  57  -3   8   0 0.01  0.0    0  8.1 36 310   M    M   7 1      58 310
 8  70  46  58  -3   7   0 0.00  0.0    0 14.1 31 330   M    M   0        44 320
 9  78  40  59  -2   6   0 0.00  0.0    0  9.3 21 170   M    M   0        26 190
10  82  58  70   9   0   5 0.00  0.0    0 19.0 31 180   M    M   0        38 180
11  80  62  71   9   0   6 0.00  0.0    0 15.0 23 180   M    M   4        29 180
12  82  66  74  12   0   9 0.00  0.0    0 20.3 31 180   M    M   4        38 170
13  77  61  69   7   0   4 0.20  0.0    0 20.2 37 170   M    M   7 13     45 170
14  61  41  51 -11  14   0 0.00  0.0    0 17.0 29 350   M    M   8        40 350
15  62  31  47 -16  18   0 0.00  0.0    0  5.1 14 320   M    M   0        20 290
16  66  37  52 -11  13   0 0.00  0.0    0 13.2 29 160   M    M   0        35 180
17  67  46  57  -6   8   0    T  0.0    0  4.0 14 160   M    M   7        21  90
18  75  52  64   0   1   0 0.00  0.0    0  4.3 12  90   M    M   3 1      17  90
19  77  49  63  -1   2   0 0.00  0.0    0  5.4 16 160   M    M   1        24 210
20  78  55  67   3   0   2 0.40  0.0    0  7.0 24 180   M    M   5 1      28 160
21  81  61  71   7   0   6    T  0.0    0  8.4 17 210   M    M   6 1      22 230
22  82  55  69   4   0   4 0.00  0.0    0  3.5 14  30   M    M   1 12     21  50
23  84  53  69   4   0   4 0.00  0.0    0  9.7 23 140   M    M   1        30 170
================================================================================
SM 1684 1182       119  62  3.34     0.0 252.7          M       91
================================================================================
AV 73.2 51.4                              11.0 FASTST   M    M   4    MAX(MPH)
                                 MISC ---->  # 39 320               # 58  310
================================================================================
NOTES:
# LAST OF SEVERAL OCCURRENCES

COLUMN 17 PEAK WIND IN M.P.H.

PRELIMINARY LOCAL CLIMATOLOGICAL DATA (WS FORM: F-6) , PAGE 2

                                          STATION:  MCKINNEY
                                          MONTH:    APRIL
                                          YEAR:     2014
                                          LATITUDE:   33 10 N
                                          LONGITUDE:  96 35 W

[TEMPERATURE DATA]      [PRECIPITATION DATA]       SYMBOLS USED IN COLUMN 16

AVERAGE MONTHLY: 62.3   TOTAL FOR MONTH:   3.34    1 = FOG OR MIST
DPTR FM NORMAL:   0.4   DPTR FM NORMAL:    0.88    2 = FOG REDUCING VISIBILITY
HIGHEST:    84 ON 23    GRTST 24HR  1.65 ON  2- 3      TO 1/4 MILE OR LESS
LOWEST:     31 ON 15                               3 = THUNDER
                        SNOW, ICE PELLETS, HAIL    4 = ICE PELLETS
                        TOTAL MONTH:   0.0 INCH    5 = HAIL
                        GRTST 24HR     0.0         6 = FREEZING RAIN OR DRIZZLE
                        GRTST DEPTH:   0           7 = DUSTSTORM OR SANDSTORM:
                                                       VSBY 1/2 MILE OR LESS
                                                   8 = SMOKE OR HAZE
[NO. OF DAYS WITH]      [WEATHER - DAYS WITH]      9 = BLOWING SNOW
                                                   X = TORNADO
MAX 32 OR BELOW:   0    0.01 INCH OR MORE:   5
MAX 90 OR ABOVE:   0    0.10 INCH OR MORE:   4
MIN 32 OR BELOW:   1    0.50 INCH OR MORE:   2
MIN  0 OR BELOW:   0    1.00 INCH OR MORE:   2

[HDD (BASE 65) ]
TOTAL THIS MO.   119    CLEAR  (SCALE 0-3)   9
DPTR FM NORMAL     5    PTCLDY (SCALE 4-7)  12
TOTAL FM JUL 1  3023    CLOUDY (SCALE 8-10)  2
DPTR FM NORMAL   407

[CDD (BASE 65) ]
TOTAL THIS MO.    62
DPTR FM NORMAL    21    [PRESSURE DATA]
TOTAL FM JAN 1    69    HIGHEST SLP M ON M
DPTR FM NORMAL     6    LOWEST  SLP 29.51 ON 13

[REMARKS]
