000
CXUS52 KTAE 290800
CF6TLH
PRELIMINARY LOCAL CLIMATOLOGICAL DATA (WS FORM: F-6)

                                          STATION:   TALLAHASSEE
                                          MONTH:     JULY
                                          YEAR:      2015
                                          LATITUDE:   30 22 N
                                          LONGITUDE:  84 22 W

  TEMPERATURE IN F:       :PCPN:    SNOW:  WIND      :SUNSHINE: SKY     :PK WND
================================================================================
1   2   3   4   5  6A  6B    7    8   9   10  11  12  13   14  15   16   17  18
                                     12Z  AVG MX 2MIN
DY MAX MIN AVG DEP HDD CDD  WTR  SNW DPTH SPD SPD DIR MIN PSBL S-S WX    SPD DR
================================================================================

 1  94  68  81  -1   0  16 0.30  0.0    0  5.9 18 280   M    M   5 138    23 280
 2  89  74  82   0   0  17 0.44  0.0    0  5.6 25 250   M    M   6 13     34 220
 3  96  75  86   4   0  21 0.00  0.0    0  4.9 14 160   M    M   4        18 170
 4  93  74  84   2   0  19 0.05  0.0    0  3.9 15 180   M    M   5 13     22 250
 5  90  72  81  -1   0  16 0.82  0.0    0  4.0 31 330   M    M   5 138    39 340
 6  90  69  80  -2   0  15 0.06  0.0    0  3.8 17 250   M    M   4 3      20 250
 7  95  72  84   2   0  19 0.00  0.0    0  3.3 14 220   M    M   4 1      18 210
 8  95  74  85   3   0  20    T  0.0    0  4.5 21 150   M    M   5 13     27 150
 9  95  72  84   2   0  19 0.88  0.0    0  2.9 24 140   M    M   4 13     31 140
10  97  73  85   3   0  20 0.00  0.0    0  2.5  9 340   M    M   2 1      12 280
11  98  76  87   5   0  22 0.00  0.0    0  5.1 13 320   M    M   3 1      18 330
12 100  77  89   7   0  24 0.00  0.0    0  6.4 17 180   M    M   3 8      21 170
13 100  75  88   6   0  23 0.04  0.0    0  4.3 29 240   M    M   4 13     35 230
14  97  75  86   4   0  21 0.08  0.0    0  6.4 22 280   M    M   5 13     27 280
15  96  75  86   4   0  21 0.27  0.0    0  8.9 22 180   M    M   5 13     27  20
16  93  77  85   3   0  20 0.03  0.0    0  5.1 17 220   M    M   6 3      25 150
17  98  75  87   5   0  22 0.00  0.0    0  4.4 21 220   M    M   4 13     24 230
18  99  76  88   6   0  23 0.00  0.0    0  4.6 12 200   M    M   2        13 190
19  98  77  88   6   0  23 0.40  0.0    0  6.1 23 230   M    M   6 138    24 280
20  98  75  87   5   0  22 0.00  0.0    0  6.6 20 280   M    M   4 1      27 200
21  99  78  89   7   0  24 0.00  0.0    0  7.6 22 200   M    M   4 3      34 210
22  99  76  88   6   0  23 0.03  0.0    0  8.5 24 210   M    M   4 13     33 210
23  98  75  87   5   0  22 1.40  0.0    0  9.4 37 280   M    M   3 13     44 280
24  96  75  86   4   0  21 0.95  0.0    0  8.1 31 290   M    M   4 138    39 290
25  93  76  85   3   0  20    T  0.0    0  7.3 24  70   M    M   5 3      29  80
26  97  74  86   4   0  21 0.00  0.0    0  6.0 12  60   M    M   4         M  M
27  96  76  86   4   0  21 0.00  0.0    0  7.0 12  90   M    M   4        16 360
28 100  76  88   6   0  23 0.00  0.0    0  3.2 13  20   M    M   5        17  40
================================================================================
SM 2689 2087         0 578  5.75     0.0 156.3          M      119
================================================================================
AV 96.0 74.5                               5.6 FASTST   M    M   4    MAX(MPH)
                                 MISC ---->  # 37 280               # 44  280
================================================================================
NOTES:
# LAST OF SEVERAL OCCURRENCES

COLUMN 17 PEAK WIND IN M.P.H.

PRELIMINARY LOCAL CLIMATOLOGICAL DATA (WS FORM: F-6) , PAGE 2

                                          STATION:  TALLAHASSEE
                                          MONTH:    JULY
                                          YEAR:     2015
                                          LATITUDE:   30 22 N
                                          LONGITUDE:  84 22 W

[TEMPERATURE DATA]      [PRECIPITATION DATA]       SYMBOLS USED IN COLUMN 16

AVERAGE MONTHLY: 85.3   TOTAL FOR MONTH:   5.75    1 = FOG OR MIST
DPTR FM NORMAL:   3.3   DPTR FM NORMAL:   -0.67    2 = FOG REDUCING VISIBILITY
HIGHEST:   100 ON 28,13 GRTST 24HR  1.40 ON 23-23      TO 1/4 MILE OR LESS
LOWEST:     68 ON  1                               3 = THUNDER
                        SNOW, ICE PELLETS, HAIL    4 = ICE PELLETS
                        TOTAL MONTH:   0.0 INCH    5 = HAIL
                        GRTST 24HR     0.0         6 = FREEZING RAIN OR DRIZZLE
                        GRTST DEPTH:   0           7 = DUSTSTORM OR SANDSTORM:
                                                       VSBY 1/2 MILE OR LESS
                                                   8 = SMOKE OR HAZE
[NO. OF DAYS WITH]      [WEATHER - DAYS WITH]      9 = BLOWING SNOW
                                                   X = TORNADO
MAX 32 OR BELOW:   0    0.01 INCH OR MORE:  14
MAX 90 OR ABOVE:  27    0.10 INCH OR MORE:   8
MIN 32 OR BELOW:   0    0.50 INCH OR MORE:   4
MIN  0 OR BELOW:   0    1.00 INCH OR MORE:   1

[HDD (BASE 65) ]
TOTAL THIS MO.     0    CLEAR  (SCALE 0-3)   4
DPTR FM NORMAL     0    PTCLDY (SCALE 4-7)  24
TOTAL FM JUL 1     0    CLOUDY (SCALE 8-10)  0
DPTR FM NORMAL     0

[CDD (BASE 65) ]
TOTAL THIS MO.   578
DPTR FM NORMAL   102    [PRESSURE DATA]
TOTAL FM JAN 1  1903    HIGHEST SLP M ON M
DPTR FM NORMAL   524    LOWEST  SLP 29.84 ON 14

[REMARKS]
