000
CXUS52 KTAE 280800
CF6TLH
PRELIMINARY LOCAL CLIMATOLOGICAL DATA (WS FORM: F-6)

                                          STATION:   TALLAHASSEE
                                          MONTH:     DECEMBER
                                          YEAR:      2014
                                          LATITUDE:   30 22 N
                                          LONGITUDE:  84 22 W

  TEMPERATURE IN F:       :PCPN:    SNOW:  WIND      :SUNSHINE: SKY     :PK WND
================================================================================
1   2   3   4   5  6A  6B    7    8   9   10  11  12  13   14  15   16   17  18
                                     12Z  AVG MX 2MIN
DY MAX MIN AVG DEP HDD CDD  WTR  SNW DPTH SPD SPD DIR MIN PSBL S-S WX    SPD DR
================================================================================

 1  80  43  62   6   3   0 0.00  0.0    0  1.4 10  90   M    M   2        14 100
 2  80  51  66  10   0   1 0.00  0.0    0  2.7 14  90   M    M   4        17 100
 3  81  53  67  11   0   2 0.00  0.0    0  2.0  8 120   M    M   3 1       M  M
 4  80  54  67  12   0   2 0.00  0.0    0  1.8  7 100   M    M   2 1       M  M
 5  74  51  63   8   2   0 0.00  0.0    0  4.2 12  80   M    M   5 18     15  90
 6  77  61  69  14   0   4    T  0.0    0  2.6 12 260   M    M   8 128    15 280
 7  68  52  60   5   5   0 0.00  0.0    0 10.1 20 340   M    M   6 1      28 330
 8  56  48  52  -2  13   0 0.04  0.0    0  6.8 14  40   M    M  10 18     18  30
 9  63  36  50  -4  15   0 0.00  0.0    0  5.4 20 290   M    M   1        23 340
10  59  33  46  -8  19   0 0.00  0.0    0  4.6 12 300   M    M   0        15 300
11  59  30  45  -9  20   0 0.00  0.0    0  3.9 14 310   M    M   3        19 290
12  67  29  48  -6  17   0 0.00  0.0    0  3.4 10 340   M    M   1        13 350
13  69  31  50  -4  15   0 0.00  0.0    0  3.1 13 300   M    M   0        17 280
14  69  29  49  -4  16   0 0.00  0.0    0  1.7  9 250   M    M   0        12 250
15  72  31  52  -1  13   0 0.00  0.0    0  1.8 10 170   M    M   1        12 280
16  79  42  61   8   4   0 0.05    M    0  5.9 21 250   M    M   5 128    26 270
17  65  35  50  -3  15   0 0.00  0.0    0  1.8 10 270   M    M   3        15 280
18  64  38  51  -2  14   0 0.00  0.0    0  1.4  7 270   M    M   4        11 310
19  64  41  53   1  12   0 0.11    M    0  3.0 12 300   M    M   6        15 300
20  62  51  57   5   8   0 0.03  0.0    0  5.4 10  60   M    M  10 1      15  60
21  58  55  57   5   8   0 0.30  0.0    0  5.7 12  80   M    M  10 1      15  80
22  65  57  61   9   4   0 0.13  0.0    0  5.1 12 120   M    M  10 12     16 310
23  71  63  67  15   0   2 7.44  0.0    0  8.1 28 300   M    M  10 123    35 310
24  74  55  65  13   0   0 0.51  0.0    0 12.7 35 240   M    M  10 13     46 240
25  61  39  50  -2  15   0 0.00  0.0    0  5.7 15 330   M    M   3        19 330
26  66  33  50  -2  15   0 0.00  0.0    0  2.1 12 100   M    M   2 1      14 100
27  76  43  60   8   5   0 0.00  0.0    0  2.9 13 120   M    M   3        15 120
================================================================================
SM 1859 1184       238  11  8.61     0.0 115.3          M      122
================================================================================
AV 68.9 43.9                               4.3 FASTST   M    M   5    MAX(MPH)
                                 MISC ---->  # 35 240               # 46  240
================================================================================
NOTES:
# LAST OF SEVERAL OCCURRENCES

COLUMN 17 PEAK WIND IN M.P.H.

PRELIMINARY LOCAL CLIMATOLOGICAL DATA (WS FORM: F-6) , PAGE 2

                                          STATION:  TALLAHASSEE
                                          MONTH:    DECEMBER
                                          YEAR:     2014
                                          LATITUDE:   30 22 N
                                          LONGITUDE:  84 22 W

[TEMPERATURE DATA]      [PRECIPITATION DATA]       SYMBOLS USED IN COLUMN 16

AVERAGE MONTHLY: 56.4   TOTAL FOR MONTH:   8.61    1 = FOG OR MIST
DPTR FM NORMAL:   2.8   DPTR FM NORMAL:    5.20    2 = FOG REDUCING VISIBILITY
HIGHEST:    81 ON  3    GRTST 24HR  7.50 ON 23-24      TO 1/4 MILE OR LESS
LOWEST:     29 ON 14,12                            3 = THUNDER
                        SNOW, ICE PELLETS, HAIL    4 = ICE PELLETS
                        TOTAL MONTH:   0.0 INCH    5 = HAIL
                        GRTST 24HR     0.0         6 = FREEZING RAIN OR DRIZZLE
                        GRTST DEPTH:   0           7 = DUSTSTORM OR SANDSTORM:
                                                       VSBY 1/2 MILE OR LESS
                                                   8 = SMOKE OR HAZE
[NO. OF DAYS WITH]      [WEATHER - DAYS WITH]      9 = BLOWING SNOW
                                                   X = TORNADO
MAX 32 OR BELOW:   0    0.01 INCH OR MORE:   8
MAX 90 OR ABOVE:   0    0.10 INCH OR MORE:   5
MIN 32 OR BELOW:   5    0.50 INCH OR MORE:   2
MIN  0 OR BELOW:   0    1.00 INCH OR MORE:   1

[HDD (BASE 65) ]
TOTAL THIS MO.   238    CLEAR  (SCALE 0-3)  12
DPTR FM NORMAL   -86    PTCLDY (SCALE 4-7)   8
TOTAL FM JUL 1   589    CLOUDY (SCALE 8-10)  7
DPTR FM NORMAL    29

[CDD (BASE 65) ]
TOTAL THIS MO.    11
DPTR FM NORMAL     3    [PRESSURE DATA]
TOTAL FM JAN 1  2803    HIGHEST SLP M ON M
DPTR FM NORMAL   215    LOWEST  SLP 29.64 ON 24

[REMARKS]
