000
CXUS52 KTAE 300800
CF6TLH
PRELIMINARY LOCAL CLIMATOLOGICAL DATA (WS FORM: F-6)

                                          STATION:   TALLAHASSEE
                                          MONTH:     OCTOBER
                                          YEAR:      2014
                                          LATITUDE:   30 22 N
                                          LONGITUDE:  84 22 W

  TEMPERATURE IN F:       :PCPN:    SNOW:  WIND      :SUNSHINE: SKY     :PK WND
================================================================================
1   2   3   4   5  6A  6B    7    8   9   10  11  12  13   14  15   16   17  18
                                     12Z  AVG MX 2MIN
DY MAX MIN AVG DEP HDD CDD  WTR  SNW DPTH SPD SPD DIR MIN PSBL S-S WX    SPD DR
================================================================================

 1  85  68  77   3   0  12 0.00  0.0    0  2.0  8  70   M    M   7        13  10
 2  89  66  78   4   0  13 0.00  0.0    0  1.5  8  40   M    M   3 1      10  60
 3  89  69  79   5   0  14 0.13  0.0    0  3.4  9 230   M    M   6 123    13 240
 4  78  52  65  -8   0   0 0.00  0.0    0  8.7 20 330   M    M   1        24 330
 5  76  44  60 -13   5   0 0.00  0.0    0  2.6 13  40   M    M   0        17 340
 6  79  45  62 -11   3   0 0.00  0.0    0  2.3 10 170   M    M   3        14 150
 7  85  56  71  -1   0   6 0.00  0.0    0  2.3 10 150   M    M   4 1      15 170
 8  89  65  77   5   0  12 0.00  0.0    0  0.5  8  70   M    M   7 12     10  70
 9  91  62  77   5   0  12 0.00  0.0    0  2.0  9 190   M    M   3 1      13 180
10  91  64  78   7   0  13 0.00  0.0    0  2.7 13 160   M    M   2 1      32  90
11  93  62  78   7   0  13 0.00  0.0    0  1.5  8 160   M    M   2 1      10 160
12  91  65  78   7   0  13 0.00  0.0    0  2.4 13 150   M    M   5 128    16 150
13  85  70  78   8   0  13 0.02  0.0    0  7.5 17 150   M    M   5 3      25 140
14  79  62  71   1   0   6 4.72  0.0    0  8.3 36 280   M    M   8 13     36 280
15  80  53  67  -3   0   2 0.00  0.0    0  5.7 22 250   M    M   2 1      22 250
16  79  50  65  -4   0   0 0.00  0.0    0  8.0 18 290   M    M   0         M  M
17  83  48  66  -3   0   1 0.00  0.0    0  4.2 10 250   M    M   1         M  M
18  87  50  69   0   0   4 0.00  0.0    0  5.1 14 290   M    M   1         M  M
19  79  53  66  -2   0   1 0.00  0.0    0  4.4 12  90   M    M   2        12  90
20  83  53  68   0   0   3 0.00  0.0    0  2.8 12 220   M    M   4        15 210
21  83  57  70   2   0   5 0.00  0.0    0  2.8  7 350   M    M   1 1       M  M
22  83  52  68   1   0   3 0.00  0.0    0  4.8 15 360   M    M   1 18     29 330
23  77  43  60  -7   5   0 0.00  0.0    0  3.5 12  90   M    M   0        17  70
24  79  48  64  -3   1   0 0.00  0.0    0  1.1  8 360   M    M   2        23 270
25  81  44  63  -3   2   0 0.00  0.0    0  3.2 16 360   M    M   0 8      28 330
26  87  47  67   1   0   2 0.00  0.0    0  2.3 13 280   M    M   0        18 280
27  88  53  71   5   0   6 0.00  0.0    0  2.5 12 160   M    M   3 128    20 150
28  85  55  70   4   0   5 0.00  0.0    0  1.3 10 160   M    M   5 128    14 120
29  81  55  68   3   0   3 0.00  0.0    0  2.2  9 220   M    M   6 128    18 270
================================================================================
SM 2435 1611        16 162  4.87     0.0 101.6          M       84
================================================================================
AV 84.0 55.6                               3.5 FASTST   M    M   3    MAX(MPH)
                                 MISC ---->  # 36 280               # 36  280
================================================================================
NOTES:
# LAST OF SEVERAL OCCURRENCES

COLUMN 17 PEAK WIND IN M.P.H.

PRELIMINARY LOCAL CLIMATOLOGICAL DATA (WS FORM: F-6) , PAGE 2

                                          STATION:  TALLAHASSEE
                                          MONTH:    OCTOBER
                                          YEAR:     2014
                                          LATITUDE:   30 22 N
                                          LONGITUDE:  84 22 W

[TEMPERATURE DATA]      [PRECIPITATION DATA]       SYMBOLS USED IN COLUMN 16

AVERAGE MONTHLY: 69.8   TOTAL FOR MONTH:   4.87    1 = FOG OR MIST
DPTR FM NORMAL:   0.1   DPTR FM NORMAL:    1.83    2 = FOG REDUCING VISIBILITY
HIGHEST:    93 ON 11    GRTST 24HR  4.74 ON 13-14      TO 1/4 MILE OR LESS
LOWEST:     43 ON 23                               3 = THUNDER
                        SNOW, ICE PELLETS, HAIL    4 = ICE PELLETS
                        TOTAL MONTH:   0.0 INCH    5 = HAIL
                        GRTST 24HR     0.0         6 = FREEZING RAIN OR DRIZZLE
                        GRTST DEPTH:   0           7 = DUSTSTORM OR SANDSTORM:
                                                       VSBY 1/2 MILE OR LESS
                                                   8 = SMOKE OR HAZE
[NO. OF DAYS WITH]      [WEATHER - DAYS WITH]      9 = BLOWING SNOW
                                                   X = TORNADO
MAX 32 OR BELOW:   0    0.01 INCH OR MORE:   3
MAX 90 OR ABOVE:   4    0.10 INCH OR MORE:   2
MIN 32 OR BELOW:   0    0.50 INCH OR MORE:   1
MIN  0 OR BELOW:   0    1.00 INCH OR MORE:   1

[HDD (BASE 65) ]
TOTAL THIS MO.    16    CLEAR  (SCALE 0-3)  19
DPTR FM NORMAL   -23    PTCLDY (SCALE 4-7)  10
TOTAL FM JUL 1    16    CLOUDY (SCALE 8-10)  0
DPTR FM NORMAL   -24

[CDD (BASE 65) ]
TOTAL THIS MO.   162
DPTR FM NORMAL   -13    [PRESSURE DATA]
TOTAL FM JAN 1  2779    HIGHEST SLP M ON M
DPTR FM NORMAL   252    LOWEST  SLP 29.83 ON 14

[REMARKS]
