467
CXUS51 KCLE 260800
CF6TOL
PRELIMINARY LOCAL CLIMATOLOGICAL DATA (WS FORM: F-6)

                                          STATION:   TOLEDO OH
                                          MONTH:     SEPTEMBER
                                          YEAR:      2017
                                          LATITUDE:   41 35 N
                                          LONGITUDE:  83 48 W

  TEMPERATURE IN F:       :PCPN:    SNOW:  WIND      :SUNSHINE: SKY     :PK WND
================================================================================
1   2   3   4   5  6A  6B    7    8   9   10  11  12  13   14  15   16   17  18
                                     12Z  AVG MX 2MIN
DY MAX MIN AVG DEP HDD CDD  WTR  SNW DPTH SPD SPD DIR MIN PSBL S-S WX    SPD DR
================================================================================

 1  66  51  59 -10   6   0 0.00  0.0    0 13.5 26  60   M    M   1        31  60
 2  68  54  61  -8   4   0 0.00  0.0    0  6.9 14 100   M    M   6        18 100
 3  79  56  68  -1   0   3 0.02  0.0    0  8.2 17 300   M    M   5 1      23 300
 4  84  57  71   3   0   6 0.39  0.0    0 10.4 25 220   M    M   4 13     37 230
 5  72  53  63  -5   2   0 0.00  0.0    0  8.8 20 260   M    M   3        25 280
 6  66  46  56 -12   9   0 0.07  0.0    0  4.4 17 290   M    M   6 13     21 280
 7  68  47  58 -10   7   0 0.24  0.0    0  7.7 22 270   M    M   4 13     28 270
 8  69  49  59  -8   6   0 0.00  0.0    0  7.4 15 340   M    M   4        18  20
 9  65  44  55 -12  10   0 0.00  0.0    0  6.2 21  50   M    M   0        25  50
10  68  42  55 -11  10   0 0.00  0.0    0  3.7 17  50   M    M   1 1      25  40
11  72  46  59  -7   6   0 0.00  0.0    0  3.1 14  60   M    M   0        17  70
12  77  51  64  -2   1   0 0.00  0.0    0  5.8 17  60   M    M   0 1      22  70
13  72  60  66   1   0   1 0.07  0.0    0  4.4 10 250   M    M   9 1      13 240
14  73  59  66   1   0   1 0.01  0.0    0  1.3  7 320   M    M   9 1       9 190
15  80  53  67   2   0   2 0.00  0.0    0  2.5  9  80   M    M   3 18     11  80
16  82  53  68   4   0   3 0.00  0.0    0  2.1  9 200   M    M   1 128    13 240
17  85  55  70   6   0   5 0.00  0.0    0  3.7 13 240   M    M   1 128    16 260
18  75  65  70   7   0   5 0.19  0.0    0  3.8 12  80   M    M  10 18     15  70
19  71  65  68   5   0   3 1.65  0.0    0  4.6 13  70   M    M   9 138    15 280
20  84  62  73  11   0   8 0.00  0.0    0  2.8 10 270   M    M   5 128    12 250
21  93  64  79  17   0  14 0.00  0.0    0  2.8 13  20   M    M   1 1      15  20
22  92  67  80  18   0  15 0.00  0.0    0  2.7 12  60   M    M   0 1      14  40
23  91  62  77  16   0  12 0.00  0.0    0  2.0 10  60   M    M   0 1      14  70
24  92  62  77  16   0  12 0.00  0.0    0  3.8 14  60   M    M   0        16  80
25  92  64  78  18   0  13 0.00  0.0    0  1.1 10  90   M    M   1 1      13 100
================================================================================
SM 1936 1387        61 103  2.64     0.0 123.7          M       83
================================================================================
AV 77.4 55.5                               4.9 FASTST   M    M   3    MAX(MPH)
                                 MISC ---->  # 26  60               # 37  230
================================================================================
NOTES:
# LAST OF SEVERAL OCCURRENCES

COLUMN 17 PEAK WIND IN M.P.H.

PRELIMINARY LOCAL CLIMATOLOGICAL DATA (WS FORM: F-6) , PAGE 2

                                          STATION:  TOLEDO OH
                                          MONTH:    SEPTEMBER
                                          YEAR:     2017
                                          LATITUDE:   41 35 N
                                          LONGITUDE:  83 48 W

[TEMPERATURE DATA]      [PRECIPITATION DATA]       SYMBOLS USED IN COLUMN 16

AVERAGE MONTHLY: 66.5   TOTAL FOR MONTH:   2.64    1 = FOG OR MIST
DPTR FM NORMAL:   1.3   DPTR FM NORMAL:    0.30    2 = FOG REDUCING VISIBILITY
HIGHEST:    93 ON 21    GRTST 24HR  1.65 ON 19-19      TO 1/4 MILE OR LESS
LOWEST:     42 ON 10                               3 = THUNDER
                        SNOW, ICE PELLETS, HAIL    4 = ICE PELLETS
                        TOTAL MONTH:   0.0 INCH    5 = HAIL
                        GRTST 24HR     0.0         6 = FREEZING RAIN OR DRIZZLE
                        GRTST DEPTH:   0           7 = DUSTSTORM OR SANDSTORM:
                                                       VSBY 1/2 MILE OR LESS
                                                   8 = SMOKE OR HAZE
[NO. OF DAYS WITH]      [WEATHER - DAYS WITH]      9 = BLOWING SNOW
                                                   X = TORNADO
MAX 32 OR BELOW:   0    0.01 INCH OR MORE:   8
MAX 90 OR ABOVE:   5    0.10 INCH OR MORE:   4
MIN 32 OR BELOW:   0    0.50 INCH OR MORE:   1
MIN  0 OR BELOW:   0    1.00 INCH OR MORE:   1

[HDD (BASE 65) ]
TOTAL THIS MO.    61    CLEAR  (SCALE 0-3)  14
DPTR FM NORMAL   -13    PTCLDY (SCALE 4-7)   7
TOTAL FM JUL 1    75    CLOUDY (SCALE 8-10)  4
DPTR FM NORMAL   -13

[CDD (BASE 65) ]
TOTAL THIS MO.   103
DPTR FM NORMAL    27    [PRESSURE DATA]
TOTAL FM JAN 1   696    HIGHEST SLP M ON M
DPTR FM NORMAL   -82    LOWEST  SLP 29.69 ON  4

[REMARKS]
