000
CXUS53 KTOP 230800
CF6TOP
PRELIMINARY LOCAL CLIMATOLOGICAL DATA (WS FORM: F-6)

                                          STATION:   Topeka KS
                                          MONTH:     MAY
                                          YEAR:      2017
                                          LATITUDE:   39  4 N
                                          LONGITUDE:  95 38 W

  TEMPERATURE IN F:       :PCPN:    SNOW:  WIND      :SUNSHINE: SKY     :PK WND
================================================================================
1   2   3   4   5  6A  6B    7    8   9   10  11  12  13   14  15   16   17  18
                                     12Z  AVG MX 2MIN
DY MAX MIN AVG DEP HDD CDD  WTR  SNW DPTH SPD SPD DIR MIN PSBL S-S WX    SPD DR
================================================================================

 1  64  39  52  -8  13   0 0.02  0.0    0 11.2 29 290   M    M   7 1      38 300
 2  68  49  59  -2   6   0 0.01  0.0    0  5.1 12 270   M    M   6        15 260
 3  58  43  51 -10  14   0 0.22  0.0    0  5.8 15  50   M    M   6 1      18  80
 4  70  40  55  -6  10   0 0.00  0.0    0 10.5 26 340   M    M   2 1      37 350
 5  76  42  59  -3   6   0 0.00  0.0    0  4.4 16 340   M    M   0        19 340
 6  81  49  65   3   0   0 0.00  0.0    0  5.4 15 320   M    M   0        20 280
 7  85  50  68   6   0   3 0.00  0.0    0  7.3 17 150   M    M   0        24 150
 8  86  58  72   9   0   7 0.00  0.0    0  8.9 20 180   M    M   0        28 160
 9  86  58  72   9   0   7 0.00  0.0    0  6.2 14 210   M    M   3        20 200
10  79  66  73  10   0   8 0.06  0.0    0  9.9 20 230   M    M   3 13     27 230
11  69  58  64   0   1   0 0.06  0.0    0  9.1 18  30   M    M   9 1      23  20
12  75  52  64   0   1   0 0.00  0.0    0  8.8 20  50   M    M   0        28 360
13  79  46  63  -1   2   0 0.00  0.0    0  6.2 20 150   M    M   0 1      24 160
14  85  57  71   7   0   6 0.00  0.0    0 11.6 25 180   M    M   0        39 220
15  89  65  77  12   0  12 0.00  0.0    0 10.6 22 170   M    M   0        29 170
16  87  71  79  14   0  14 0.00  0.0    0 16.7 26 160   M    M   3        36 180
17  79  64  72   7   0   7 0.10  0.0    0 15.7 32 210   M    M   4 3      48 210
18  79  54  67   1   0   2 1.33    T    0  9.3 35 320   M    M   2 135    48 260
19  69  60  65  -1   0   0 1.03  0.0    0  9.5 28  70   M    M  10 13     34  60
20  65  50  58  -8   7   0 0.04  0.0    0 12.9 21 250   M    M  10 13     27 140
21  72  45  59  -8   6   0 0.00  0.0    0  6.5 15 290   M    M   0        19 290
22  74  51  63  -4   2   0 0.13  0.0    0  4.5 24 300   M    M   5 13     33 250
================================================================================
SM 1675 1167        68  66  3.00    T    196.1          M       70
================================================================================
AV 76.1 53.1                               8.9 FASTST   M    M   3    MAX(MPH)
                                 MISC ---->  # 35 320               # 48  210
================================================================================
NOTES:
# LAST OF SEVERAL OCCURRENCES

COLUMN 17 PEAK WIND IN M.P.H.

PRELIMINARY LOCAL CLIMATOLOGICAL DATA (WS FORM: F-6) , PAGE 2

                                          STATION:  Topeka KS
                                          MONTH:    MAY
                                          YEAR:     2017
                                          LATITUDE:   39  4 N
                                          LONGITUDE:  95 38 W

[TEMPERATURE DATA]      [PRECIPITATION DATA]       SYMBOLS USED IN COLUMN 16

AVERAGE MONTHLY: 64.6   TOTAL FOR MONTH:   3.00    1 = FOG OR MIST
DPTR FM NORMAL:   0.9   DPTR FM NORMAL:   -0.48    2 = FOG REDUCING VISIBILITY
HIGHEST:    89 ON 15    GRTST 24HR  1.33 ON 18-18      TO 1/4 MILE OR LESS
LOWEST:     39 ON  1                               3 = THUNDER
                        SNOW, ICE PELLETS, HAIL    4 = ICE PELLETS
                        TOTAL MONTH:    T          5 = HAIL
                        GRTST 24HR    T  ON 18-18  6 = FREEZING RAIN OR DRIZZLE
                        GRTST DEPTH:   0           7 = DUSTSTORM OR SANDSTORM:
                                                       VSBY 1/2 MILE OR LESS
                                                   8 = SMOKE OR HAZE
[NO. OF DAYS WITH]      [WEATHER - DAYS WITH]      9 = BLOWING SNOW
                                                   X = TORNADO
MAX 32 OR BELOW:   0    0.01 INCH OR MORE:  10
MAX 90 OR ABOVE:   0    0.10 INCH OR MORE:   5
MIN 32 OR BELOW:   0    0.50 INCH OR MORE:   2
MIN  0 OR BELOW:   0    1.00 INCH OR MORE:   2

[HDD (BASE 65) ]
TOTAL THIS MO.    68    CLEAR  (SCALE 0-3)  13
DPTR FM NORMAL   -16    PTCLDY (SCALE 4-7)   6
TOTAL FM JUL 1  3994    CLOUDY (SCALE 8-10)  3
DPTR FM NORMAL -1007

[CDD (BASE 65) ]
TOTAL THIS MO.    66
DPTR FM NORMAL    11    [PRESSURE DATA]
TOTAL FM JAN 1   103    HIGHEST SLP M ON M
DPTR FM NORMAL    20    LOWEST  SLP 29.36 ON 17

[REMARKS]
