000
CXUS54 KFWD 230730
CF6TPL
PRELIMINARY LOCAL CLIMATOLOGICAL DATA (WS FORM: F-6)

                                          STATION:   TEMPLE
                                          MONTH:     NOVEMBER
                                          YEAR:      2014
                                          LATITUDE:   31  8 N
                                          LONGITUDE:  97 25 W

  TEMPERATURE IN F:       :PCPN:    SNOW:  WIND      :SUNSHINE: SKY     :PK WND
================================================================================
1   2   3   4   5  6A  6B    7    8   9   10  11  12  13   14  15   16   17  18
                                     12Z  AVG MX 2MIN
DY MAX MIN AVG DEP HDD CDD  WTR  SNW DPTH SPD SPD DIR MIN PSBL S-S WX    SPD DR
================================================================================

 1  64  36  50 -12  15   0 0.00  0.0    0  7.9 12  80   M    M   0        16  70
 2  73  43  58  -4   7   0 0.00  0.0    0 12.0 20 130   M    M   1        28 130
 3  75  54  65   3   0   0 0.00  0.0    0 14.0 23 150   M    M   8        29 160
 4  73  57  65   4   0   0 0.26  0.0    0 10.1 24  20   M    M  10        30  20
 5  57  54  56  -5   9   0 0.72  0.0    0 10.4 16 350   M    M  10        21  10
 6  66  46  56  -5   9   0 0.00  0.0    0  8.4 12 350   M    M   3         M  M
 7  66  41  54  -6  11   0 0.00  0.0    0  5.5  9 100   M    M   0         M  M
 8  72  45  59  -1   6   0 0.00  0.0    0  8.5 20 360   M    M   0        28 360
 9  72  37  55  -5  10   0 0.00  0.0    0  7.0 14 160   M    M   0         M  M
10  79  45  62   3   3   0 0.00  0.0    0 15.7 25 170   M    M   0        36 170
11  63  37  50  -9  15   0 0.00  0.0    0 14.5 25 330   M    M   2        33 330
12  46  34  40 -18  25   0 0.00  0.0    0 16.0 24 340   M    M   3        31 340
13  37  27  32 -26  33   0 0.00  0.0    0 14.0 21 340   M    M   7        29 340
14  45  25  35 -23  30   0 0.00  0.0    0  4.1  7 110   M    M   8         M  M
15  46  39  43 -14  22   0 0.00  0.0    0  8.3 13 130   M    M  10         M  M
16  48  32  40 -17  25   0    M    M    0 10.5 20 330   M    M  10        30 320
17  48  27  38 -19  27   0 0.00  0.0    0 11.3 21 330   M    M   1        27 330
18  55  23  39 -17  26   0 0.00  0.0    0  6.0 14 180   M    M   0        17 160
19  70  30  50  -6  15   0 0.00  0.0    0  9.6 20 190   M    M   0        25 190
20  70  41  56   0   9   0 0.00  0.0    0  9.4 17 160   M    M   5        24 180
21  72  59  66  11   0   1 0.00  0.0    0 10.5 20 160   M    M  10        31 160
22  70  57  64   9   1   0 0.76  0.0    0 14.9 21 150   M    M   9 3      28 150
================================================================================
SM 1367  889       298   1  1.74     0.0 228.6          M       97
================================================================================
AV 62.1 40.4                              10.4 FASTST   M    M   4    MAX(MPH)
                                 MISC ---->    25   M                 36    M
================================================================================
NOTES:
# LAST OF SEVERAL OCCURRENCES

COLUMN 17 PEAK WIND IN M.P.H.

PRELIMINARY LOCAL CLIMATOLOGICAL DATA (WS FORM: F-6) , PAGE 2

                                          STATION:  TEMPLE
                                          MONTH:    NOVEMBER
                                          YEAR:     2014
                                          LATITUDE:   31  8 N
                                          LONGITUDE:  97 25 W

[TEMPERATURE DATA]      [PRECIPITATION DATA]       SYMBOLS USED IN COLUMN 16

AVERAGE MONTHLY: 51.3   TOTAL FOR MONTH:   1.74    1 = FOG OR MIST
DPTR FM NORMAL:  -7.4   DPTR FM NORMAL:   -0.28    2 = FOG REDUCING VISIBILITY
HIGHEST:    79 ON 10    GRTST 24HR  0.76 ON 22-22      TO 1/4 MILE OR LESS
LOWEST:     23 ON 18                               3 = THUNDER
                        SNOW, ICE PELLETS, HAIL    4 = ICE PELLETS
                        TOTAL MONTH:   0.0 INCH    5 = HAIL
                        GRTST 24HR     0.0         6 = FREEZING RAIN OR DRIZZLE
                        GRTST DEPTH:   0           7 = DUSTSTORM OR SANDSTORM:
                                                       VSBY 1/2 MILE OR LESS
                                                   8 = SMOKE OR HAZE
[NO. OF DAYS WITH]      [WEATHER - DAYS WITH]      9 = BLOWING SNOW
                                                   X = TORNADO
MAX 32 OR BELOW:   0    0.01 INCH OR MORE:   3
MAX 90 OR ABOVE:   0    0.10 INCH OR MORE:   3
MIN 32 OR BELOW:   6    0.50 INCH OR MORE:   2
MIN  0 OR BELOW:   0    1.00 INCH OR MORE:   0

[HDD (BASE 65) ]
TOTAL THIS MO.   298    CLEAR  (SCALE 0-3)  11
DPTR FM NORMAL   132    PTCLDY (SCALE 4-7)   5
TOTAL FM JUL 1   306    CLOUDY (SCALE 8-10)  6
DPTR FM NORMAL    64

[CDD (BASE 65) ]
TOTAL THIS MO.     1
DPTR FM NORMAL   -27    [PRESSURE DATA]
TOTAL FM JAN 1  2638    HIGHEST SLP M ON M
DPTR FM NORMAL   142    LOWEST  SLP M ON M

[REMARKS]
