000
CXUS54 KMEG 250636
CF6TUP
PRELIMINARY LOCAL CLIMATOLOGICAL DATA (WS FORM: F-6)

                                          STATION:   TUPELO
                                          MONTH:     MAY
                                          YEAR:      2015
                                          LATITUDE:   34 16 N
                                          LONGITUDE:  88 46 W

  TEMPERATURE IN F:       :PCPN:    SNOW:  WIND      :SUNSHINE: SKY     :PK WND
================================================================================
1   2   3   4   5  6A  6B    7    8   9   10  11  12  13   14  15   16   17  18
                                     12Z  AVG MX 2MIN
DY MAX MIN AVG DEP HDD CDD  WTR  SNW DPTH SPD SPD DIR MIN PSBL S-S WX    SPD DR
================================================================================

 1  72  46  59  -8   6   0 0.00  0.0    0  6.0 14  40   M    M   0        18  70
 2  77  45  61  -6   4   0 0.00  0.0    0  1.9  9  30   M    M   0        14 220
 3  83  50  67   0   0   2 0.00  0.0    0  4.5 15 200   M    M   0        19 220
 4  84  58  71   4   0   6 0.00  0.0    0  5.3 14 200   M    M   2        22 220
 5  85  56  71   3   0   6 0.00  0.0    0  4.1 15 140   M    M   1 1      20 170
 6  84  56  70   2   0   5 0.00  0.0    0  4.5 13 210   M    M   1        20 150
 7  87  61  74   6   0   9 0.00  0.0    0  3.2 12 220   M    M   2        15 190
 8  88  63  76   8   0  11 0.00  0.0    0  3.3 15 220   M    M   2        22 230
 9  84  66  75   6   0  10 0.00  0.0    0  4.0 16 190   M    M   2        20 200
10  90  64  77   8   0  12 0.00  0.0    0  5.3 21 230   M    M   0 1      27 220
11  87  66  77   8   0  12 0.00  0.0    0  7.4 18 260   M    M   1        25 230
12  78  61  70   0   0   5 0.00  0.0    0  6.9 16  50   M    M   0        20  50
13  82  53  68  -2   0   3 0.00  0.0    0  7.0 16  90   M    M   0        23  90
14  80  59  70   0   0   5 0.00  0.0    0  4.1 10 100   M    M   0        13 150
15  85  62  74   4   0   9 0.38  0.0    0  6.8 18 210   M    M   5 13     32 220
16  85  69  77   6   0  12 0.47  0.0    0  9.2 17 200   M    M   7 13     25 260
17  80  68  74   3   0   9 1.40  0.0    0  7.0 17 340   M    M   6 13     28 290
18  79  67  73   2   0   8 0.41  0.0    0  3.8 17 280   M    M   5 13     23 270
19  87  64  76   4   0  11 0.00  0.0    0  4.6 12  30   M    M   3 1      14  40
20  86  65  76   4   0  11 0.02  0.0    0  5.8 20 350   M    M   3 13     27 320
21  68  48  58 -14   7   0 0.00  0.0    0  9.5 20  40   M    M   8        22  30
22  76  45  61 -11   4   0 0.00  0.0    0  5.1 15  40   M    M   0 1      21  50
23  85  55  70  -3   0   5 0.00  0.0    0  6.1 14 160   M    M   0        20 160
24  87  66  77   4   0  12 0.70  0.0    0 11.1 23 200   M    M   3 138    31 200
================================================================================
SM 1979 1413        21 163  3.38     0.0 136.5          M       51
================================================================================
AV 82.5 58.9                               5.7 FASTST   M    M   2    MAX(MPH)
                                 MISC ---->  # 23 200               # 32  220
================================================================================
NOTES:
# LAST OF SEVERAL OCCURRENCES

COLUMN 17 PEAK WIND IN M.P.H.

PRELIMINARY LOCAL CLIMATOLOGICAL DATA (WS FORM: F-6) , PAGE 2

                                          STATION:  TUPELO
                                          MONTH:    MAY
                                          YEAR:     2015
                                          LATITUDE:   34 16 N
                                          LONGITUDE:  88 46 W

[TEMPERATURE DATA]      [PRECIPITATION DATA]       SYMBOLS USED IN COLUMN 16

AVERAGE MONTHLY: 70.7   TOTAL FOR MONTH:   3.38    1 = FOG OR MIST
DPTR FM NORMAL:   0.9   DPTR FM NORMAL:   -1.04    2 = FOG REDUCING VISIBILITY
HIGHEST:    90 ON 10    GRTST 24HR  1.81 ON 17-18      TO 1/4 MILE OR LESS
LOWEST:     45 ON 22, 2                            3 = THUNDER
                        SNOW, ICE PELLETS, HAIL    4 = ICE PELLETS
                        TOTAL MONTH:   0.0 INCH    5 = HAIL
                        GRTST 24HR     0.0         6 = FREEZING RAIN OR DRIZZLE
                        GRTST DEPTH:   0           7 = DUSTSTORM OR SANDSTORM:
                                                       VSBY 1/2 MILE OR LESS
                                                   8 = SMOKE OR HAZE
[NO. OF DAYS WITH]      [WEATHER - DAYS WITH]      9 = BLOWING SNOW
                                                   X = TORNADO
MAX 32 OR BELOW:   0    0.01 INCH OR MORE:   6
MAX 90 OR ABOVE:   1    0.10 INCH OR MORE:   5
MIN 32 OR BELOW:   0    0.50 INCH OR MORE:   2
MIN  0 OR BELOW:   0    1.00 INCH OR MORE:   1

[HDD (BASE 65) ]
TOTAL THIS MO.    21    CLEAR  (SCALE 0-3)  18
DPTR FM NORMAL    -2    PTCLDY (SCALE 4-7)   6
TOTAL FM JUL 1  3153    CLOUDY (SCALE 8-10)  0
DPTR FM NORMAL   198

[CDD (BASE 65) ]
TOTAL THIS MO.   163
DPTR FM NORMAL    26    [PRESSURE DATA]
TOTAL FM JAN 1   239    HIGHEST SLP M ON M
DPTR FM NORMAL    26    LOWEST  SLP 29.90 ON 11

[REMARKS]
