000
CXUS54 KMEG 190748
CF6TUP
PRELIMINARY LOCAL CLIMATOLOGICAL DATA (WS FORM: F-6)

                                          STATION:   TUPELO
                                          MONTH:     DECEMBER
                                          YEAR:      2014
                                          LATITUDE:   34 16 N
                                          LONGITUDE:  88 46 W

  TEMPERATURE IN F:       :PCPN:    SNOW:  WIND      :SUNSHINE: SKY     :PK WND
================================================================================
1   2   3   4   5  6A  6B    7    8   9   10  11  12  13   14  15   16   17  18
                                     12Z  AVG MX 2MIN
DY MAX MIN AVG DEP HDD CDD  WTR  SNW DPTH SPD SPD DIR MIN PSBL S-S WX    SPD DR
================================================================================

 1  69  41  55   7  10   0 0.03  0.0    0  8.9 14  20   M    M   9 12     20 350
 2  47  41  44  -3  21   0 0.44  0.0    0  2.4  9  30   M    M  10 1      11  30
 3  56  45  51   4  14   0 0.00  0.0    0  4.5 10  30   M    M   8        11  30
 4  73  46  60  13   5   0 0.00  0.0    0  1.5  8 280   M    M   5 1      12 280
 5  66  53  60  14   5   0 1.10  0.0    0  8.0 20 190   M    M   9 13     26 200
 6  66  44  55   9  10   0 0.24  0.0    0 12.9 25  50   M    M   7 1      30  50
 7  50  43  47   1  18   0 0.00  0.0    0 10.0 22  40   M    M   5        27  40
 8  61  42  52   6  13   0 0.00  0.0    0  3.6 13 200   M    M   1        22 110
 9  57  33  45   0  20   0 0.00  0.0    0  6.4 24  30   M    M   2 1      28  20
10  47  30  39  -6  26   0 0.00  0.0    0  5.8 14  30   M    M   6        18  30
11  51  30  41  -4  24   0 0.00  0.0    0  4.2 10  50   M    M   3        13  30
12  56  36  46   2  19   0 0.00  0.0    0  2.7  8  40   M    M   3        14  20
13  51  33  42  -2  23   0 0.00  0.0    0  2.1  9  90   M    M   8        10  90
14  56  38  47   3  18   0 0.00  0.0    0  2.7  9  80   M    M   8        11  90
15  59  40  50   6  15   0 0.32  0.0    0  7.8 20 230   M    M   5 1      28 200
16  54  39  47   3  18   0 0.00  0.0    0  5.4 14 280   M    M   3        20 280
17  49  33  41  -3  24   0 0.00  0.0    0  5.0  9  90   M    M   1        12  70
18  48  40  44   1  21   0 0.02  0.0    0  4.2 12  20   M    M  10        13  20
================================================================================
SM 1016  707       304   0  2.15     0.0  98.1          M      103
================================================================================
AV 56.4 39.3                               5.4 FASTST   M    M   6    MAX(MPH)
                                 MISC ---->  # 25  50               # 30   50
================================================================================
NOTES:
# LAST OF SEVERAL OCCURRENCES

COLUMN 17 PEAK WIND IN M.P.H.

PRELIMINARY LOCAL CLIMATOLOGICAL DATA (WS FORM: F-6) , PAGE 2

                                          STATION:  TUPELO
                                          MONTH:    DECEMBER
                                          YEAR:     2014
                                          LATITUDE:   34 16 N
                                          LONGITUDE:  88 46 W

[TEMPERATURE DATA]      [PRECIPITATION DATA]       SYMBOLS USED IN COLUMN 16

AVERAGE MONTHLY: 47.9   TOTAL FOR MONTH:   2.15    1 = FOG OR MIST
DPTR FM NORMAL:   2.6   DPTR FM NORMAL:   -1.79    2 = FOG REDUCING VISIBILITY
HIGHEST:    73 ON  4    GRTST 24HR  1.34 ON  5- 6      TO 1/4 MILE OR LESS
LOWEST:     30 ON 11,10                            3 = THUNDER
                        SNOW, ICE PELLETS, HAIL    4 = ICE PELLETS
                        TOTAL MONTH:   0.0 INCH    5 = HAIL
                        GRTST 24HR     0.0         6 = FREEZING RAIN OR DRIZZLE
                        GRTST DEPTH:   0           7 = DUSTSTORM OR SANDSTORM:
                                                       VSBY 1/2 MILE OR LESS
                                                   8 = SMOKE OR HAZE
[NO. OF DAYS WITH]      [WEATHER - DAYS WITH]      9 = BLOWING SNOW
                                                   X = TORNADO
MAX 32 OR BELOW:   0    0.01 INCH OR MORE:   6
MAX 90 OR ABOVE:   0    0.10 INCH OR MORE:   4
MIN 32 OR BELOW:   2    0.50 INCH OR MORE:   1
MIN  0 OR BELOW:   0    1.00 INCH OR MORE:   1

[HDD (BASE 65) ]
TOTAL THIS MO.   304    CLEAR  (SCALE 0-3)   4
DPTR FM NORMAL   -53    PTCLDY (SCALE 4-7)  10
TOTAL FM JUL 1   941    CLOUDY (SCALE 8-10)  4
DPTR FM NORMAL    62

[CDD (BASE 65) ]
TOTAL THIS MO.     0
DPTR FM NORMAL     0    [PRESSURE DATA]
TOTAL FM JAN 1  1974    HIGHEST SLP M ON M
DPTR FM NORMAL   -70    LOWEST  SLP 29.75 ON 15

[REMARKS]
