000
CXUS53 KAPX 010631
CF6TVC
PRELIMINARY LOCAL CLIMATOLOGICAL DATA (WS FORM: F-6)

                                          STATION:   TRAVERSE CITY MI
                                          MONTH:     JULY
                                          YEAR:      2015
                                          LATITUDE:   44 44 N
                                          LONGITUDE:  85 34 W

  TEMPERATURE IN F:       :PCPN:    SNOW:  WIND      :SUNSHINE: SKY     :PK WND
================================================================================
1   2   3   4   5  6A  6B    7    8   9   10  11  12  13   14  15   16   17  18
                                     12Z  AVG MX 2MIN
DY MAX MIN AVG DEP HDD CDD  WTR  SNW DPTH SPD SPD DIR MIN PSBL S-S WX    SPD DR
================================================================================

 1  61  47  54 -14  11   0    T    M    M  6.0 12 310   M    M   8        18 300
 2  73  44  59  -9   6   0 0.00    M    M  3.9 13  10   M    M   1        17  10
 3  77  51  64  -4   1   0    T    M    M  3.9 14 260   M    M   7        21 250
 4  77  60  69   1   0   4 0.00    M    M  3.5 13  30   M    M   6 1      15  30
 5  87  56  72   3   0   7 0.00    M    M  2.8  9 190   M    M   5 18     14 230
 6  86  64  75   6   0  10    T    M    M  5.8 22 210   M    M   7 8      33 210
 7  73  51  62  -7   3   0 0.56    M    M 10.0 21 330   M    M   7 1      27 320
 8  76  47  62  -7   3   0 0.00    M    M  3.0 13 340   M    M   5        15 330
 9  75  54  65  -4   0   0 0.00    M    M  3.1 10  40   M    M   4        14  20
10  84  53  69   0   0   4 0.00    M    M  4.1 14 270   M    M   2        19 280
11  86  59  73   4   0   8 0.00    M    M  3.9 15 270   M    M   5        18 240
12  84  62  73   4   0   8 0.06    M    M  2.8 14 320   M    M   4 1      27 360
13  83  66  75   6   0  10 0.29    M    M  2.9 12 200   M    M   5 1      19 160
14  71  60  66  -3   0   1 0.05    M    M  8.3 18  10   M    M   9 18     25 360
15  73  49  61  -8   4   0 0.00    M    M  3.8 12 100   M    M   2        16  50
16  83  55  69   0   0   4 0.00    M    M  4.2 18 210   M    M   5        25 210
17  76  64  70   1   0   5 0.04    M    M  4.0 16 280   M    M   8 18     19 280
18  88  68  78   9   0  13 0.04    M    M  5.6 32 270   M    M   4 13     43 270
19  83  68  76   7   0  11 0.00    M    M  9.3 20 280   M    M   3        25 290
20  85  64  75   6   0  10 0.00    M    M  8.6 24 260   M    M   5        35 270
21  78  56  67  -2   0   2 0.00    M    M  5.3 17 330   M    M   3        24 320
22  80  53  67  -2   0   2 0.00    M    M  4.1 15 330   M    M   3        21 360
23  85  54  70   1   0   5 0.00    M    M  3.6 12  30   M    M   2        18  20
24  88  66  77   8   0  12 0.00    M    M  6.6 20 260   M    M   5        28 270
25  83  64  74   5   0   9 0.03    M    M  4.2 14 350   M    M   5 13     17 360
26  91  59  75   6   0  10 0.00    M    M  3.6 13 280   M    M   3        17 280
27  92  61  77   8   0  12 0.00    M    M  3.4 12  40   M    M   2        16  20
28  93  62  78   9   0  13 0.00    M    M  3.5 14 260   M    M   5        18 240
29  88  71  80  11   0  15 0.00    M    M  8.0 23 260   M    M   5        37 260
30  87  70  79  10   0  14 0.00    M    M 12.4 30 280   M    M   2        37 280
31  84  62  73   4   0   8 0.00    M    M  8.8 22 290   M    M   3        30 290
================================================================================
SM 2530 1820        28 197  1.07    M    163.0          M      140
================================================================================
AV 81.6 58.7                               5.3 FASTST   M    M   5    MAX(MPH)
                                 MISC ---->  # 32 270               # 43  270
================================================================================
NOTES:
# LAST OF SEVERAL OCCURRENCES

COLUMN 17 PEAK WIND IN M.P.H.

PRELIMINARY LOCAL CLIMATOLOGICAL DATA (WS FORM: F-6) , PAGE 2

                                          STATION:  TRAVERSE CITY MI
                                          MONTH:    JULY
                                          YEAR:     2015
                                          LATITUDE:   44 44 N
                                          LONGITUDE:  85 34 W

[TEMPERATURE DATA]      [PRECIPITATION DATA]       SYMBOLS USED IN COLUMN 16

AVERAGE MONTHLY: 70.2   TOTAL FOR MONTH:   1.07    1 = FOG OR MIST
DPTR FM NORMAL:   1.2   DPTR FM NORMAL:   -1.95    2 = FOG REDUCING VISIBILITY
HIGHEST:    93 ON 28    GRTST 24HR  0.56 ON  7- 7      TO 1/4 MILE OR LESS
LOWEST:     44 ON  2                               3 = THUNDER
                        SNOW, ICE PELLETS, HAIL    4 = ICE PELLETS
                        TOTAL MONTH:    M          5 = HAIL
                        GRTST 24HR    M  ON   M    6 = FREEZING RAIN OR DRIZZLE
                        GRTST DEPTH:  M  ON   M    7 = DUSTSTORM OR SANDSTORM:
                                                       VSBY 1/2 MILE OR LESS
                                                   8 = SMOKE OR HAZE
[NO. OF DAYS WITH]      [WEATHER - DAYS WITH]      9 = BLOWING SNOW
                                                   X = TORNADO
MAX 32 OR BELOW:   0    0.01 INCH OR MORE:   7
MAX 90 OR ABOVE:   3    0.10 INCH OR MORE:   2
MIN 32 OR BELOW:   0    0.50 INCH OR MORE:   1
MIN  0 OR BELOW:   0    1.00 INCH OR MORE:   0

[HDD (BASE 65) ]
TOTAL THIS MO.    28    CLEAR  (SCALE 0-3)  10
DPTR FM NORMAL     0    PTCLDY (SCALE 4-7)  19
TOTAL FM JUL 1    28    CLOUDY (SCALE 8-10)  2
DPTR FM NORMAL     0

[CDD (BASE 65) ]
TOTAL THIS MO.   197
DPTR FM NORMAL    45    [PRESSURE DATA]
TOTAL FM JAN 1   256    HIGHEST SLP M ON M
DPTR FM NORMAL     3    LOWEST  SLP 29.45 ON 14

[REMARKS]
#FINAL-07-15#
