357
CXUS53 KAPX 240631
CF6TVC
PRELIMINARY LOCAL CLIMATOLOGICAL DATA (WS FORM: F-6)

                                          STATION:   TRAVERSE CITY MI
                                          MONTH:     NOVEMBER
                                          YEAR:      2017
                                          LATITUDE:   44 44 N
                                          LONGITUDE:  85 34 W

  TEMPERATURE IN F:       :PCPN:    SNOW:  WIND      :SUNSHINE: SKY     :PK WND
================================================================================
1   2   3   4   5  6A  6B    7    8   9   10  11  12  13   14  15   16   17  18
                                     12Z  AVG MX 2MIN
DY MAX MIN AVG DEP HDD CDD  WTR  SNW DPTH SPD SPD DIR MIN PSBL S-S WX    SPD DR
================================================================================

 1  42  36  39  -4  26   0    T    M    M  3.9 10 140   M    M  10 18     17 150
 2  48  38  43   1  22   0 0.11    M    M  3.1 12 310   M    M  10 1      16 320
 3  46  37  42   0  23   0    T    M    M  8.3 21 330   M    M   9        26 320
 4  43  34  39  -3  26   0 0.06    M    M  4.6 12 100   M    M  10 1      16 100
 5  49  41  45   4  20   0    T    M    M  5.5 16 320   M    M  10 1      22 320
 6  41  31  36  -5  29   0 0.00    M    M  7.0 18 330   M    M   8        24 320
 7  41  25  33  -7  32   0 0.00    M    M  3.7 14 330   M    M   6        19 320
 8  41  25  33  -7  32   0 0.00    M    M  6.0 17 260   M    M   4        24 240
 9  39  20  30 -10  35   0 0.16    M    M 12.7 26 330   M    M  10 18     36 330
10  25  16  21 -18  44   0 0.01    M    M  7.3 22 300   M    M   7 18     29 320
11  33  19  26 -13  39   0    T    M    M  5.0 14 150   M    M   7        20 150
12  39  32  36  -3  29   0 0.00    M    M  1.4  6 260   M    M  10 1       8 190
13  41  29  35  -3  30   0 0.00    M    M  1.4 10 280   M    M  10 1      12 280
14  48  32  40   2  25   0 0.03    M    M  4.4 15 210   M    M   8 18     23 210
15  45  39  42   4  23   0 0.43    M    M  8.6 23 280   M    M  10 1      30 290
16  39  31  35  -2  30   0 0.04    M    M 13.5 29 300   M    M  10 1      36 330
17  41  28  35  -2  30   0 0.44    M    M  5.7 16 170   M    M   8 1      23 160
18  42  34  38   2  27   0 0.13    M    M  8.7 21 320   M    M  10 18     30 350
19  36  27  32  -4  33   0 0.01    M    M 11.7 22 310   M    M  10 18     30 330
20  49  30  40   4  25   0 0.00    M    M  6.4 16 210   M    M   7        33 220
21  49  29  39   4  26   0    T    M    M 13.9 24 310   M    M   6        31 280
22  32  28  30  -5  35   0    T    M    M  7.3 17 310   M    M  10 8      22 300
23  42  30  36   2  29   0 0.00    M    M  6.2 18 270   M    M   7        24 260
================================================================================
SM  951  691       670   0  1.42    M    156.3          M      197
================================================================================
AV 41.4 30.0                               6.8 FASTST   M    M   9    MAX(MPH)
                                 MISC ---->  # 29 300               # 36  330
================================================================================
NOTES:
# LAST OF SEVERAL OCCURRENCES

COLUMN 17 PEAK WIND IN M.P.H.

PRELIMINARY LOCAL CLIMATOLOGICAL DATA (WS FORM: F-6) , PAGE 2

                                          STATION:  TRAVERSE CITY MI
                                          MONTH:    NOVEMBER
                                          YEAR:     2017
                                          LATITUDE:   44 44 N
                                          LONGITUDE:  85 34 W

[TEMPERATURE DATA]      [PRECIPITATION DATA]       SYMBOLS USED IN COLUMN 16

AVERAGE MONTHLY: 35.7   TOTAL FOR MONTH:   1.42    1 = FOG OR MIST
DPTR FM NORMAL:  -2.9   DPTR FM NORMAL:   -0.69    2 = FOG REDUCING VISIBILITY
HIGHEST:    49 ON 21,20 GRTST 24HR  0.44 ON 17-17      TO 1/4 MILE OR LESS
LOWEST:     16 ON 10                               3 = THUNDER
                        SNOW, ICE PELLETS, HAIL    4 = ICE PELLETS
                        TOTAL MONTH:    M          5 = HAIL
                        GRTST 24HR    M  ON   M    6 = FREEZING RAIN OR DRIZZLE
                        GRTST DEPTH:  M  ON   M    7 = DUSTSTORM OR SANDSTORM:
                                                       VSBY 1/2 MILE OR LESS
                                                   8 = SMOKE OR HAZE
[NO. OF DAYS WITH]      [WEATHER - DAYS WITH]      9 = BLOWING SNOW
                                                   X = TORNADO
MAX 32 OR BELOW:   2    0.01 INCH OR MORE:  10
MAX 90 OR ABOVE:   0    0.10 INCH OR MORE:   5
MIN 32 OR BELOW:  16    0.50 INCH OR MORE:   0
MIN  0 OR BELOW:   0    1.00 INCH OR MORE:   0

[HDD (BASE 65) ]
TOTAL THIS MO.   670    CLEAR  (SCALE 0-3)   0
DPTR FM NORMAL    64    PTCLDY (SCALE 4-7)   8
TOTAL FM JUL 1  1121    CLOUDY (SCALE 8-10) 15
DPTR FM NORMAL  -272

[CDD (BASE 65) ]
TOTAL THIS MO.     0
DPTR FM NORMAL     0    [PRESSURE DATA]
TOTAL FM JAN 1   528    HIGHEST SLP M ON M
DPTR FM NORMAL   117    LOWEST  SLP 29.43 ON 21

[REMARKS]
