961
CXUS55 KREV 260840
CF6TVL
PRELIMINARY LOCAL CLIMATOLOGICAL DATA (WS FORM: F-6)

                                          STATION:   SOUTH LAKE TAHOE CA
                                          MONTH:     SEPTEMBER
                                          YEAR:      2017
                                          LATITUDE:   38 53 N
                                          LONGITUDE: 119 60 W

  TEMPERATURE IN F:       :PCPN:    SNOW:  WIND      :SUNSHINE: SKY     :PK WND
================================================================================
1   2   3   4   5  6A  6B    7    8   9   10  11  12  13   14  15   16   17  18
                                     12Z  AVG MX 2MIN
DY MAX MIN AVG DEP HDD CDD  WTR  SNW DPTH SPD SPD DIR MIN PSBL S-S WX    SPD DR
================================================================================

 1  85  42  64   6   1   0 0.00  0.0    0  3.6 17  40   M    M   0        27  30
 2  87  43  65   8   0   0 0.00  0.0    0  1.9  9  20   M    M   0        14  20
 3  85  49  67  10   0   2    T  0.0    0  3.0 20 200   M    M   0        24 190
 4  86  47  67  10   0   2 0.00  0.0    0  3.1 18 180   M    M   2        25 180
 5  87  47  67  10   0   2 0.09  0.0    0  3.8 21 200   M    M   2 13     26 200
 6  75  48  62   6   3   0 0.19  0.0    0  2.8 18  60   M    M   2 13     28  50
 7  75  45  60   4   5   0 0.00  0.0    0  5.0 20 180   M    M   0 1      25 190
 8  71  42  57   1   8   0 0.09  0.0    0  2.4 14  50   M    M   4 13     20  30
 9  73  36  55  -1  10   0 0.00  0.0    0  3.1 10 190   M    M   1 3      15  20
10  78  40  59   3   6   0 0.00  0.0    0  4.2 15  30   M    M   0        21  30
11  80  44  62   7   3   0 0.19  0.0    0  2.5 35 190   M    M   4 138    42 180
12  72  47  60   5   5   0 0.11  0.0    0  3.5 12 190   M    M   3 13     15 200
13  74  42  58   3   7   0 0.01  0.0    0  3.4 18 180   M    M   1 3      24 210
14  70  39  55   0  10   0 0.00  0.0    0  5.3 21 190   M    M   1        30 200
15  66  37  52  -2  13   0 0.00  0.0    0  3.5 13  30   M    M   1        20  30
16  67  31  49  -5  16   0 0.00  0.0    0  4.5 15 190   M    M   0        18 190
17  69  33  51  -3  14   0 0.00  0.0    0  4.1 17 180   M    M   0        25 200
18  63  39  51  -3  14   0 0.00  0.0    0  9.0 24 180   M    M   4        38 190
19  62  40  51  -2  14   0 0.00  0.0    0 10.2 24 180   M    M   0        31 190
20  59  39  49  -4  16   0 0.31  0.0    0 12.0 29 190   M    M   8 1      46 180
21  46  31  39 -14  26   0 0.03    T    0  5.2 18 180   M    M   5 1      27 190
22  45  30  38 -14  27   0 0.04    T    0  2.1  8 170   M    M   6 1      11  30
23  52  25  39 -13  26   0 0.00  0.0    0  4.4 16  70   M    M   0        22  70
24  58  26  42 -10  23   0 0.00  0.0    0  3.4 14  70   M    M   0        18  70
25  62  28  45  -7  20   0 0.00  0.0    0  2.8 13  20   M    M   0        19  40
================================================================================
SM 1747  970       267   6  1.06    T    108.8          M       44
================================================================================
AV 69.9 38.8                               4.4 FASTST   M    M   2    MAX(MPH)
                                 MISC ---->  # 35 190               # 46  180
================================================================================
NOTES:
# LAST OF SEVERAL OCCURRENCES

COLUMN 17 PEAK WIND IN M.P.H.

PRELIMINARY LOCAL CLIMATOLOGICAL DATA (WS FORM: F-6) , PAGE 2

                                          STATION:  SOUTH LAKE TAHOE CA
                                          MONTH:    SEPTEMBER
                                          YEAR:     2017
                                          LATITUDE:   38 53 N
                                          LONGITUDE: 119 60 W

[TEMPERATURE DATA]      [PRECIPITATION DATA]       SYMBOLS USED IN COLUMN 16

AVERAGE MONTHLY: 54.3   TOTAL FOR MONTH:   1.06    1 = FOG OR MIST
DPTR FM NORMAL:  -0.4   DPTR FM NORMAL:    0.66    2 = FOG REDUCING VISIBILITY
HIGHEST:    87 ON  5, 2 GRTST 24HR  0.31 ON 20-20      TO 1/4 MILE OR LESS
LOWEST:     25 ON 23                               3 = THUNDER
                        SNOW, ICE PELLETS, HAIL    4 = ICE PELLETS
                        TOTAL MONTH:    T          5 = HAIL
                        GRTST 24HR    T  ON 22-22  6 = FREEZING RAIN OR DRIZZLE
                        GRTST DEPTH:   0           7 = DUSTSTORM OR SANDSTORM:
                                                       VSBY 1/2 MILE OR LESS
                                                   8 = SMOKE OR HAZE
[NO. OF DAYS WITH]      [WEATHER - DAYS WITH]      9 = BLOWING SNOW
                                                   X = TORNADO
MAX 32 OR BELOW:   0    0.01 INCH OR MORE:   9
MAX 90 OR ABOVE:   0    0.10 INCH OR MORE:   4
MIN 32 OR BELOW:   6    0.50 INCH OR MORE:   0
MIN  0 OR BELOW:   0    1.00 INCH OR MORE:   0

[HDD (BASE 65) ]
TOTAL THIS MO.   267    CLEAR  (SCALE 0-3)  19
DPTR FM NORMAL     8    PTCLDY (SCALE 4-7)   6
TOTAL FM JUL 1   363    CLOUDY (SCALE 8-10)  0
DPTR FM NORMAL  -192

[CDD (BASE 65) ]
TOTAL THIS MO.     6
DPTR FM NORMAL     6    [PRESSURE DATA]
TOTAL FM JAN 1    81    HIGHEST SLP M ON M
DPTR FM NORMAL    51    LOWEST  SLP 29.71 ON 21

[REMARKS]
