000
CXUS55 KREV 230840
CF6TVL
PRELIMINARY LOCAL CLIMATOLOGICAL DATA (WS FORM: F-6)

                                          STATION:   SOUTH LAKE TAHOE CA
                                          MONTH:     MAY
                                          YEAR:      2015
                                          LATITUDE:   38 53 N
                                          LONGITUDE: 119 60 W

  TEMPERATURE IN F:       :PCPN:    SNOW:  WIND      :SUNSHINE: SKY     :PK WND
================================================================================
1   2   3   4   5  6A  6B    7    8   9   10  11  12  13   14  15   16   17  18
                                     12Z  AVG MX 2MIN
DY MAX MIN AVG DEP HDD CDD  WTR  SNW DPTH SPD SPD DIR MIN PSBL S-S WX    SPD DR
================================================================================

 1  73  34  54  10  11   0 0.00  0.0    0  4.3 16 200   M    M   M        25 190
 2  70  35  53   9  12   0 0.00  0.0    0  4.6 15 200   M    M   M        21 180
 3  69  31  50   5  15   0 0.00  0.0    0  3.7 20 190   M    M   M        28 190
 4  66  35  51   6  14   0 0.00  0.0    0  2.9 14 190   M    M   M        19 180
 5  67  31  49   4  16   0 0.00  0.0    0  4.6 21 180   M    M   M        27 180
 6  60  30  45  -1  20   0 0.13  0.8    0  6.2 21  30   M    M   M 1      31 200
 7  45  33  39  -7  26   0 0.36    T    T  3.2 12 360   M    M   M 1      17 360
 8  58  36  47   1  18   0 0.10  0.0    0  2.8 13  50   M    M   M 3      21  50
 9  64  36  50   4  15   0 0.00  0.0    0  3.6 13  30   M    M   M 12     20  40
10  65  33  49   3  16   0 0.00  0.0    0  3.2 13 190   M    M   M        17 200
11  62  37  50   3  15   0 0.00  0.0    0 10.6 28 180   M    M   M        41 190
12  53  38  46  -1  19   0 0.00  0.0    0 13.1 24 210   M    M   M        47 210
13  54  34  44  -3  21   0    T  0.0    0  6.7 21 190   M    M   M        28 200
14  47  35  41  -7  24   0 0.23    T    0  2.7 14 180   M    M   M 1      17 180
15  45  35  40  -8  25   0 0.18  0.3    T  4.7 13 190   M    M   M 1      20 190
16  55  36  46  -2  19   0    T  0.0    0  3.4 10 190   M    M   M        20 180
17  51  33  42  -6  23   0 0.19  0.0    0  2.1 13 150   M    M   M 1      18 170
18  52  33  43  -5  22   0    T  0.0    0  3.8 16 190   M    M   M 12     20 150
19  56  38  47  -2  18   0 0.04  0.0    0  3.0 15 180   M    M   M        17 180
20  55  34  45  -4  20   0 0.10  0.0    0  3.4 12  30   M    M   M 3      16  30
21  54  36  45  -4  20   0 0.32  0.0    0  2.2 13  30   M    M   M 13     16  30
22  56  43  50   1  15   0 0.14  0.0    0  3.1 13 190   M    M   M 1      15  30
================================================================================
SM 1277  766       404   0  1.79     1.1  97.9          M        M
================================================================================
AV 58.0 34.8                               4.4 FASTST   M    M -nan   MAX(MPH)
                                 MISC ---->  # 28 180                 47    M
================================================================================
NOTES:
# LAST OF SEVERAL OCCURRENCES

COLUMN 17 PEAK WIND IN M.P.H.

PRELIMINARY LOCAL CLIMATOLOGICAL DATA (WS FORM: F-6) , PAGE 2

                                          STATION:  SOUTH LAKE TAHOE CA
                                          MONTH:    MAY
                                          YEAR:     2015
                                          LATITUDE:   38 53 N
                                          LONGITUDE: 119 60 W

[TEMPERATURE DATA]      [PRECIPITATION DATA]       SYMBOLS USED IN COLUMN 16

AVERAGE MONTHLY: 46.4   TOTAL FOR MONTH:   1.79    1 = FOG OR MIST
DPTR FM NORMAL:  -0.4   DPTR FM NORMAL:    0.96    2 = FOG REDUCING VISIBILITY
HIGHEST:    73 ON  1    GRTST 24HR  0.40 ON 14-15      TO 1/4 MILE OR LESS
LOWEST:     30 ON  6                               3 = THUNDER
                        SNOW, ICE PELLETS, HAIL    4 = ICE PELLETS
                        TOTAL MONTH:   1.1 INCHES  5 = HAIL
                        GRTST 24HR   0.8 ON   M    6 = FREEZING RAIN OR DRIZZLE
                        GRTST DEPTH:   0           7 = DUSTSTORM OR SANDSTORM:
                                                       VSBY 1/2 MILE OR LESS
                                                   8 = SMOKE OR HAZE
[NO. OF DAYS WITH]      [WEATHER - DAYS WITH]      9 = BLOWING SNOW
                                                   X = TORNADO
MAX 32 OR BELOW:   0    0.01 INCH OR MORE:  10
MAX 90 OR ABOVE:   0    0.10 INCH OR MORE:   9
MIN 32 OR BELOW:   3    0.50 INCH OR MORE:   0
MIN  0 OR BELOW:   0    1.00 INCH OR MORE:   0

[HDD (BASE 65) ]
TOTAL THIS MO.   404    CLEAR  (SCALE 0-3)   0
DPTR FM NORMAL     4    PTCLDY (SCALE 4-7)   0
TOTAL FM JUL 1  5568    CLOUDY (SCALE 8-10)  0
DPTR FM NORMAL -1722

[CDD (BASE 65) ]
TOTAL THIS MO.     0
DPTR FM NORMAL     0    [PRESSURE DATA]
TOTAL FM JAN 1     0    HIGHEST SLP M ON M
DPTR FM NORMAL     0    LOWEST  SLP 29.68 ON M

[REMARKS]
