000
CXUS55 KBOI 231002
CF6TWF
PRELIMINARY LOCAL CLIMATOLOGICAL DATA (WS FORM: F-6)

                                          STATION:   TWIN FALLS ID
                                          MONTH:     APRIL
                                          YEAR:      2017
                                          LATITUDE:   42 28 N
                                          LONGITUDE: 114 29 W

  TEMPERATURE IN F:       :PCPN:    SNOW:  WIND      :SUNSHINE: SKY     :PK WND
================================================================================
1   2   3   4   5  6A  6B    7    8   9   10  11  12  13   14  15   16   17  18
                                     12Z  AVG MX 2MIN
DY MAX MIN AVG DEP HDD CDD  WTR  SNW DPTH SPD SPD DIR MIN PSBL S-S WX    SPD DR
================================================================================

 1  58  36  47   2  18   0 0.00    M    M 12.3 21 280   M    M   1        26 270
 2  55  35  45   0  20   0 0.04    M    M 20.7 33 270   M    M   3 1      41 260
 3  46  29  38  -8  27   0 0.00    M    M 18.4 30 270   M    M   0        37 250
 4  51  25  38  -8  27   0 0.00    M    M  7.1 17 230   M    M   0        21 240
 5  65  38  52   6  13   0 0.00    M    M  9.8 28 160   M    M   3        35 160
 6  67  40  54   8  11   0 0.00    M    M 12.8 36 160   M    M   6        44 150
 7  63  45  54   8  11   0 0.03    M    M 14.0 38 210   M    M   5        51 210
 8  50  32  41  -5  24   0 0.19    M    M 17.6 32 260   M    M   8 13     41 160
 9  49  28  39  -7  26   0 0.00    M    M 13.1 28 240   M    M   1        36 250
10  54  26  40  -7  25   0 0.00    M    M 11.7 30 260   M    M   4        36 260
11  57  27  42  -5  23   0    T    M    M  5.9 17  90   M    M   4        25 100
12  72  31  52   5  13   0 0.00    M    M 10.6 22 120   M    M   1        30 180
13  63  37  50   3  15   0 0.14    M    M 13.8 33 250   M    M   6 1      39 260
14  46  28  37 -11  28   0    T    M    M 15.0 36 280   M    M   6 1      43 280
15  54  26  40  -8  25   0 0.00    M    M  8.1 13 190   M    M   0        16 350
16  66  24  45  -3  20   0 0.00    M    M  9.1 20 190   M    M   1        27 150
17  57  45  51   3  14   0 0.04    M    M  9.7 28 240   M    M   7 1      35 250
18  52  41  47  -1  18   0 0.25    M    M 11.4 21 280   M    M   7 1      27 270
19  59  36  48  -1  17   0    T    M    M  9.0 15 190   M    M   2 3      19 190
20  53  36  45  -4  20   0 0.01    M    M 16.2 37 260   M    M   7        45 260
21  55  30  43  -6  22   0 0.00    M    M 14.7 23 240   M    M   1        27 240
22  66  29  48  -1  17   0 0.00    M    M 13.8 25 160   M    M   1        31 160
================================================================================
SM 1258  724       434   0  0.70    M    274.8          M       74
================================================================================
AV 57.2 32.9                              12.5 FASTST   M    M   3    MAX(MPH)
                                 MISC ---->  # 38 210               # 51  210
================================================================================
NOTES:
# LAST OF SEVERAL OCCURRENCES

COLUMN 17 PEAK WIND IN M.P.H.

PRELIMINARY LOCAL CLIMATOLOGICAL DATA (WS FORM: F-6) , PAGE 2

                                          STATION:  TWIN FALLS ID
                                          MONTH:    APRIL
                                          YEAR:     2017
                                          LATITUDE:   42 28 N
                                          LONGITUDE: 114 29 W

[TEMPERATURE DATA]      [PRECIPITATION DATA]       SYMBOLS USED IN COLUMN 16

AVERAGE MONTHLY: 45.1   TOTAL FOR MONTH:   0.70    1 = FOG OR MIST
DPTR FM NORMAL:  -2.0   DPTR FM NORMAL:   -0.10    2 = FOG REDUCING VISIBILITY
HIGHEST:    72 ON 12    GRTST 24HR  0.25 ON 18-18      TO 1/4 MILE OR LESS
LOWEST:     24 ON 16                               3 = THUNDER
                        SNOW, ICE PELLETS, HAIL    4 = ICE PELLETS
                        TOTAL MONTH:    M          5 = HAIL
                        GRTST 24HR    M  ON   M    6 = FREEZING RAIN OR DRIZZLE
                        GRTST DEPTH:  M  ON   M    7 = DUSTSTORM OR SANDSTORM:
                                                       VSBY 1/2 MILE OR LESS
                                                   8 = SMOKE OR HAZE
[NO. OF DAYS WITH]      [WEATHER - DAYS WITH]      9 = BLOWING SNOW
                                                   X = TORNADO
MAX 32 OR BELOW:   0    0.01 INCH OR MORE:   7
MAX 90 OR ABOVE:   0    0.10 INCH OR MORE:   3
MIN 32 OR BELOW:  12    0.50 INCH OR MORE:   0
MIN  0 OR BELOW:   0    1.00 INCH OR MORE:   0

[HDD (BASE 65) ]
TOTAL THIS MO.   434    CLEAR  (SCALE 0-3)  11
DPTR FM NORMAL    40    PTCLDY (SCALE 4-7)  11
TOTAL FM JUL 1  5828    CLOUDY (SCALE 8-10)  0
DPTR FM NORMAL   145

[CDD (BASE 65) ]
TOTAL THIS MO.     0
DPTR FM NORMAL     0    [PRESSURE DATA]
TOTAL FM JAN 1     0    HIGHEST SLP M ON M
DPTR FM NORMAL     0    LOWEST  SLP 29.47 ON  7

[REMARKS]
