000
CXUS55 KBOI 251002
CF6TWF
PRELIMINARY LOCAL CLIMATOLOGICAL DATA (WS FORM: F-6)

                                          STATION:   TWIN FALLS ID
                                          MONTH:     DECEMBER
                                          YEAR:      2014
                                          LATITUDE:   42 28 N
                                          LONGITUDE: 114 29 W

  TEMPERATURE IN F:       :PCPN:    SNOW:  WIND      :SUNSHINE: SKY     :PK WND
================================================================================
1   2   3   4   5  6A  6B    7    8   9   10  11  12  13   14  15   16   17  18
                                     12Z  AVG MX 2MIN
DY MAX MIN AVG DEP HDD CDD  WTR  SNW DPTH SPD SPD DIR MIN PSBL S-S WX    SPD DR
================================================================================

 1  48  29  39   8  26   0    T    M    M  6.5 16 190   M    M   9        19 200
 2  50  35  43  12  22   0 0.00    M    M  6.8 16  80   M    M   3 18     19  80
 3  53  36  45  15  20   0    T    M    M  9.3 23 160   M    M   7        29 160
 4  57  38  48  18  17   0 0.03    M    M 10.3 23 170   M    M   5        29 170
 5  56  37  47  17  18   0 0.01    M    M  6.6 14 180   M    M   2        17 190
 6  59  37  48  18  17   0    T    M    M  9.0 20 170   M    M   4        26 190
 7  57  35  46  17  19   0 0.00    M    M  6.9 13  50   M    M   2        15  50
 8  53  30  42  13  23   0 0.00    M    M  6.4 12 190   M    M   0 1      13 180
 9  52  30  41  12  24   0 0.00    M    M  6.8 13 180   M    M   2        15 180
10  56  31  44  15  21   0 0.00    M    M  6.7 33 140   M    M   0        40 140
11  59  39  49  21  16   0 0.00    M    M 19.8 43 150   M    M   2        53 150
12  62  40  51  23  14   0 0.02    M    M 13.6 41 150   M    M   1        50 150
13  42  32  37   9  28   0 0.08    M    M 19.5 31 260   M    M   5 1      39 250
14  39  21  30   2  35   0 0.00    M    M  8.8 16 260   M    M   0        22 200
15  45  21  33   5  32   0    T    M    M  7.0 15  60   M    M   3 18     19 150
16  37  28  33   5  32   0 0.04    M    M  5.2 10  70   M    M   9 18     12  80
17  44  23  34   6  31   0 0.00    M    M  5.3 13 150   M    M   0        13  30
18  47  27  37   9  28   0    T    M    M  7.8 15 170   M    M   7        19 180
19  47  36  42  14  23   0 0.14    M    M 11.8 21 180   M    M   9 1      28 190
20  46  35  41  13  24   0 0.33    M    M 10.7 18 180   M    M   9 1      24 170
21  53  37  45  17  20   0 0.45    M    M 22.5 37 240   M    M  10 1      49 230
22  45  33  39  11  26   0    T    M    M 20.9 40 270   M    M   6 1      50 280
23  41  28  35   7  30   0 0.00    M    M  7.1 15 220   M    M   2        19 220
24  48  28  38  10  27   0 0.06    M    M 12.3 45 260   M    M   5 1      57 260
================================================================================
SM 1196  766       573   0  1.16    M    247.6          M      102
================================================================================
AV 49.8 31.9                              10.3 FASTST   M    M   4    MAX(MPH)
                                 MISC ---->  # 45 260               # 57  260
================================================================================
NOTES:
# LAST OF SEVERAL OCCURRENCES

COLUMN 17 PEAK WIND IN M.P.H.

PRELIMINARY LOCAL CLIMATOLOGICAL DATA (WS FORM: F-6) , PAGE 2

                                          STATION:  TWIN FALLS ID
                                          MONTH:    DECEMBER
                                          YEAR:     2014
                                          LATITUDE:   42 28 N
                                          LONGITUDE: 114 29 W

[TEMPERATURE DATA]      [PRECIPITATION DATA]       SYMBOLS USED IN COLUMN 16

AVERAGE MONTHLY: 40.9   TOTAL FOR MONTH:   1.16    1 = FOG OR MIST
DPTR FM NORMAL:  12.1   DPTR FM NORMAL:    0.15    2 = FOG REDUCING VISIBILITY
HIGHEST:    62 ON 12    GRTST 24HR  0.73 ON 20-21      TO 1/4 MILE OR LESS
LOWEST:     21 ON 15,14                            3 = THUNDER
                        SNOW, ICE PELLETS, HAIL    4 = ICE PELLETS
                        TOTAL MONTH:    M          5 = HAIL
                        GRTST 24HR    M  ON   M    6 = FREEZING RAIN OR DRIZZLE
                        GRTST DEPTH:  M  ON   M    7 = DUSTSTORM OR SANDSTORM:
                                                       VSBY 1/2 MILE OR LESS
                                                   8 = SMOKE OR HAZE
[NO. OF DAYS WITH]      [WEATHER - DAYS WITH]      9 = BLOWING SNOW
                                                   X = TORNADO
MAX 32 OR BELOW:   0    0.01 INCH OR MORE:   9
MAX 90 OR ABOVE:   0    0.10 INCH OR MORE:   3
MIN 32 OR BELOW:  12    0.50 INCH OR MORE:   0
MIN  0 OR BELOW:   0    1.00 INCH OR MORE:   0

[HDD (BASE 65) ]
TOTAL THIS MO.   573    CLEAR  (SCALE 0-3)  12
DPTR FM NORMAL  -298    PTCLDY (SCALE 4-7)   7
TOTAL FM JUL 1  1765    CLOUDY (SCALE 8-10)  5
DPTR FM NORMAL  -544

[CDD (BASE 65) ]
TOTAL THIS MO.     0
DPTR FM NORMAL     0    [PRESSURE DATA]
TOTAL FM JAN 1   851    HIGHEST SLP M ON M
DPTR FM NORMAL   171    LOWEST  SLP 29.49 ON 24

[REMARKS]
