000
CXUS54 KSHV 171300
CF6TXK
PRELIMINARY LOCAL CLIMATOLOGICAL DATA (WS FORM: F-6)

                                          STATION:   TEXARKANA
                                          MONTH:     JANUARY
                                          YEAR:      2017
                                          LATITUDE:   33 27 N
                                          LONGITUDE:  94  0 W

  TEMPERATURE IN F:       :PCPN:    SNOW:  WIND      :SUNSHINE: SKY     :PK WND
================================================================================
1   2   3   4   5  6A  6B    7    8   9   10  11  12  13   14  15   16   17  18
                                     12Z  AVG MX 2MIN
DY MAX MIN AVG DEP HDD CDD  WTR  SNW DPTH SPD SPD DIR MIN PSBL S-S WX    SPD DR
================================================================================

 1  52  48  50   6  15   0 0.00  0.0    0  5.2 10 120   M    M  10 12     15 110
 2  69  48  59  15   6   0 0.44  0.0    0  6.0 23 240   M    M   6 123    27 230
 3  65  41  53  10  12   0 0.00  0.0    0 10.3 20 300   M    M   4 1      24 300
 4  43  36  40  -3  25   0 0.00  0.0    0  6.8 15  40   M    M   6        20  40
 5  42  33  38  -5  27   0 0.00  0.0    0  7.4 14  10   M    M  10 1      20  20
 6  33  17  25 -18  40   0 0.01  0.1    T 10.2 17  20   M    M   9 1      26  20
 7  35  12  24 -19  41   0 0.00  0.0    0  2.9  8 320   M    M   0        11 310
 8  43  22  33 -10  32   0 0.00  0.0    0  5.6 15 140   M    M   0        20 170
 9  56  25  41  -2  24   0 0.00  0.0    0  9.4 21 180   M    M   7        30 190
10  77  56  67  24   0   2 0.00  0.0    0 14.7 31 230   M    M   7        42 230
11  77  63  70  27   0   5 0.00  0.0    0 14.8 29 200   M    M   7        39 190
12  78  66  72  28   0   7    T  0.0    0 10.2 20 190   M    M  10        30 200
13  68  55  62  18   3   0 0.02  0.0    0  5.5 12  80   M    M  10 1      17 200
14  57  49  53   9  12   0 0.13  0.0    0  5.6  9  60   M    M   9 12     12  60
15  61  50  56  12   9   0 0.06  0.0    0  5.9 10  80   M    M  10 128    14  60
16  69  54  62  18   3   0 1.02  0.0    0  8.6 21 160   M    M  10 1      27 140
================================================================================
SM  925  675       249  14  1.68     0.1 129.1          M      115
================================================================================
AV 57.8 42.2                               8.1 FASTST   M    M   7    MAX(MPH)
                                 MISC ---->  # 31 230               # 42  230
================================================================================
NOTES:
# LAST OF SEVERAL OCCURRENCES

COLUMN 17 PEAK WIND IN M.P.H.

PRELIMINARY LOCAL CLIMATOLOGICAL DATA (WS FORM: F-6) , PAGE 2

                                          STATION:  TEXARKANA
                                          MONTH:    JANUARY
                                          YEAR:     2017
                                          LATITUDE:   33 27 N
                                          LONGITUDE:  94  0 W

[TEMPERATURE DATA]      [PRECIPITATION DATA]       SYMBOLS USED IN COLUMN 16

AVERAGE MONTHLY: 50.0   TOTAL FOR MONTH:   1.68    1 = FOG OR MIST
DPTR FM NORMAL:   6.6   DPTR FM NORMAL:   -0.11    2 = FOG REDUCING VISIBILITY
HIGHEST:    78 ON 12    GRTST 24HR  1.02 ON 16-16      TO 1/4 MILE OR LESS
LOWEST:     12 ON  7                               3 = THUNDER
                        SNOW, ICE PELLETS, HAIL    4 = ICE PELLETS
                        TOTAL MONTH:   0.1 INCH    5 = HAIL
                        GRTST 24HR   0.1 ON   M    6 = FREEZING RAIN OR DRIZZLE
                        GRTST DEPTH:   T           7 = DUSTSTORM OR SANDSTORM:
                                                       VSBY 1/2 MILE OR LESS
                                                   8 = SMOKE OR HAZE
[NO. OF DAYS WITH]      [WEATHER - DAYS WITH]      9 = BLOWING SNOW
                                                   X = TORNADO
MAX 32 OR BELOW:   0    0.01 INCH OR MORE:   6
MAX 90 OR ABOVE:   0    0.10 INCH OR MORE:   3
MIN 32 OR BELOW:   4    0.50 INCH OR MORE:   1
MIN  0 OR BELOW:   0    1.00 INCH OR MORE:   1

[HDD (BASE 65) ]
TOTAL THIS MO.   249    CLEAR  (SCALE 0-3)   2
DPTR FM NORMAL  -100    PTCLDY (SCALE 4-7)   6
TOTAL FM JUL 1   988    CLOUDY (SCALE 8-10)  8
DPTR FM NORMAL  -428

[CDD (BASE 65) ]
TOTAL THIS MO.    14
DPTR FM NORMAL    14    [PRESSURE DATA]
TOTAL FM JAN 1    14    HIGHEST SLP M ON M
DPTR FM NORMAL    14    LOWEST  SLP 29.73 ON  2

[REMARKS]
