000
CXUS53 KSGF 250800
CF6UNO
PRELIMINARY LOCAL CLIMATOLOGICAL DATA (WS FORM: F-6)

                                          STATION:   WEST PLAINS MO
                                          MONTH:     MARCH
                                          YEAR:      2017
                                          LATITUDE:   36 52 N
                                          LONGITUDE:  91 55 W

  TEMPERATURE IN F:       :PCPN:    SNOW:  WIND      :SUNSHINE: SKY     :PK WND
================================================================================
1   2   3   4   5  6A  6B    7    8   9   10  11  12  13   14  15   16   17  18
                                     12Z  AVG MX 2MIN
DY MAX MIN AVG DEP HDD CDD  WTR  SNW DPTH SPD SPD DIR MIN PSBL S-S WX    SPD DR
================================================================================

 1  70  36  53  11  12   0 0.01    M    M 14.3 35 270   M    M   2 3      49 290
 2  58  27  43   1  22   0 0.00    M    M  6.2 18 290   M    M   0        31 290
 3  54  26  40  -3  25   0 0.00    M    M  7.6 16 160   M    M   0        23 170
 4  67  39  53  10  12   0 0.00    M    M  9.6 18 210   M    M   0        24 220
 5  55  48  52   8  13   0    T    M    M 11.0 18 170   M    M   9 1      26 180
 6  69  50  60  16   5   0    T    M    M 14.9 28 190   M    M  10 13     39 190
 7  67  39  53   9  12   0 1.78    M    M 10.4 35 190   M    M   3 13     53 180
 8  67  34  51   6  14   0 0.00    M    M  8.1 18 180   M    M   0        29 170
 9  79  46  63  18   2   0 0.37    M    M  9.6 25 310   M    M   2 138    38 320
10  54  36  45   0  20   0 0.00    M    M 10.6 20  10   M    M   1        28  30
11  39  29  34 -12  31   0 0.07    M    M  8.1 15  50   M    M   8 16     20  50
12  47  23  35 -11  30   0 0.00    M    M  6.2 15 150   M    M   1        19 150
13  37  33  35 -11  30   0 0.32    M    M  8.2 18 320   M    M  10 1      25 310
14  34  24  29 -18  36   0 0.01    M    M  8.4 15 350   M    M   9 18     20 360
15  43  17  30 -17  35   0 0.00    M    M  3.2 10 190   M    M   2        13 140
16  44  34  39  -9  26   0 0.00    M    M  9.5 16 160   M    M  10        22 150
17  68  43  56   8   9   0 0.00    M    M  6.3 13 170   M    M   9 128    17 180
18  71  43  57   9   8   0 0.00    M    M  7.9 20 320   M    M   0 12     26 320
19  64  40  52   3  13   0 0.00    M    M  7.9 16 150   M    M   5        21 150
20  89  49  69  20   0   4 0.00    M    M  6.2 20 250   M    M   1 8      27 240
21  68  48  58   9   7   0 0.62    M    M 10.3 23  50   M    M   5 138    30  50
22  61  43  52   2  13   0 0.00    M    M  9.3 17  50   M    M   7        22  50
23  74  44  59   9   6   0 0.00    M    M 10.3 20 160   M    M   4        26 160
24  73  54  64  14   1   0 0.77    M    M 12.8 28 190   M    M   5 1      37 200
================================================================================
SM 1452  905       382   4  3.95    M    216.9          M      103
================================================================================
AV 60.5 37.7                               9.0 FASTST   M    M   4    MAX(MPH)
                                 MISC ---->  # 35 270               # 53  180
================================================================================
NOTES:
# LAST OF SEVERAL OCCURRENCES

COLUMN 17 PEAK WIND IN M.P.H.

PRELIMINARY LOCAL CLIMATOLOGICAL DATA (WS FORM: F-6) , PAGE 2

                                          STATION:  WEST PLAINS MO
                                          MONTH:    MARCH
                                          YEAR:     2017
                                          LATITUDE:   36 52 N
                                          LONGITUDE:  91 55 W

[TEMPERATURE DATA]      [PRECIPITATION DATA]       SYMBOLS USED IN COLUMN 16

AVERAGE MONTHLY: 49.1   TOTAL FOR MONTH:   3.95    1 = FOG OR MIST
DPTR FM NORMAL:   2.9   DPTR FM NORMAL:    0.79    2 = FOG REDUCING VISIBILITY
HIGHEST:    89 ON 20    GRTST 24HR  1.78 ON  7- 7      TO 1/4 MILE OR LESS
LOWEST:     17 ON 15                               3 = THUNDER
                        SNOW, ICE PELLETS, HAIL    4 = ICE PELLETS
                        TOTAL MONTH:    M          5 = HAIL
                        GRTST 24HR    M  ON   M    6 = FREEZING RAIN OR DRIZZLE
                        GRTST DEPTH:  M  ON   M    7 = DUSTSTORM OR SANDSTORM:
                                                       VSBY 1/2 MILE OR LESS
                                                   8 = SMOKE OR HAZE
[NO. OF DAYS WITH]      [WEATHER - DAYS WITH]      9 = BLOWING SNOW
                                                   X = TORNADO
MAX 32 OR BELOW:   0    0.01 INCH OR MORE:   8
MAX 90 OR ABOVE:   0    0.10 INCH OR MORE:   5
MIN 32 OR BELOW:   6    0.50 INCH OR MORE:   3
MIN  0 OR BELOW:   0    1.00 INCH OR MORE:   1

[HDD (BASE 65) ]
TOTAL THIS MO.   382    CLEAR  (SCALE 0-3)  12
DPTR FM NORMAL   -70    PTCLDY (SCALE 4-7)   5
TOTAL FM JUL 1  3031    CLOUDY (SCALE 8-10)  7
DPTR FM NORMAL  -885

[CDD (BASE 65) ]
TOTAL THIS MO.     4
DPTR FM NORMAL     4    [PRESSURE DATA]
TOTAL FM JAN 1     5    HIGHEST SLP M ON M
DPTR FM NORMAL     5    LOWEST  SLP 29.50 ON  1

[REMARKS]
