000
CXUS53 KUNR 280945
CF6UNR
PRELIMINARY LOCAL CLIMATOLOGICAL DATA (WS FORM: F-6)

                                          STATION:   EAST RAPID CITY SD
                                          MONTH:     FEBRUARY
                                          YEAR:      2017
                                          LATITUDE:   44  4 N
                                          LONGITUDE: 103 13 W

  TEMPERATURE IN F:       :PCPN:    SNOW:  WIND      :SUNSHINE: SKY     :PK WND
================================================================================
1   2   3   4   5  6A  6B    7    8   9   10  11  12  13   14  15   16   17  18
                                     12Z  AVG MX 2MIN
DY MAX MIN AVG DEP HDD CDD  WTR  SNW DPTH SPD SPD DIR MIN PSBL S-S WX    SPD DR
================================================================================

 1  20   8  14 -13  51   0 0.01  0.4    1 10.2  M   M   M    M   M        35 360
 2  15   6  11 -16  54   0 0.04  1.2    1  5.4 13  10   M    M   M        17 300
 3  27  -3  12 -15  53   0 0.00  0.0    2  9.1 23 180   M    M   M        32 170
 4  40  12  26  -1  39   0 0.00  0.0    2  9.7 26 360   M    M   M        32 360
 5  43   8  26  -1  39   0 0.00  0.0    T  5.7 13 150   M    M   M        15 160
 6  49  12  31   4  34   0    T    T    T  7.7 18 360   M    M   M        24 360
 7  15   6  11 -16  54   0 0.09  2.3    T  9.6 22 360   M    M   M 1      32 350
 8  11   1   6 -21  59   0 0.03  0.9    3  5.9 13 140   M    M   M        15 150
 9  60  10  35   8  30   0 0.00  0.0    3  9.5 20 260   M    M   M        41 250
10  61  40  51  24  14   0 0.01  0.0    T  8.1 21 260   M    M   M        38 260
11  50  28  39  11  26   0    T  0.0    0 11.9 29 320   M    M   M        41 320
12  47  27  37   9  28   0 0.00  0.0    0  6.8 17 120   M    M   M        28 120
13  52  34  43  15  22   0 0.00  0.0    0 11.3 25 330   M    M   M        37 350
14  48  33  41  13  24   0 0.00  0.0    0  9.3 23  10   M    M   M        30 360
15  68  28  48  20  17   0 0.00  0.0    0  5.8 13  20   M    M   M        16 270
16  72  48  60  32   5   0 0.00  0.0    0  6.8 14 260   M    M   M        21 260
17  63  38  51  23  14   0 0.00  0.0    0  8.2 20 310   M    M   M        29 320
18  66  37  52  23  13   0 0.00  0.0    0  7.6 15 180   M    M   M        21 270
19  68  38  53  24  12   0 0.00  0.0    0  6.7 18 190   M    M   M        29 230
20  62  44  53  24  12   0    T  0.0    0 10.8 26 320   M    M   M        38 320
21  69  45  57  28   8   0 0.02  0.0    0 10.2 26 280   M    M   M        41 280
22  53  28  41  11  24   0    T  0.0    0 13.9 28 340   M    M   M        46 350
23  28  22  25  -5  40   0 0.22  4.1    T 10.4 18  20   M    M   M 6      23  20
24  22  15  19 -11  46   0 0.02  0.3    3  7.2 18  10   M    M   M        22  10
25  33  20  27  -3  38   0    T    T    3  5.7 16 180   M    M   M        20 180
26  36  19  28  -3  37   0 0.00  0.0    3  5.8 16 290   M    M   M        22 300
27  39  17  28  -3  37   0 0.00  0.0    1  6.1 17 360   M    M   M        23 340
================================================================================
SM 1217  621       830   0  0.44     9.2 225.4          M        M
================================================================================
AV 45.1 23.0                               8.3 FASTST   M    M   3    MAX(MPH)
                                 MISC ---->  # 29 320               # 46  350
================================================================================
NOTES:
# LAST OF SEVERAL OCCURRENCES

COLUMN 17 PEAK WIND IN M.P.H.

PRELIMINARY LOCAL CLIMATOLOGICAL DATA (WS FORM: F-6) , PAGE 2

                                          STATION:  EAST RAPID CITY SD
                                          MONTH:    FEBRUARY
                                          YEAR:     2017
                                          LATITUDE:   44  4 N
                                          LONGITUDE: 103 13 W

[TEMPERATURE DATA]      [PRECIPITATION DATA]       SYMBOLS USED IN COLUMN 16

AVERAGE MONTHLY: 34.0   TOTAL FOR MONTH:   0.44    1 = FOG OR MIST
DPTR FM NORMAL:   5.7   DPTR FM NORMAL:   -0.02    2 = FOG REDUCING VISIBILITY
HIGHEST:    72 ON 16    GRTST 24HR  0.22 ON 23-23      TO 1/4 MILE OR LESS
LOWEST:     -3 ON  3                               3 = THUNDER
                        SNOW, ICE PELLETS, HAIL    4 = ICE PELLETS
                        TOTAL MONTH:   9.2 INCHES  5 = HAIL
                        GRTST 24HR   4.1 ON   M    6 = FREEZING RAIN OR DRIZZLE
                        GRTST DEPTH:   3 ON 26,25  7 = DUSTSTORM OR SANDSTORM:
                                                       VSBY 1/2 MILE OR LESS
                                                   8 = SMOKE OR HAZE
[NO. OF DAYS WITH]      [WEATHER - DAYS WITH]      9 = BLOWING SNOW
                                                   X = TORNADO
MAX 32 OR BELOW:   7    0.01 INCH OR MORE:   8
MAX 90 OR ABOVE:   0    0.10 INCH OR MORE:   1
MIN 32 OR BELOW:  18    0.50 INCH OR MORE:   0
MIN  0 OR BELOW:   1    1.00 INCH OR MORE:   0

[HDD (BASE 65) ]
TOTAL THIS MO.   830    CLEAR  (SCALE 0-3)   0
DPTR FM NORMAL  -162    PTCLDY (SCALE 4-7)   0
TOTAL FM JUL 1  4555    CLOUDY (SCALE 8-10)  0
DPTR FM NORMAL  -365

[CDD (BASE 65) ]
TOTAL THIS MO.     0
DPTR FM NORMAL     0    [PRESSURE DATA]
TOTAL FM JAN 1     0    HIGHEST SLP M ON M
DPTR FM NORMAL     0    LOWEST  SLP 29.16 ON 17

[REMARKS]
