000
CXUS54 KEWX 220910
CF6UVA
PRELIMINARY LOCAL CLIMATOLOGICAL DATA (WS FORM: F-6)

                                          STATION:   UVALDE
                                          MONTH:     DECEMBER
                                          YEAR:      2014
                                          LATITUDE:   29 12 N
                                          LONGITUDE:  99 44 W

  TEMPERATURE IN F:       :PCPN:    SNOW:  WIND      :SUNSHINE: SKY     :PK WND
================================================================================
1   2   3   4   5  6A  6B    7    8   9   10  11  12  13   14  15   16   17  18
                                     12Z  AVG MX 2MIN
DY MAX MIN AVG DEP HDD CDD  WTR  SNW DPTH SPD SPD DIR MIN PSBL S-S WX    SPD DR
================================================================================

 1  70  48  59   M   6   0    M    M    M  7.5 13 350   M    M   9 1       M  M
 2  53  47  50   M  15   0    M    M    M  3.8  8 120   M    M  10 1       M  M
 3  58  48  53   M  12   0    M    M    M  4.2  7 110   M    M  10 1       M  M
 4  69  58  64   M   1   0    M    M    M  4.8 12 120   M    M  10 12      M  M
 5  70  53  62   M   3   0    M    M    M  3.2  8 160   M    M   7 12      M  M
 6  73  53  63   M   2   0    M    M    M  5.5  9 350   M    M   0 1       M  M
 7  64  48  56   M   9   0    M    M    M  6.1 13  80   M    M   7        17  70
 8  69  53  61   M   4   0    M    M    M  3.9  8 190   M    M   6         M  M
 9  68  48  58   M   7   0    M    M    M  4.1  8 160   M    M   6         M  M
10  68  55  62   M   3   0    M    M    M  4.9 14 160   M    M  10 18      M  M
11  66  59  63   M   2   0    M    M    M  5.3  9 110   M    M   9 1       M  M
12  73  60  67   M   0   2    M    M    M  5.7 10 170   M    M   9         M  M
13  73  55  64   M   1   0    M    M    M  6.8 12 150   M    M   8         M  M
14  70  55  63   M   2   0    M    M    M  6.1 12 130   M    M   7 1       M  M
15  76  49  63   M   2   0    M    M    M  4.9 12 350   M    M   0 1      16 360
16  63  45  54   M  11   0    M    M    M  6.3 16  70   M    M   6         M  M
17  57  48  53   M  12   0    M    M    M  4.7  9  70   M    M  10 13      M  M
18  64  56  60   M   5   0    M    M    M  3.0  6  50   M    M   9 1       M  M
19  58  38  48   M  17   0    M    M    M  5.9 13  40   M    M   6         M  M
20  51  33  42   M  23   0    M    M    M  3.7  9  40   M    M   7         M  M
21  53  42  48   M  17   0 0.00  0.0    0  4.3  8 170   M    M   9 1       M  M
================================================================================
SM 1366 1051       154   2  0.00     0.0 104.7          M      155
================================================================================
AV 65.0 50.0                               5.0 FASTST   M    M   7    MAX(MPH)
                                 MISC ---->    16   M                 17    M
================================================================================
NOTES:
# LAST OF SEVERAL OCCURRENCES

COLUMN 17 PEAK WIND IN M.P.H.

PRELIMINARY LOCAL CLIMATOLOGICAL DATA (WS FORM: F-6) , PAGE 2

                                          STATION:  UVALDE
                                          MONTH:    DECEMBER
                                          YEAR:     2014
                                          LATITUDE:   29 12 N
                                          LONGITUDE:  99 44 W

[TEMPERATURE DATA]      [PRECIPITATION DATA]       SYMBOLS USED IN COLUMN 16

AVERAGE MONTHLY: 57.5   TOTAL FOR MONTH:   0.00    1 = FOG OR MIST
DPTR FM NORMAL:     M   DPTR FM NORMAL:       M    2 = FOG REDUCING VISIBILITY
HIGHEST:    76 ON 15    GRTST 24HR  0.00 ON 21-21      TO 1/4 MILE OR LESS
LOWEST:     33 ON 20                               3 = THUNDER
                        SNOW, ICE PELLETS, HAIL    4 = ICE PELLETS
                        TOTAL MONTH:   0.0 INCH    5 = HAIL
                        GRTST 24HR     0.0         6 = FREEZING RAIN OR DRIZZLE
                        GRTST DEPTH:   0           7 = DUSTSTORM OR SANDSTORM:
                                                       VSBY 1/2 MILE OR LESS
                                                   8 = SMOKE OR HAZE
[NO. OF DAYS WITH]      [WEATHER - DAYS WITH]      9 = BLOWING SNOW
                                                   X = TORNADO
MAX 32 OR BELOW:   0    0.01 INCH OR MORE:   0
MAX 90 OR ABOVE:   0    0.10 INCH OR MORE:   0
MIN 32 OR BELOW:   0    0.50 INCH OR MORE:   0
MIN  0 OR BELOW:   0    1.00 INCH OR MORE:   0

[HDD (BASE 65) ]
TOTAL THIS MO.   154    CLEAR  (SCALE 0-3)   2
DPTR FM NORMAL     M    PTCLDY (SCALE 4-7)   9
TOTAL FM JUL 1   422    CLOUDY (SCALE 8-10) 10
DPTR FM NORMAL     M

[CDD (BASE 65) ]
TOTAL THIS MO.     2
DPTR FM NORMAL     M    [PRESSURE DATA]
TOTAL FM JAN 1  3290    HIGHEST SLP M ON M
DPTR FM NORMAL     M    LOWEST  SLP M ON M

[REMARKS]
