000
CXUS54 KEWX 300910
CF6UVA
PRELIMINARY LOCAL CLIMATOLOGICAL DATA (WS FORM: F-6)

                                          STATION:   UVALDE
                                          MONTH:     OCTOBER
                                          YEAR:      2014
                                          LATITUDE:   29 12 N
                                          LONGITUDE:  99 44 W

  TEMPERATURE IN F:       :PCPN:    SNOW:  WIND      :SUNSHINE: SKY     :PK WND
================================================================================
1   2   3   4   5  6A  6B    7    8   9   10  11  12  13   14  15   16   17  18
                                     12Z  AVG MX 2MIN
DY MAX MIN AVG DEP HDD CDD  WTR  SNW DPTH SPD SPD DIR MIN PSBL S-S WX    SPD DR
================================================================================

 1  93  70  82   M   0  17    M    M    M  6.6 10 150   M    M   3 12      M  M
 2  93  75  84   M   0  19    M    M    M  5.4  9 210   M    M   4 1      18 140
 3  93  63  78   M   0  13    M    M    M  6.9 12  70   M    M   1         M  M
 4  85  58  72   M   0   7    M    M    M  6.5 10 150   M    M   0        17 150
 5  89  59  74   M   0   9    M    M    M  6.9 14 170   M    M   2 1      20 150
 6  91  73  82   M   0  17    M    M    M  4.7  9 130   M    M   5         M  M
 7  93  73  83   M   0  18    M    M    M  5.3  9 150   M    M   3         9 150
 8  93  73  83   M   0  18    M    M    M  8.1 14 160   M    M   4 1      20 160
 9  93  73  83   M   0  18    M    M    M 10.7 17 150   M    M   4        22 160
10  93  73  83   M   0  18    M    M    M  8.3 14 170   M    M   4        17 140
11  79  67  73   M   0   8    M    M    M  8.2 13 330   M    M   9 13     17  20
12  85  63  74   M   0   9    M    M    M  5.6 12 160   M    M   7         M  M
13  81  58  70   M   0   5    M    M    M 10.8 24 300   M    M   1        33 320
14  82  48  65   M   0   0    M    M    M  3.4  9 310   M    M   0        18 310
15  88  48  68   M   0   3    M    M    M  3.0  9 150   M    M   0         M  M
16  89  48  69   M   0   4    M    M    M  4.0 10 160   M    M   0        17 150
17  91  53  72   M   0   7    M    M    M  6.0 10 150   M    M   0         M  M
18  89  65  77   M   0  12    M    M    M  6.8 12 100   M    M   4         M  M
19  85  68  77   M   0  12    M    M    M  8.1 14 110   M    M   3        20 110
20  82  63  73   M   0   8    M    M    M  6.6 10 100   M    M   3         M  M
21  85  63  74   M   0   9    M    M    M  7.1 13 150   M    M   4        16 150
22  82  68  75   M   0  10    M    M    M  5.7 12 120   M    M   6        17 120
23  81  65  73   M   0   8    M    M    M  3.4  9 100   M    M   4 1       M  M
24  88  58  73   M   0   8    M    M    M  4.8  7 170   M    M   0 1       M  M
25  88  58  73   M   0   8    M    M    M  4.6  8 240   M    M   0         M  M
26  88  58  73   M   0   8    M    M    M  6.2 14 140   M    M   0        17 140
27  88  56  72   M   0   7    M    M    M  7.0 13 170   M    M   0        22 160
28  85  60  73   M   0   8    M    M    M  5.8  9 100   M    M   1         M  M
29  88  65  77   M   0  12    M    M    M  6.0  8  80   M    M   5         M  M
================================================================================
SM 2540 1822         0 300    M     M    182.5          M       77
================================================================================
AV 87.6 62.8                               6.3 FASTST   M    M   3    MAX(MPH)
                                 MISC ---->    24   M                 33    M
================================================================================
NOTES:
# LAST OF SEVERAL OCCURRENCES

COLUMN 17 PEAK WIND IN M.P.H.

PRELIMINARY LOCAL CLIMATOLOGICAL DATA (WS FORM: F-6) , PAGE 2

                                          STATION:  UVALDE
                                          MONTH:    OCTOBER
                                          YEAR:     2014
                                          LATITUDE:   29 12 N
                                          LONGITUDE:  99 44 W

[TEMPERATURE DATA]      [PRECIPITATION DATA]       SYMBOLS USED IN COLUMN 16

AVERAGE MONTHLY: 75.2   TOTAL FOR MONTH:      M    1 = FOG OR MIST
DPTR FM NORMAL:     M   DPTR FM NORMAL:       M    2 = FOG REDUCING VISIBILITY
HIGHEST:    93 ON 10, 9 GRTST 24HR    M  ON   M        TO 1/4 MILE OR LESS
LOWEST:     48 ON 16,15                            3 = THUNDER
                        SNOW, ICE PELLETS, HAIL    4 = ICE PELLETS
                        TOTAL MONTH:    M          5 = HAIL
                        GRTST 24HR    M  ON   M    6 = FREEZING RAIN OR DRIZZLE
                        GRTST DEPTH:  M  ON   M    7 = DUSTSTORM OR SANDSTORM:
                                                       VSBY 1/2 MILE OR LESS
                                                   8 = SMOKE OR HAZE
[NO. OF DAYS WITH]      [WEATHER - DAYS WITH]      9 = BLOWING SNOW
                                                   X = TORNADO
MAX 32 OR BELOW:   0    0.01 INCH OR MORE:   0
MAX 90 OR ABOVE:   9    0.10 INCH OR MORE:   0
MIN 32 OR BELOW:   0    0.50 INCH OR MORE:   0
MIN  0 OR BELOW:   0    1.00 INCH OR MORE:   0

[HDD (BASE 65) ]
TOTAL THIS MO.     0    CLEAR  (SCALE 0-3)  16
DPTR FM NORMAL     M    PTCLDY (SCALE 4-7)  12
TOTAL FM JUL 1     0    CLOUDY (SCALE 8-10)  1
DPTR FM NORMAL     M

[CDD (BASE 65) ]
TOTAL THIS MO.   300
DPTR FM NORMAL     M    [PRESSURE DATA]
TOTAL FM JAN 1  3265    HIGHEST SLP M ON M
DPTR FM NORMAL     M    LOWEST  SLP M ON M

[REMARKS]
