000
CXUS54 KEWX 290910
CF6UVA
PRELIMINARY LOCAL CLIMATOLOGICAL DATA (WS FORM: F-6)

                                          STATION:   UVALDE
                                          MONTH:     AUGUST
                                          YEAR:      2014
                                          LATITUDE:   29 12 N
                                          LONGITUDE:  99 44 W

  TEMPERATURE IN F:       :PCPN:    SNOW:  WIND      :SUNSHINE: SKY     :PK WND
================================================================================
1   2   3   4   5  6A  6B    7    8   9   10  11  12  13   14  15   16   17  18
                                     12Z  AVG MX 2MIN
DY MAX MIN AVG DEP HDD CDD  WTR  SNW DPTH SPD SPD DIR MIN PSBL S-S WX    SPD DR
================================================================================

 1  93  76  85   M   0  20    M    M    M  7.0 13  60   M    M   3 3      18  60
 2  93  75  84   M   0  19    M    M    M  6.7 16 320   M    M   5        22 320
 3  97  68  83   M   0  18    M    M    M  5.4 10  80   M    M   3        16  80
 4  98  74  86   M   0  21    M    M    M  5.5 10 130   M    M   4         M  M
 5  98  73  86   M   0  21    M    M    M  5.8 10 120   M    M   2         M  M
 6 100  73  87   M   0  22    M    M    M  6.3 14 140   M    M   2        20 140
 7 101  76  89   M   0  24    M    M    M  8.3 14 130   M    M   1        22 140
 8 101  75  88   M   0  23    M    M    M  8.6 17 150   M    M   0        23 150
 9  99  73  86   M   0  21    M    M    M  8.4 13 150   M    M   2        22 130
10  99  73  86   M   0  21    M    M    M  7.7 16 120   M    M   1        20 120
11 101  75  88   M   0  23    M    M    M  6.2 16  50   M    M   0        23  30
12  91  73  82   M   0  17    M    M    M  4.9  9 340   M    M   3 3       M  M
13  98  73  86   M   0  21    M    M    M  5.8  9  80   M    M   1        17  60
14  99  70  85   M   0  20    M    M    M  5.9 14  80   M    M   0        17  80
15  99  73  86   M   0  21    M    M    M  6.2  9 180   M    M   0        16 130
16 103  75  89   M   0  24    M    M    M  7.9 15 130   M    M   1 8      23 130
17  98  78  88   M   0  23    M    M    M  7.8 16 130   M    M   2        20 130
18 101  75  88   M   0  23    M    M    M 10.3 20  20   M    M   5 3      28  20
19  96  73  85   M   0  20    M    M    M  9.9 16  60   M    M   5 3      21  60
20  98  75  87   M   0  22    M    M    M 11.8 20 120   M    M   3        28 120
21 100  78  89   M   0  24    M    M    M 11.7 18 150   M    M   2        23 140
22 100  73  87   M   0  22    M    M    M 10.8 24 140   M    M   0 1      31 140
23  99  70  85   M   0  20    M    M    M  9.5 18 140   M    M   1        24 130
24  99  74  87   M   0  22    M    M    M  7.4 14 140   M    M   0        17 140
25  99  73  86   M   0  21    M    M    M  6.0 13 100   M    M   1        20 130
26  99  73  86   M   0  21    M    M    M  5.5 13 100   M    M   2        16  20
27  98  75  87   M   0  22    M    M    M  5.5  9  60   M    M   1         M  M
28  98  73  86   M   0  21    M    M    M  6.4 14 140   M    M   1        18 130
================================================================================
SM 2755 2065         0 597    M     M    209.2          M       51
================================================================================
AV 98.4 73.8                               7.5 FASTST   M    M   2    MAX(MPH)
                                 MISC ---->    24   M                 31    M
================================================================================
NOTES:
# LAST OF SEVERAL OCCURRENCES

COLUMN 17 PEAK WIND IN M.P.H.

PRELIMINARY LOCAL CLIMATOLOGICAL DATA (WS FORM: F-6) , PAGE 2

                                          STATION:  UVALDE
                                          MONTH:    AUGUST
                                          YEAR:     2014
                                          LATITUDE:   29 12 N
                                          LONGITUDE:  99 44 W

[TEMPERATURE DATA]      [PRECIPITATION DATA]       SYMBOLS USED IN COLUMN 16

AVERAGE MONTHLY: 86.1   TOTAL FOR MONTH:      M    1 = FOG OR MIST
DPTR FM NORMAL:     M   DPTR FM NORMAL:       M    2 = FOG REDUCING VISIBILITY
HIGHEST:   103 ON 16    GRTST 24HR    M  ON   M        TO 1/4 MILE OR LESS
LOWEST:     68 ON  3                               3 = THUNDER
                        SNOW, ICE PELLETS, HAIL    4 = ICE PELLETS
                        TOTAL MONTH:    M          5 = HAIL
                        GRTST 24HR    M  ON   M    6 = FREEZING RAIN OR DRIZZLE
                        GRTST DEPTH:  M  ON   M    7 = DUSTSTORM OR SANDSTORM:
                                                       VSBY 1/2 MILE OR LESS
                                                   8 = SMOKE OR HAZE
[NO. OF DAYS WITH]      [WEATHER - DAYS WITH]      9 = BLOWING SNOW
                                                   X = TORNADO
MAX 32 OR BELOW:   0    0.01 INCH OR MORE:   0
MAX 90 OR ABOVE:  28    0.10 INCH OR MORE:   0
MIN 32 OR BELOW:   0    0.50 INCH OR MORE:   0
MIN  0 OR BELOW:   0    1.00 INCH OR MORE:   0

[HDD (BASE 65) ]
TOTAL THIS MO.     0    CLEAR  (SCALE 0-3)  23
DPTR FM NORMAL     M    PTCLDY (SCALE 4-7)   5
TOTAL FM JUL 1     0    CLOUDY (SCALE 8-10)  0
DPTR FM NORMAL     M

[CDD (BASE 65) ]
TOTAL THIS MO.   597
DPTR FM NORMAL     M    [PRESSURE DATA]
TOTAL FM JAN 1  2413    HIGHEST SLP M ON M
DPTR FM NORMAL     M    LOWEST  SLP M ON M

[REMARKS]
