000
CXUS56 KSTO 181355
CF6VCB
PRELIMINARY LOCAL CLIMATOLOGICAL DATA (WS FORM: F-6)

                                          STATION:   VACAVILLE AIRPORT CA
                                          MONTH:     JANUARY
                                          YEAR:      2017
                                          LATITUDE:   38 22 N
                                          LONGITUDE: 121 58 W

  TEMPERATURE IN F:       :PCPN:    SNOW:  WIND      :SUNSHINE: SKY     :PK WND
================================================================================
1   2   3   4   5  6A  6B    7    8   9   10  11  12  13   14  15   16   17  18
                                     12Z  AVG MX 2MIN
DY MAX MIN AVG DEP HDD CDD  WTR  SNW DPTH SPD SPD DIR MIN PSBL S-S WX    SPD DR
================================================================================

 1  53  35  44  -2  21   0 0.00  0.0    0  7.0 20 220   M    M   5 12     24 220
 2  52  41  47   1  18   0 0.46  0.0    0  7.2 17 210   M    M   9 1      22 210
 3  50  45  48   2  17   0 2.01  0.0    0  7.1 23 150   M    M  10 1      33 140
 4  56  47  52   6  13   0 0.73  0.0    0  5.7 14 140   M    M   9 1      20 160
 5  52  31  42  -4  23   0 0.00  0.0    0  4.8 13  20   M    M   2 1      17  20
 6  49  28  39  -7  26   0 0.02    M    0  6.1 16  20   M    M   1        20  20
 7  56  38  47   1  18   0 1.28    M    0  5.7 16 340   M    M  10 1      22 330
 8  61  55  58  12   7   0 2.34  0.0    0 13.1 25 230   M    M   9 1      33 210
 9  59  49  54   8  11   0 0.73    M    0  9.7 22 240   M    M   6 1      28 230
10  59  52  56  10   9   0 3.38  0.0    0 12.2 25 210   M    M  10 1      33 200
11  57  47  52   6  13   0 0.01    M    0  8.2 23 230   M    M   6 1      32 240
12  50  38  44  -2  21   0 0.30    M    0  3.9 13 350   M    M   9 1      15 350
13  61  32  47   1  18   0 0.00  0.0    0  4.4 16 360   M    M   0        22 360
14  56  33  45  -1  20   0 0.00  0.0    0  2.2  9  50   M    M   2 12     12  60
15  53  34  44  -2  21   0 0.00  0.0    0  3.5 10 310   M    M   6 12     13 320
16  53  31  42  -4  23   0 0.00  0.0    0  2.7  9 120   M    M   1 12     12 120
17  46  32  39  -7  26   0 0.00  0.0    0  4.3 13  20   M    M   5 18     16  10
================================================================================
SM  923  668       305   0 11.26     0.0 107.8          M      100
================================================================================
AV 54.3 39.3                               6.3 FASTST   M    M   6    MAX(MPH)
                                 MISC ---->  # 25 230               # 33  140
================================================================================
NOTES:
# LAST OF SEVERAL OCCURRENCES

COLUMN 17 PEAK WIND IN M.P.H.

PRELIMINARY LOCAL CLIMATOLOGICAL DATA (WS FORM: F-6) , PAGE 2

                                          STATION:  VACAVILLE AIRPORT CA
                                          MONTH:    JANUARY
                                          YEAR:     2017
                                          LATITUDE:   38 22 N
                                          LONGITUDE: 121 58 W

[TEMPERATURE DATA]      [PRECIPITATION DATA]       SYMBOLS USED IN COLUMN 16

AVERAGE MONTHLY: 46.8   TOTAL FOR MONTH:  11.26    1 = FOG OR MIST
DPTR FM NORMAL:   0.8   DPTR FM NORMAL:    7.65    2 = FOG REDUCING VISIBILITY
HIGHEST:    61 ON 13, 8 GRTST 24HR  3.75 ON  9-10      TO 1/4 MILE OR LESS
LOWEST:     28 ON  6                               3 = THUNDER
                        SNOW, ICE PELLETS, HAIL    4 = ICE PELLETS
                        TOTAL MONTH:   0.0 INCH    5 = HAIL
                        GRTST 24HR     0.0         6 = FREEZING RAIN OR DRIZZLE
                        GRTST DEPTH:   0           7 = DUSTSTORM OR SANDSTORM:
                                                       VSBY 1/2 MILE OR LESS
                                                   8 = SMOKE OR HAZE
[NO. OF DAYS WITH]      [WEATHER - DAYS WITH]      9 = BLOWING SNOW
                                                   X = TORNADO
MAX 32 OR BELOW:   0    0.01 INCH OR MORE:  10
MAX 90 OR ABOVE:   0    0.10 INCH OR MORE:   8
MIN 32 OR BELOW:   5    0.50 INCH OR MORE:   6
MIN  0 OR BELOW:   0    1.00 INCH OR MORE:   4

[HDD (BASE 65) ]
TOTAL THIS MO.   305    CLEAR  (SCALE 0-3)   5
DPTR FM NORMAL   -18    PTCLDY (SCALE 4-7)   5
TOTAL FM JUL 1  1222    CLOUDY (SCALE 8-10)  7
DPTR FM NORMAL  -108

[CDD (BASE 65) ]
TOTAL THIS MO.     0
DPTR FM NORMAL     0    [PRESSURE DATA]
TOTAL FM JAN 1     0    HIGHEST SLP M ON M
DPTR FM NORMAL     0    LOWEST  SLP 29.64 ON 10

[REMARKS]
