000
CXUS56 KSTO 281455
CF6VCB
PRELIMINARY LOCAL CLIMATOLOGICAL DATA (WS FORM: F-6)

                                          STATION:   VACAVILLE AIRPORT CA
                                          MONTH:     FEBRUARY
                                          YEAR:      2015
                                          LATITUDE:   38 22 N
                                          LONGITUDE: 121 58 W

  TEMPERATURE IN F:       :PCPN:    SNOW:  WIND      :SUNSHINE: SKY     :PK WND
================================================================================
1   2   3   4   5  6A  6B    7    8   9   10  11  12  13   14  15   16   17  18
                                     12Z  AVG MX 2MIN
DY MAX MIN AVG DEP HDD CDD  WTR  SNW DPTH SPD SPD DIR MIN PSBL S-S WX    SPD DR
================================================================================

 1  67  36  52   4  13   0 0.00  0.0    0  1.7  8 330   M    M   1 128    10 120
 2  67  41  54   6  11   0 0.00  0.0    0  2.1 12 350   M    M   0 18     16 350
 3  69  44  57   8   8   0 0.00  0.0    0  1.5  6 240   M    M   0 18     10  30
 4  66  42  54   5  11   0 0.00  0.0    0  2.0 14 220   M    M   0 18     17 230
 5  62  51  57   8   8   0 0.00  0.0    0  6.9 20 230   M    M   0 8      26 220
 6  64  53  59  10   6   0 1.64  0.0    0 10.8 22 180   M    M   8 18     31 160
 7  68  54  61  12   4   0 0.02  0.0    0  7.0 22 190   M    M   7 128    32 190
 8  63  53  58   8   7   0 1.01  0.0    0  9.4 31 210   M    M   9 12     42 230
 9  67  45  56   6   9   0 0.03    M    0  8.2 25 210   M    M   4 1      37 220
10  67  40  54   4  11   0 0.00  0.0    0  2.7 10 340   M    M   0        14 350
11  67  39  53   3  12   0 0.00  0.0    0  2.1  7 350   M    M   0        11  60
12  74  41  58   8   7   0 0.00  0.0    0  2.2  8 330   M    M   0        10  40
13  74  42  58   8   7   0 0.00  0.0    0  1.1  7  20   M    M   0        13  30
14  76  43  60   9   5   0 0.00  0.0    0  1.7 10 350   M    M   0        15 350
15  75  42  59   8   6   0 0.00  0.0    0  2.1 10  30   M    M   0        18 350
16  75  42  59   8   6   0 0.00  0.0    0  3.5 12 350   M    M   0        14 340
17  68  44  56   5   9   0 0.00  0.0    0  4.4 12 230   M    M   0 1      13 210
18  67  41  54   3  11   0 0.00  0.0    0  1.4  7  70   M    M   3 128    10  70
19  62  50  56   4   9   0 0.00  0.0    0  2.5  9 110   M    M   9 128    11 120
20  74  46  60   8   5   0 0.00  0.0    0  4.2 10 360   M    M   4 12     17  10
21  68  44  56   4   9   0 0.00  0.0    0  3.7 10 350   M    M   5 128    14 340
22  66  45  56   4   9   0 0.00  0.0    0 18.2 30 350   M    M   1 18     41 350
23  63  49  56   4   9   0 0.00  0.0    0 17.7 29 350   M    M   0        41 360
24  71  36  54   2  11   0 0.00  0.0    0  3.8 10 180   M    M   0        14 210
25  68  36  52  -1  13   0 0.00  0.0    0  2.1  8 230   M    M   0        10 130
26  76  41  59   6   6   0 0.00  0.0    0  4.7 17 340   M    M   0        24 360
27  69  45  57   4   8   0 0.00  0.0    0  8.9 20 290   M    M   2        32 280
================================================================================
SM 1853 1185       230   0  2.70     0.0 136.6          M       53
================================================================================
AV 68.6 43.9                               5.1 FASTST   M    M   2    MAX(MPH)
                                 MISC ---->  # 31 210               # 42  230
================================================================================
NOTES:
# LAST OF SEVERAL OCCURRENCES

COLUMN 17 PEAK WIND IN M.P.H.

PRELIMINARY LOCAL CLIMATOLOGICAL DATA (WS FORM: F-6) , PAGE 2

                                          STATION:  VACAVILLE AIRPORT CA
                                          MONTH:    FEBRUARY
                                          YEAR:     2015
                                          LATITUDE:   38 22 N
                                          LONGITUDE: 121 58 W

[TEMPERATURE DATA]      [PRECIPITATION DATA]       SYMBOLS USED IN COLUMN 16

AVERAGE MONTHLY: 56.3   TOTAL FOR MONTH:   2.70    1 = FOG OR MIST
DPTR FM NORMAL:   5.6   DPTR FM NORMAL:   -1.88    2 = FOG REDUCING VISIBILITY
HIGHEST:    76 ON 26,14 GRTST 24HR  1.65 ON  6- 7      TO 1/4 MILE OR LESS
LOWEST:     36 ON 25,24                            3 = THUNDER
                        SNOW, ICE PELLETS, HAIL    4 = ICE PELLETS
                        TOTAL MONTH:   0.0 INCH    5 = HAIL
                        GRTST 24HR     0.0         6 = FREEZING RAIN OR DRIZZLE
                        GRTST DEPTH:   0           7 = DUSTSTORM OR SANDSTORM:
                                                       VSBY 1/2 MILE OR LESS
                                                   8 = SMOKE OR HAZE
[NO. OF DAYS WITH]      [WEATHER - DAYS WITH]      9 = BLOWING SNOW
                                                   X = TORNADO
MAX 32 OR BELOW:   0    0.01 INCH OR MORE:   4
MAX 90 OR ABOVE:   0    0.10 INCH OR MORE:   2
MIN 32 OR BELOW:   0    0.50 INCH OR MORE:   2
MIN  0 OR BELOW:   0    1.00 INCH OR MORE:   2

[HDD (BASE 65) ]
TOTAL THIS MO.   230    CLEAR  (SCALE 0-3)  19
DPTR FM NORMAL  -158    PTCLDY (SCALE 4-7)   5
TOTAL FM JUL 1  1357    CLOUDY (SCALE 8-10)  3
DPTR FM NORMAL  -610

[CDD (BASE 65) ]
TOTAL THIS MO.     0
DPTR FM NORMAL     0    [PRESSURE DATA]
TOTAL FM JAN 1     0    HIGHEST SLP M ON M
DPTR FM NORMAL     0    LOWEST  SLP 30.11 ON  6

[REMARKS]
