000
CXUS54 KCRP 261300
CF6VCT
PRELIMINARY LOCAL CLIMATOLOGICAL DATA (WS FORM: F-6)

                                          STATION:   VICTORIA
                                          MONTH:     MARCH
                                          YEAR:      2017
                                          LATITUDE:   28 51 N
                                          LONGITUDE:  96 55 W

  TEMPERATURE IN F:       :PCPN:    SNOW:  WIND      :SUNSHINE: SKY     :PK WND
================================================================================
1   2   3   4   5  6A  6B    7    8   9   10  11  12  13   14  15   16   17  18
                                     12Z  AVG MX 2MIN
DY MAX MIN AVG DEP HDD CDD  WTR  SNW DPTH SPD SPD DIR MIN PSBL S-S WX    SPD DR
================================================================================

 1  83  59  71  11   0   6    T  0.0    0 13.5 28 350   M    M   5 18     33 350
 2  68  46  57  -3   8   0 0.00  0.0    0 11.3 24  50   M    M   1        30  50
 3  72  47  60  -1   5   0    T  0.0    0 10.3 22 130   M    M   7        27 150
 4  69  58  64   3   1   0 0.44  0.0    0 12.9 23 110   M    M  10 1      29 100
 5  80  63  72  11   0   7 1.43  0.0    0 11.7 21 190   M    M   9 138    26 170
 6  80  70  75  14   0  10 0.02  0.0    0 16.1 30 160   M    M   9 1      37 170
 7  83  64  74  12   0   9 0.95  0.0    0 12.5 24  30   M    M  10 138    31  20
 8  75  60  68   6   0   3 0.00  0.0    0  7.2 16  80   M    M   8 1      20  60
 9  81  68  75  13   0  10 0.02  0.0    0  9.1 26 160   M    M   8 138    31 150
10  76  66  71   9   0   6 0.16  0.0    0  8.0 18 190   M    M   9 1      23 180
11  70  64  67   5   0   2 1.10  0.0    0  9.4 20  90   M    M  10 1      24  90
12  65  53  59  -3   6   0 0.01  0.0    0 12.7 26 360   M    M  10 1      32  10
13  70  52  61  -2   4   0    T  0.0    0  7.6 17 360   M    M   7 1      23 350
14  71  46  59  -4   6   0 0.00  0.0    0  6.7 13 170   M    M   0        15 170
15  74  48  61  -2   4   0 0.00  0.0    0  9.5 18 120   M    M   1 1      24 140
16  80  58  69   6   0   4 0.00  0.0    0 12.8 25 170   M    M   7 1      29 150
17  81  63  72   8   0   7 0.00  0.0    0 13.2 25 160   M    M   7 1      31 140
18  83  62  73   9   0   8    T  0.0    0  9.4 20 170   M    M   5 1      25 150
19  84  59  72   8   0   7 0.00  0.0    0   M   M   M   M    M   4 12      M  M
20  84  61  73   9   0   8 0.00  0.0    0 10.9 20 170   M    M   1 12     24 190
21  83  58  71   7   0   6 0.00  0.0    0 11.5 22 170   M    M   1 1      27 180
22  83  61  72   7   0   7 0.00  0.0    0 10.4 20 170   M    M   3 12     26 170
23  83  61  72   7   0   7 0.00  0.0    0 15.7 29 160   M    M   1 1      37 140
24  79  69  74   9   0   9 0.05  0.0    0 17.2 30 160   M    M   9 18     39 170
25  85  67  76  11   0  11 0.01  0.0    0  7.6 20 210   M    M   5 18     26 210
================================================================================
SM 1942 1483        34 127  4.19     0.0 267.2          M      147
================================================================================
AV 77.7 59.3                              11.1 FASTST   M    M   6    MAX(MPH)
                                 MISC ---->  # 30 160               # 39  170
================================================================================
NOTES:
# LAST OF SEVERAL OCCURRENCES

COLUMN 17 PEAK WIND IN M.P.H.

PRELIMINARY LOCAL CLIMATOLOGICAL DATA (WS FORM: F-6) , PAGE 2

                                          STATION:  VICTORIA
                                          MONTH:    MARCH
                                          YEAR:     2017
                                          LATITUDE:   28 51 N
                                          LONGITUDE:  96 55 W

[TEMPERATURE DATA]      [PRECIPITATION DATA]       SYMBOLS USED IN COLUMN 16

AVERAGE MONTHLY: 68.5   TOTAL FOR MONTH:   4.19    1 = FOG OR MIST
DPTR FM NORMAL:   5.8   DPTR FM NORMAL:    1.98    2 = FOG REDUCING VISIBILITY
HIGHEST:    85 ON 25    GRTST 24HR  1.43 ON  5- 5      TO 1/4 MILE OR LESS
LOWEST:     46 ON 14, 2                            3 = THUNDER
                        SNOW, ICE PELLETS, HAIL    4 = ICE PELLETS
                        TOTAL MONTH:   0.0 INCH    5 = HAIL
                        GRTST 24HR     0.0         6 = FREEZING RAIN OR DRIZZLE
                        GRTST DEPTH:   0           7 = DUSTSTORM OR SANDSTORM:
                                                       VSBY 1/2 MILE OR LESS
                                                   8 = SMOKE OR HAZE
[NO. OF DAYS WITH]      [WEATHER - DAYS WITH]      9 = BLOWING SNOW
                                                   X = TORNADO
MAX 32 OR BELOW:   0    0.01 INCH OR MORE:  10
MAX 90 OR ABOVE:   0    0.10 INCH OR MORE:   5
MIN 32 OR BELOW:   0    0.50 INCH OR MORE:   3
MIN  0 OR BELOW:   0    1.00 INCH OR MORE:   2

[HDD (BASE 65) ]
TOTAL THIS MO.    34    CLEAR  (SCALE 0-3)   7
DPTR FM NORMAL   -77    PTCLDY (SCALE 4-7)   8
TOTAL FM JUL 1   565    CLOUDY (SCALE 8-10) 10
DPTR FM NORMAL  -639

[CDD (BASE 65) ]
TOTAL THIS MO.   127
DPTR FM NORMAL    73    [PRESSURE DATA]
TOTAL FM JAN 1   334    HIGHEST SLP M ON M
DPTR FM NORMAL   242    LOWEST  SLP 29.84 ON  1

[REMARKS]
