000
CXUS55 KVEF 270940
CF6VGT
PRELIMINARY LOCAL CLIMATOLOGICAL DATA (WS FORM: F-6)

                                          STATION:   NORTH_LAS_VEGAS NV
                                          MONTH:     MAY
                                          YEAR:      2017
                                          LATITUDE:   36 12 N
                                          LONGITUDE: 115 12 W

  TEMPERATURE IN F:       :PCPN:    SNOW:  WIND      :SUNSHINE: SKY     :PK WND
================================================================================
1   2   3   4   5  6A  6B    7    8   9   10  11  12  13   14  15   16   17  18
                                     12Z  AVG MX 2MIN
DY MAX MIN AVG DEP HDD CDD  WTR  SNW DPTH SPD SPD DIR MIN PSBL S-S WX    SPD DR
================================================================================

 1  88  64  76   5   0  11 0.00  0.0    0 12.2 22 320   M    M   0        31 330
 2  94  67  81   9   0  16 0.00  0.0    0  8.6 18 360   M    M   0        26 330
 3  90  71  81   9   0  16 0.00  0.0    0  5.3 14 350   M    M   0        19  30
 4  95  65  80   8   0  15 0.00  0.0    0  4.0 12 140   M    M   0        15 160
 5  99  69  84  11   0  19 0.00  0.0    0  8.8 26 200   M    M   0        38 220
 6  89  64  77   4   0  12    T  0.0    0 16.2 38 160   M    M   0        49 170
 7  64  53  59 -14   6   0    T  0.0    0  7.4 22 150   M    M   5 3      28 150
 8  78  54  66  -8   0   1 0.00  0.0    0  5.4 17 350   M    M   0        23 130
 9  78  55  67  -7   0   2    T  0.0    0 12.9 30 140   M    M   2        38 140
10  78  51  65  -9   0   0 0.00  0.0    0  6.7 16 110   M    M   0        19 110
11  87  63  75   0   0  10 0.00  0.0    0  6.9 16 130   M    M   0        22 120
12  92  65  79   4   0  14 0.00  0.0    0 14.3 28 220   M    M   0        34 260
13  83  63  73  -2   0   8 0.00  0.0    0 11.8 33 220   M    M   0        40 220
14  85  57  71  -5   0   6 0.00  0.0    0 10.1 26 220   M    M   0        34 220
15  76  60  68  -8   0   3 0.00  0.0    0 12.8 26 250   M    M   2        35 250
16  79  56  68  -8   0   3 0.00  0.0    0  9.8 23 240   M    M   1        28 240
17  79  58  69  -7   0   4 0.00  0.0    0 13.7 36 350   M    M   1        44 330
18  75  54  65 -12   0   0 0.00  0.0    0  7.9 33  80   M    M   1        42  80
19  80  52  66 -11   0   1 0.00  0.0    0  4.4 16  90   M    M   0        19  80
20  88  61  75  -2   0  10 0.00  0.0    0  4.8 12 150   M    M   0        15  40
21  96  63  80   2   0  15 0.00  0.0    0  5.9 18  80   M    M   0        27  60
22  95  70  83   5   0  18 0.00  0.0    0  5.8 17  70   M    M   0        23  50
23 100  73  87   9   0  22 0.00  0.0    0  5.0 12 130   M    M   0        14 130
24 102  72  87   9   0  22 0.00  0.0    0 11.3 28 270   M    M   0        39 280
25  98  73  86   7   0  21 0.00  0.0    0 13.1 32 230   M    M   0        42 210
26  91  70  81   2   0  16 0.00  0.0    0 10.2 21 170   M    M   0        24 140
================================================================================
SM 2259 1623         6 265    T      0.0 235.3          M       12
================================================================================
AV 86.9 62.4                               9.1 FASTST   M    M   0    MAX(MPH)
                                 MISC ---->  # 38 160               # 49  170
================================================================================
NOTES:
# LAST OF SEVERAL OCCURRENCES

COLUMN 17 PEAK WIND IN M.P.H.

PRELIMINARY LOCAL CLIMATOLOGICAL DATA (WS FORM: F-6) , PAGE 2

                                          STATION:  NORTH_LAS_VEGAS NV
                                          MONTH:    MAY
                                          YEAR:     2017
                                          LATITUDE:   36 12 N
                                          LONGITUDE: 115 12 W

[TEMPERATURE DATA]      [PRECIPITATION DATA]       SYMBOLS USED IN COLUMN 16

AVERAGE MONTHLY: 74.7   TOTAL FOR MONTH:      T    1 = FOG OR MIST
DPTR FM NORMAL:  -0.7   DPTR FM NORMAL:   -0.11    2 = FOG REDUCING VISIBILITY
HIGHEST:   102 ON 24    GRTST 24HR    T  ON  9- 9      TO 1/4 MILE OR LESS
LOWEST:     51 ON 10                               3 = THUNDER
                        SNOW, ICE PELLETS, HAIL    4 = ICE PELLETS
                        TOTAL MONTH:   0.0 INCH    5 = HAIL
                        GRTST 24HR     0.0         6 = FREEZING RAIN OR DRIZZLE
                        GRTST DEPTH:   0           7 = DUSTSTORM OR SANDSTORM:
                                                       VSBY 1/2 MILE OR LESS
                                                   8 = SMOKE OR HAZE
[NO. OF DAYS WITH]      [WEATHER - DAYS WITH]      9 = BLOWING SNOW
                                                   X = TORNADO
MAX 32 OR BELOW:   0    0.01 INCH OR MORE:   0
MAX 90 OR ABOVE:  11    0.10 INCH OR MORE:   0
MIN 32 OR BELOW:   0    0.50 INCH OR MORE:   0
MIN  0 OR BELOW:   0    1.00 INCH OR MORE:   0

[HDD (BASE 65) ]
TOTAL THIS MO.     6    CLEAR  (SCALE 0-3)  25
DPTR FM NORMAL     6    PTCLDY (SCALE 4-7)   1
TOTAL FM JUL 1  1651    CLOUDY (SCALE 8-10)  0
DPTR FM NORMAL  -387

[CDD (BASE 65) ]
TOTAL THIS MO.   265
DPTR FM NORMAL    -8    [PRESSURE DATA]
TOTAL FM JAN 1   487    HIGHEST SLP M ON M
DPTR FM NORMAL    87    LOWEST  SLP 29.45 ON 25

[REMARKS]
