000
CXUS55 KVEF 280940
CF6VGT
PRELIMINARY LOCAL CLIMATOLOGICAL DATA (WS FORM: F-6)

                                          STATION:   NORTH_LAS_VEGAS NV
                                          MONTH:     MAY
                                          YEAR:      2015
                                          LATITUDE:   36 12 N
                                          LONGITUDE: 115 12 W

  TEMPERATURE IN F:       :PCPN:    SNOW:  WIND      :SUNSHINE: SKY     :PK WND
================================================================================
1   2   3   4   5  6A  6B    7    8   9   10  11  12  13   14  15   16   17  18
                                     12Z  AVG MX 2MIN
DY MAX MIN AVG DEP HDD CDD  WTR  SNW DPTH SPD SPD DIR MIN PSBL S-S WX    SPD DR
================================================================================

 1  95  67  81  10   0  16 0.00  0.0    0  7.0 20 260   M    M   0        26 260
 2  93  67  80   8   0  15 0.00  0.0    0  7.8 23 220   M    M   0        27 230
 3  90  65  78   6   0  13 0.00  0.0    0  7.8 21 150   M    M   1        26 130
 4  81  66  74   2   0   9    T  0.0    0 10.1 26 170   M    M   2        31 180
 5  86  61  74   1   0   9 0.00  0.0    0 10.2 22 170   M    M   1        29 200
 6  85  63  74   1   0   9 0.00  0.0    0 12.7 24 230   M    M   0        32 220
 7  79  58  69  -4   0   4 0.00  0.0    0 16.9 32 150   M    M   1        49 230
 8  64  51  58 -16   7   0 0.00  0.0    0  9.9 29 180   M    M   1        33 180
 9  73  50  62 -12   3   0 0.00  0.0    0  6.1 26  70   M    M   2        33  90
10  82  56  69  -5   0   4 0.00  0.0    0  4.2 16 120   M    M   0        20  80
11  88  60  74  -1   0   9 0.00  0.0    0  7.9 21 170   M    M   0        30 160
12  87  66  77   2   0  12 0.00  0.0    0 13.2 29 220   M    M   0        37 230
13  85  65  75   0   0  10 0.00  0.0    0 13.5 28 200   M    M   0        35 210
14  74  57  66 -10   0   1    T  0.0    0 14.4 26 230   M    M   3        36 220
15  70  53  62 -14   3   0 0.00  0.0    0 11.7 24 160   M    M   3        29 180
16  77  51  64 -12   1   0 0.00  0.0    0  6.9 17 190   M    M   3        23 190
17  80  58  69  -7   0   4 0.00  0.0    0  8.4 22 170   M    M   1        28 170
18  72  60  66 -11   0   1    T  0.0    0  7.2 29 330   M    M   4        33 330
19  82  54  68  -9   0   3 0.00  0.0    0  4.5 18 190   M    M   0        23 190
20  83  61  72  -5   0   7 0.00  0.0    0  5.5 20 170   M    M   0        26 180
21  82  62  72  -6   0   7    T  0.0    0  8.0 30 250   M    M   1        37 230
22  75  57  66 -12   0   1 0.00  0.0    0  7.1 28 340   M    M   1        34 190
23  80  58  69  -9   0   4    T  0.0    0  5.3 23 330   M    M   3        28 320
24  81  62  72  -6   0   7 0.02  0.0    0  7.2 18  80   M    M   6        23  70
25  86  60  73  -6   0   8 0.00  0.0    0  5.2 14 210   M    M   0        18 160
26  91  69  80   1   0  15 0.00  0.0    0  9.0 22 150   M    M   1        26 140
27  92  69  81   2   0  16 0.00  0.0    0  6.5 18 150   M    M   0        25 150
================================================================================
SM 2213 1626        14 184  0.02     0.0 234.2          M       34
================================================================================
AV 82.0 60.2                               8.7 FASTST   M    M   1    MAX(MPH)
                                 MISC ---->  # 32 150               # 49  230
================================================================================
NOTES:
# LAST OF SEVERAL OCCURRENCES

COLUMN 17 PEAK WIND IN M.P.H.

PRELIMINARY LOCAL CLIMATOLOGICAL DATA (WS FORM: F-6) , PAGE 2

                                          STATION:  NORTH_LAS_VEGAS NV
                                          MONTH:    MAY
                                          YEAR:     2015
                                          LATITUDE:   36 12 N
                                          LONGITUDE: 115 12 W

[TEMPERATURE DATA]      [PRECIPITATION DATA]       SYMBOLS USED IN COLUMN 16

AVERAGE MONTHLY: 71.1   TOTAL FOR MONTH:   0.02    1 = FOG OR MIST
DPTR FM NORMAL:  -4.4   DPTR FM NORMAL:   -0.10    2 = FOG REDUCING VISIBILITY
HIGHEST:    95 ON  1    GRTST 24HR  0.02 ON 24-24      TO 1/4 MILE OR LESS
LOWEST:     50 ON  9                               3 = THUNDER
                        SNOW, ICE PELLETS, HAIL    4 = ICE PELLETS
                        TOTAL MONTH:   0.0 INCH    5 = HAIL
                        GRTST 24HR     0.0         6 = FREEZING RAIN OR DRIZZLE
                        GRTST DEPTH:   0           7 = DUSTSTORM OR SANDSTORM:
                                                       VSBY 1/2 MILE OR LESS
                                                   8 = SMOKE OR HAZE
[NO. OF DAYS WITH]      [WEATHER - DAYS WITH]      9 = BLOWING SNOW
                                                   X = TORNADO
MAX 32 OR BELOW:   0    0.01 INCH OR MORE:   1
MAX 90 OR ABOVE:   5    0.10 INCH OR MORE:   0
MIN 32 OR BELOW:   0    0.50 INCH OR MORE:   0
MIN  0 OR BELOW:   0    1.00 INCH OR MORE:   0

[HDD (BASE 65) ]
TOTAL THIS MO.    14    CLEAR  (SCALE 0-3)  24
DPTR FM NORMAL    14    PTCLDY (SCALE 4-7)   3
TOTAL FM JUL 1  1429    CLOUDY (SCALE 8-10)  0
DPTR FM NORMAL  -609

[CDD (BASE 65) ]
TOTAL THIS MO.   184
DPTR FM NORMAL  -104    [PRESSURE DATA]
TOTAL FM JAN 1   407    HIGHEST SLP M ON M
DPTR FM NORMAL    -8    LOWEST  SLP 29.49 ON  6

[REMARKS]
