000
CXUS53 KSGF 300800
CF6VIH
PRELIMINARY LOCAL CLIMATOLOGICAL DATA (WS FORM: F-6)

                                          STATION:   VICHY-ROLLA MO
                                          MONTH:     APRIL
                                          YEAR:      2016
                                          LATITUDE:   38  7 N
                                          LONGITUDE:  91 46 W

  TEMPERATURE IN F:       :PCPN:    SNOW:  WIND      :SUNSHINE: SKY     :PK WND
================================================================================
1   2   3   4   5  6A  6B    7    8   9   10  11  12  13   14  15   16   17  18
                                     12Z  AVG MX 2MIN
DY MAX MIN AVG DEP HDD CDD  WTR  SNW DPTH SPD SPD DIR MIN PSBL S-S WX    SPD DR
================================================================================

 1  53  37  45  -6  20   0 0.02    M    M 12.2 23 290   M    M   6        32 300
 2  60  32  46  -5  19   0 0.00    M    M 13.0 30 310   M    M   0        40 300
 3  73  32  53   2  12   0 0.00    M    M 13.9 29 220   M    M   0        37 210
 4  69  44  57   5   8   0 0.00    M    M 10.4 23 330   M    M   0        29 320
 5  66  36  51  -1  14   0 0.00    M    M 15.2 24 180   M    M   0        33 180
 6  60  43  52   0  13   0 0.27    M    M 15.0 28 290   M    M   6 1      37 300
 7  60  41  51  -2  14   0 0.03    M    M 10.8 31 280   M    M   4 1      38 270
 8  56  37  47  -6  18   0 0.00    M    M 15.4 31 320   M    M   3        40 330
 9  59  27  43 -10  22   0 0.00    M    M 10.0 22 160   M    M   2        27 150
10  68  46  57   3   8   0 1.00    M    M 14.2 32 170   M    M   8 13     38 180
11  60  40  50  -4  15   0 0.67    M    M  9.7 22  20   M    M   5 1      28  10
12  58  33  46  -8  19   0 0.00    M    M  7.7 14  60   M    M   0        19  80
13  66  38  52  -2  13   0 0.00    M    M  6.6 13 100   M    M   0        17 100
14  72  43  58   3   7   0 0.00    M    M  7.5 13 120   M    M   1        18  90
15  74  51  63   8   2   0 0.00    M    M  9.7 21 120   M    M   4        27 120
16  74  52  63   7   2   0 0.00    M    M 10.0 18 150   M    M   3        26 150
17  77  55  66  10   0   1 0.00    M    M 10.9 22 130   M    M   3        28 120
18  78  54  66  10   0   1    T    M    M  9.9 23 160   M    M   0        28 140
19  72  57  65   9   0   0 0.01    M    M  7.6 17 160   M    M   3        21 160
20  64  51  58   1   7   0 0.03    M    M  8.2 20 150   M    M   8 12     25 170
21  70  47  59   2   6   0 0.05    M    M 10.5 22 260   M    M   5 12     28 220
22  72  49  61   4   4   0 0.00    M    M  7.7 15 340   M    M   1        21  10
23  77  49  63   5   2   0 0.00    M    M  6.7 14 110   M    M   0 18     17 110
24  79  56  68  10   0   3 0.00    M    M 13.6 24 180   M    M   0        32 190
25  81  61  71  13   0   6 0.00    M    M 11.4 21 180   M    M   4        26 220
26  78  58  68  10   0   3 0.30    M    M 10.5 33 340   M    M   4 13     42 340
27  76  53  65   6   0   0 0.17    M    M  9.9 22 120   M    M   3 1      27 120
28  71  46  59   0   6   0 0.00    M    M  8.8 20 260   M    M   0        23 280
29  61  48  55  -4  10   0 1.00    M    M  9.8 21  90   M    M   4 13     26  80
================================================================================
SM 1984 1316       241  14  3.55    M    306.8          M       77
================================================================================
AV 68.4 45.4                              10.6 FASTST   M    M   3    MAX(MPH)
                                 MISC ---->  # 33 340               # 42  340
================================================================================
NOTES:
# LAST OF SEVERAL OCCURRENCES

COLUMN 17 PEAK WIND IN M.P.H.

PRELIMINARY LOCAL CLIMATOLOGICAL DATA (WS FORM: F-6) , PAGE 2

                                          STATION:  VICHY-ROLLA MO
                                          MONTH:    APRIL
                                          YEAR:     2016
                                          LATITUDE:   38  7 N
                                          LONGITUDE:  91 46 W

[TEMPERATURE DATA]      [PRECIPITATION DATA]       SYMBOLS USED IN COLUMN 16

AVERAGE MONTHLY: 56.9   TOTAL FOR MONTH:   3.55    1 = FOG OR MIST
DPTR FM NORMAL:   1.8   DPTR FM NORMAL:   -0.52    2 = FOG REDUCING VISIBILITY
HIGHEST:    81 ON 25    GRTST 24HR  1.59 ON 10-11      TO 1/4 MILE OR LESS
LOWEST:     27 ON  9                               3 = THUNDER
                        SNOW, ICE PELLETS, HAIL    4 = ICE PELLETS
                        TOTAL MONTH:    M          5 = HAIL
                        GRTST 24HR    M  ON   M    6 = FREEZING RAIN OR DRIZZLE
                        GRTST DEPTH:  M  ON   M    7 = DUSTSTORM OR SANDSTORM:
                                                       VSBY 1/2 MILE OR LESS
                                                   8 = SMOKE OR HAZE
[NO. OF DAYS WITH]      [WEATHER - DAYS WITH]      9 = BLOWING SNOW
                                                   X = TORNADO
MAX 32 OR BELOW:   0    0.01 INCH OR MORE:  11
MAX 90 OR ABOVE:   0    0.10 INCH OR MORE:   6
MIN 32 OR BELOW:   3    0.50 INCH OR MORE:   3
MIN  0 OR BELOW:   0    1.00 INCH OR MORE:   2

[HDD (BASE 65) ]
TOTAL THIS MO.   241    CLEAR  (SCALE 0-3)  15
DPTR FM NORMAL   -67    PTCLDY (SCALE 4-7)  13
TOTAL FM JUL 1  3890    CLOUDY (SCALE 8-10)  1
DPTR FM NORMAL  -822

[CDD (BASE 65) ]
TOTAL THIS MO.    14
DPTR FM NORMAL    -9    [PRESSURE DATA]
TOTAL FM JAN 1    14    HIGHEST SLP M ON M
DPTR FM NORMAL   -13    LOWEST  SLP 29.52 ON 27

[REMARKS]
