000
CXUS51 KBTV 280700
CF6VSF
PRELIMINARY LOCAL CLIMATOLOGICAL DATA (WS FORM: F-6)
STATION: SPRINGFIELD VT
MONTH: MARCH
YEAR: 2024
LATITUDE: 43 19 N
LONGITUDE: 72 31 W
TEMPERATURE IN F: :PCPN: SNOW: WIND :SUNSHINE: SKY :PK WND
================================================================================
1 2 3 4 5 6A 6B 7 8 9 10 11 12 13 14 15 16 17 18
12Z AVG MX 2MIN
DY MAX MIN AVG DEP HDD CDD WTR SNW DPTH SPD SPD DIR MIN PSBL S-S WX SPD DR
================================================================================
1 43 16 30 3 35 0 0.00 M M 3.1 18 290 M M 3 29 300
2 46 25 36 9 29 0 0.38 M M 1.2 10 130 M M 7 1 15 150
3 59 36 48 21 17 0 0.04 M M 2.5 10 270 M M 7 1 21 20
4 54 38 46 18 19 0 0.00 M M 2.1 10 160 M M 10 17 130
5 42 38 40 12 25 0 0.75 M M 1.2 7 160 M M 10 1 9 160
6 52 36 44 16 21 0 0.58 M M 0.5 8 20 M M 9 12 12 40
7 48 35 42 14 23 0 0.78 M M 7.3 16 10 M M 8 1 32 10
8 55 27 41 12 24 0 0.00 M M 2.0 10 70 M M 0 14 70
9 45 27 36 7 29 0 0.07 M M 4.4 16 160 M M 6 1 24 160
10 43 32 38 8 27 0 0.20 M M 6.6 22 280 M M 10 1 32 290
11 39 27 33 3 32 0 T M M 11.3 24 310 M M 7 8 40 280
12 51 29 40 10 25 0 0.00 M M 8.3 20 290 M M 0 32 280
13 60 25 43 13 22 0 0.00 M M 0.1 7 100 M M 2 11 110
14 63 29 46 15 19 0 0.00 M M 2.2 13 270 M M 3 22 350
15 45 37 41 10 24 0 0.32 M M 2.0 8 360 M M 10 128 13 360
16 53 32 43 12 22 0 0.00 M M 2.1 12 250 M M 7 12 18 210
17 54 31 43 11 22 0 0.04 M M 6.6 24 290 M M 6 1 38 270
18 45 28 37 5 28 0 0.00 M M 8.1 25 270 M M 5 39 270
19 41 30 36 4 29 0 T M M 7.2 21 260 M M 6 34 290
20 47 27 37 4 28 0 0.06 M M 6.3 23 290 M M 9 12 37 270
21 34 22 28 -5 37 0 T M M 13.4 25 280 M M 5 8 42 270
22 35 18 27 -7 38 0 T M M 6.2 18 300 M M 5 1 26 310
23 32 23 28 -6 37 0 M M M 3.5 15 290 M M 8 128 24 290
24 39 13 26 -8 39 0 0.00 M M 5.1 15 20 M M 0 24 10
25 42 13 28 -7 37 0 0.00 M M 2.4 13 100 M M 0 18 110
26 45 19 32 -3 33 0 0.00 M M 2.3 10 60 M M 8 128 14 110
27 42 34 38 3 27 0 0.20 M M 0.9 7 110 M M 10 12 8 120
================================================================================
SM 1254 747 748 0 3.42 M 118.9 M 161
================================================================================
AV 46.4 27.7 4.4 FASTST M M 6 MAX(MPH)
MISC ----> # 25 270 42 270
================================================================================
NOTES:
# LAST OF SEVERAL OCCURRENCES
COLUMN 17 PEAK WIND IN M.P.H.
PRELIMINARY LOCAL CLIMATOLOGICAL DATA (WS FORM: F-6) , PAGE 2
STATION: SPRINGFIELD VT
MONTH: MARCH
YEAR: 2024
LATITUDE: 43 19 N
LONGITUDE: 72 31 W
[TEMPERATURE DATA] [PRECIPITATION DATA] SYMBOLS USED IN COLUMN 16
AVERAGE MONTHLY: 37.1 TOTAL FOR MONTH: 3.42 1 = FOG OR MIST
DPTR FM NORMAL: 6.2 DPTR FM NORMAL: 0.84 2 = FOG REDUCING VISIBILITY
HIGHEST: 63 ON 14 GRTST 24HR 1.36 ON 6- 7 TO 1/4 MILE OR LESS
LOWEST: 13 ON 25,24 3 = THUNDER
SNOW, ICE PELLETS, HAIL 4 = ICE PELLETS
TOTAL MONTH: M 5 = HAIL
GRTST 24HR M ON M 6 = FREEZING RAIN OR DRIZZLE
GRTST DEPTH: M ON M 7 = DUSTSTORM OR SANDSTORM:
VSBY 1/2 MILE OR LESS
8 = SMOKE OR HAZE
[NO. OF DAYS WITH] [WEATHER - DAYS WITH] 9 = BLOWING SNOW
X = TORNADO
MAX 32 OR BELOW: 1 0.01 INCH OR MORE: 11
MAX 90 OR ABOVE: 0 0.10 INCH OR MORE: 7
MIN 32 OR BELOW: 20 0.50 INCH OR MORE: 3
MIN 0 OR BELOW: 0 1.00 INCH OR MORE: 0
[HDD (BASE 65) ]
TOTAL THIS MO. 748 CLEAR (SCALE 0-3) 6
DPTR FM NORMAL -175 PTCLDY (SCALE 4-7) 12
TOTAL FM JUL 1 5165 CLOUDY (SCALE 8-10) 9
DPTR FM NORMAL -1117
[CDD (BASE 65) ]
TOTAL THIS MO. 0
DPTR FM NORMAL 0 [PRESSURE DATA]
TOTAL FM JAN 1 0 HIGHEST SLP M ON M
DPTR FM NORMAL 0 LOWEST SLP 29.25 ON 10
[REMARKS]