000
CXUS56 KPQR 271200
CF6VUO
PRELIMINARY LOCAL CLIMATOLOGICAL DATA (WS FORM: F-6)

                                          STATION:   VANCOUVER WA
                                          MONTH:     MARCH
                                          YEAR:      2017
                                          LATITUDE:   45 37 N
                                          LONGITUDE: 122 39 W

  TEMPERATURE IN F:       :PCPN:    SNOW:  WIND      :SUNSHINE: SKY     :PK WND
================================================================================
1   2   3   4   5  6A  6B    7    8   9   10  11  12  13   14  15   16   17  18
                                     12Z  AVG MX 2MIN
DY MAX MIN AVG DEP HDD CDD  WTR  SNW DPTH SPD SPD DIR MIN PSBL S-S WX    SPD DR
================================================================================

 1  51  40  46   1  19   0 0.01    M    0  5.0 12 210   M    M   9        18 210
 2  51  38  45  -1  20   0 0.08    M    0  6.1 12 200   M    M   9 1      18 210
 3  52  41  47   1  18   0 0.10    M    0  8.2 17 180   M    M  10 1      24 200
 4  48  35  42  -4  23   0 0.14    M    0  5.2 13 190   M    M   9 1      19 230
 5  47  36  42  -4  23   0 0.10    M    0  8.3 18 200   M    M   9 1      28 210
 6  46  35  41  -5  24   0 0.09    M    M  6.1 13 200   M    M   8 1      21 210
 7  50  41  46   0  19   0 0.47    M    0  6.7 14 110   M    M   9 1      20 210
 8  46  42  44  -3  21   0 0.32    M    0  1.4  7  50   M    M  10 1       9 260
 9  59  42  51   4  14   0 0.52    M    0  4.8 17 190   M    M  10 1      27 190
10  61  44  53   6  12   0    T    M    0  5.4 15 200   M    M   5        24 210
11  58  39  49   2  16   0 0.30    M    0  4.9 15 110   M    M   6 1      20 240
12  62  47  55   8  10   0 0.00  0.0    0  4.8 15 110   M    M   5        19 120
13  53  47  50   2  15   0 0.67    M    0  6.3 13 120   M    M  10 1      16 130
14  58  50  54   6  11   0 0.57  0.0    0  7.4 16 110   M    M   9 1      20 110
15  57  46  52   4  13   0 0.63    M    0  8.1 16 190   M    M  10 1      26 170
16  56  36  46  -2  19   0 0.00  0.0    0  0.8  8 160   M    M   3        12 140
17  48  35  42  -6  23   0 0.36    M    0  4.5 16 120   M    M   7 1      20 110
18  56  33  45  -3  20   0 0.38    M    0  6.2 16 120   M    M   8 1      22 310
19  57  30  44  -5  21   0 0.00  0.0    0  3.5 14 290   M    M   0        18 290
20  56  35  46  -3  19   0 0.12    M    0  5.6 22 110   M    M   7        29 110
21  57  44  51   2  14   0 0.23    M    0  7.5 18 100   M    M   8 13     24 100
22  55  41  48  -1  17   0 0.03    M    0  6.6 17 260   M    M   8        23 180
23  58  44  51   2  14   0 0.39    M    0  6.1 12 100   M    M   9        16 110
24  54  47  51   2  14   0 0.58    M    0  6.8 23 240   M    M  10 1      30 210
25  56  43  50   0  15   0 0.01    M    0  3.6 13 280   M    M   7 1      15 280
26  51  45  48  -2  17   0 0.62    M    0  6.8 14 110   M    M  10 1      18 120
================================================================================
SM 1403 1056       451   0  6.72     0.0 146.7          M      205
================================================================================
AV 54.0 40.6                               5.6 FASTST   M    M   8    MAX(MPH)
                                 MISC ---->  # 23 240               # 30  210
================================================================================
NOTES:
# LAST OF SEVERAL OCCURRENCES

COLUMN 17 PEAK WIND IN M.P.H.

PRELIMINARY LOCAL CLIMATOLOGICAL DATA (WS FORM: F-6) , PAGE 2

                                          STATION:  VANCOUVER WA
                                          MONTH:    MARCH
                                          YEAR:     2017
                                          LATITUDE:   45 37 N
                                          LONGITUDE: 122 39 W

[TEMPERATURE DATA]      [PRECIPITATION DATA]       SYMBOLS USED IN COLUMN 16

AVERAGE MONTHLY: 47.3   TOTAL FOR MONTH:   6.72    1 = FOG OR MIST
DPTR FM NORMAL:  -0.3   DPTR FM NORMAL:    3.66    2 = FOG REDUCING VISIBILITY
HIGHEST:    62 ON 12    GRTST 24HR  0.67 ON 13-13      TO 1/4 MILE OR LESS
LOWEST:     30 ON 19                               3 = THUNDER
                        SNOW, ICE PELLETS, HAIL    4 = ICE PELLETS
                        TOTAL MONTH:   0.0 INCH    5 = HAIL
                        GRTST 24HR     0.0         6 = FREEZING RAIN OR DRIZZLE
                        GRTST DEPTH:   0           7 = DUSTSTORM OR SANDSTORM:
                                                       VSBY 1/2 MILE OR LESS
                                                   8 = SMOKE OR HAZE
[NO. OF DAYS WITH]      [WEATHER - DAYS WITH]      9 = BLOWING SNOW
                                                   X = TORNADO
MAX 32 OR BELOW:   0    0.01 INCH OR MORE:  22
MAX 90 OR ABOVE:   0    0.10 INCH OR MORE:  17
MIN 32 OR BELOW:   1    0.50 INCH OR MORE:   6
MIN  0 OR BELOW:   0    1.00 INCH OR MORE:   0

[HDD (BASE 65) ]
TOTAL THIS MO.   451    CLEAR  (SCALE 0-3)   2
DPTR FM NORMAL    -2    PTCLDY (SCALE 4-7)   7
TOTAL FM JUL 1  3751    CLOUDY (SCALE 8-10) 17
DPTR FM NORMAL   184

[CDD (BASE 65) ]
TOTAL THIS MO.     0
DPTR FM NORMAL     0    [PRESSURE DATA]
TOTAL FM JAN 1     0    HIGHEST SLP M ON M
DPTR FM NORMAL     0    LOWEST  SLP 29.55 ON  4

[REMARKS]
