279
CXUS56 KPQR 301200
CF6VUO
PRELIMINARY LOCAL CLIMATOLOGICAL DATA (WS FORM: F-6)

                                          STATION:   VANCOUVER WA
                                          MONTH:     SEPTEMBER
                                          YEAR:      2016
                                          LATITUDE:   45 37 N
                                          LONGITUDE: 122 39 W

  TEMPERATURE IN F:       :PCPN:    SNOW:  WIND      :SUNSHINE: SKY     :PK WND
================================================================================
1   2   3   4   5  6A  6B    7    8   9   10  11  12  13   14  15   16   17  18
                                     12Z  AVG MX 2MIN
DY MAX MIN AVG DEP HDD CDD  WTR  SNW DPTH SPD SPD DIR MIN PSBL S-S WX    SPD DR
================================================================================

 1  69  55  62  -5   3   0 0.06  0.0    0  2.6 10 270   M    M   6        12 210
 2  67  51  59  -8   6   0 0.16  0.0    0  2.5 15 270   M    M   8 1      19 260
 3  68  48  58  -9   7   0    T  0.0    0  3.3  9 320   M    M   5 1      14 300
 4  70  49  60  -7   5   0 0.00  0.0    0  4.6 10 250   M    M   5        16 270
 5  71  48  60  -7   5   0 0.01  0.0    0  2.7  8 320   M    M   5        11 300
 6  68  56  62  -4   3   0 0.20  0.0    0  2.4 10 140   M    M   9 1      14 140
 7  73  58  66   0   0   1 0.00  0.0    0  3.4  9 300   M    M   7        14 310
 8  74  57  66   0   0   1    T  0.0    0  4.4 13 300   M    M   4        19 300
 9  84  49  67   1   0   2 0.00  0.0    0  4.4 14 310   M    M   0        18 310
10  85  50  68   2   0   3 0.00  0.0    0  4.4 13 310   M    M   0        20 350
11  72  50  61  -4   4   0 0.00  0.0    0  4.6 13 310   M    M   2        18 310
12  79  46  63  -2   2   0 0.00  0.0    0  3.8 14 290   M    M   0 8      22 310
13  81  49  65   0   0   0 0.00  0.0    0  4.6 16 110   M    M   0        22  70
14  79  45  62  -2   3   0 0.00  0.0    0  3.1  9 120   M    M   0        12 120
15  80  50  65   1   0   0 0.00  0.0    0  3.5 10 280   M    M   2        17 290
16  83  50  67   3   0   2 0.00  0.0    0  2.4  7 300   M    M   0        11 360
17  62  56  59  -5   6   0 0.68  0.0    0  4.3 13 110   M    M  10 1      16 120
18  72  52  62  -1   3   0    T  0.0    0  2.6  9 320   M    M   7 1      14 310
19  66  50  58  -5   7   0    T  0.0    0  2.7  9 320   M    M   3        13 330
20  72  45  59  -3   6   0 0.00  0.0    0  4.0 15 320   M    M   2        20 320
21  74  49  62   0   3   0 0.00  0.0    0  4.3 14  10   M    M   3 1      21 310
22  67  46  57  -5   8   0 0.00  0.0    0  1.1  8  60   M    M   4        12  80
23  62  49  56  -6   9   0 0.04  0.0    0  4.2 14 180   M    M   8 12     21 190
24  70  48  59  -2   6   0 0.00  0.0    0  2.3  8 270   M    M   5 12     11 260
25  84  49  67   6   0   2 0.00  0.0    0  3.2 13 300   M    M   1        18 300
26  88  52  70  10   0   5 0.00  0.0    0  4.1 13 310   M    M   0 1      19 310
27  75  59  67   7   0   2 0.00  0.0    0  6.6 15 310   M    M   6        20 320
28  75  47  61   1   4   0 0.00  0.0    0  5.1 13 310   M    M   0        18 310
29  70  47  59   0   6   0 0.00  0.0    0  3.9 14 310   M    M   0        18 300
================================================================================
SM 2140 1460        96  18  1.15     0.0 105.1          M      102
================================================================================
AV 73.8 50.3                               3.6 FASTST   M    M   4    MAX(MPH)
                                 MISC ---->  # 16 110               # 22  310
================================================================================
NOTES:
# LAST OF SEVERAL OCCURRENCES

COLUMN 17 PEAK WIND IN M.P.H.

PRELIMINARY LOCAL CLIMATOLOGICAL DATA (WS FORM: F-6) , PAGE 2

                                          STATION:  VANCOUVER WA
                                          MONTH:    SEPTEMBER
                                          YEAR:     2016
                                          LATITUDE:   45 37 N
                                          LONGITUDE: 122 39 W

[TEMPERATURE DATA]      [PRECIPITATION DATA]       SYMBOLS USED IN COLUMN 16

AVERAGE MONTHLY: 62.1   TOTAL FOR MONTH:   1.15    1 = FOG OR MIST
DPTR FM NORMAL:  -1.8   DPTR FM NORMAL:   -0.32    2 = FOG REDUCING VISIBILITY
HIGHEST:    88 ON 26    GRTST 24HR  0.68 ON 17-17      TO 1/4 MILE OR LESS
LOWEST:     45 ON 20,14                            3 = THUNDER
                        SNOW, ICE PELLETS, HAIL    4 = ICE PELLETS
                        TOTAL MONTH:   0.0 INCH    5 = HAIL
                        GRTST 24HR     0.0         6 = FREEZING RAIN OR DRIZZLE
                        GRTST DEPTH:   0           7 = DUSTSTORM OR SANDSTORM:
                                                       VSBY 1/2 MILE OR LESS
                                                   8 = SMOKE OR HAZE
[NO. OF DAYS WITH]      [WEATHER - DAYS WITH]      9 = BLOWING SNOW
                                                   X = TORNADO
MAX 32 OR BELOW:   0    0.01 INCH OR MORE:   6
MAX 90 OR ABOVE:   0    0.10 INCH OR MORE:   3
MIN 32 OR BELOW:   0    0.50 INCH OR MORE:   1
MIN  0 OR BELOW:   0    1.00 INCH OR MORE:   0

[HDD (BASE 65) ]
TOTAL THIS MO.    96    CLEAR  (SCALE 0-3)  14
DPTR FM NORMAL    14    PTCLDY (SCALE 4-7)  12
TOTAL FM JUL 1   118    CLOUDY (SCALE 8-10)  3
DPTR FM NORMAL     3

[CDD (BASE 65) ]
TOTAL THIS MO.    18
DPTR FM NORMAL   -29    [PRESSURE DATA]
TOTAL FM JAN 1   407    HIGHEST SLP M ON M
DPTR FM NORMAL    35    LOWEST  SLP 29.88 ON 13

[REMARKS]
