000
CXUS55 KRIW 230945
CF6WRL
PRELIMINARY LOCAL CLIMATOLOGICAL DATA (WS FORM: F-6)

                                          STATION:   WORLAND WY
                                          MONTH:     AUGUST
                                          YEAR:      2017
                                          LATITUDE:   43 58 N
                                          LONGITUDE: 107 57 W

  TEMPERATURE IN F:       :PCPN:    SNOW:  WIND      :SUNSHINE: SKY     :PK WND
================================================================================
1   2   3   4   5  6A  6B    7    8   9   10  11  12  13   14  15   16   17  18
                                     12Z  AVG MX 2MIN
DY MAX MIN AVG DEP HDD CDD  WTR  SNW DPTH SPD SPD DIR MIN PSBL S-S WX    SPD DR
================================================================================

 1  96  54  75   2   0  10    T  0.0    M  5.7 17 160   M    M   0 3      21 100
 2  80  52  66  -7   0   1 0.00  0.0    M  8.0 21 340   M    M   1 8      27 340
 3  80  60  70  -3   0   5 0.00  0.0    M  3.7 13 130   M    M   4        15 130
 4  93  49  71  -2   0   6 0.00  0.0    0  5.6 28 350   M    M   0        33 350
 5  81  59  70  -2   0   5 0.00  0.0    0  7.1 22 350   M    M   1        29 360
 6  75  54  65  -7   0   0 0.00  0.0    0  3.8 13 210   M    M   8        15 220
 7  82  46  64  -8   1   0 0.00  0.0    0  4.2  9 170   M    M   1        12  20
 8  85  50  68  -4   0   3 0.00  0.0    0  7.4 17 250   M    M   1        24 320
 9  81  50  66  -6   0   1    T  0.0    0  5.9 26 270   M    M   1 3      36 280
10  83  51  67  -5   0   2 0.00    M    M  5.3 12 160   M    M   1        13 250
11  87  50  69  -3   0   4    T    M    M  5.7 37 330   M    M   0 38     44 330
12  86  51  69  -2   0   4 0.00    M    M  4.9 12 180   M    M   0 8      13 170
13  84  51  68  -3   0   3 0.01    M    M  6.3 21 360   M    M   2 3      27 360
14  77  59  68  -3   0   3    T    M    M  6.5 21 330   M    M   2        25 320
15  75  54  65  -6   0   0 0.17    M    M  4.5 12 120   M    M   3 1      14 360
16  85  48  67  -3   0   2 0.00  0.0    M  4.0 12 150   M    M   0        13 150
17  87  50  69  -1   0   4 0.00  0.0    M  5.8 14  30   M    M   0 8      18  10
18  91  48  70   0   0   5 0.00  0.0    M  6.1 12 130   M    M   0        15  40
19  92  50  71   1   0   6 0.00  0.0    M  5.9 17 360   M    M   0        25  10
20  86  49  68  -2   0   3 0.00  0.0    M  5.5 14 340   M    M   0        18 340
21  83  47  65  -4   0   0 0.00    M    M  4.4 15 110   M    M   0        17 110
22  90  44  67  -2   0   2 0.00    M    M  3.6 12 130   M    M   0        15 120
================================================================================
SM 1859 1126         1  69  0.18     0.0 119.9          M       25
================================================================================
AV 84.5 51.2                               5.5 FASTST   M    M   1    MAX(MPH)
                                 MISC ---->  # 37 330               # 44  330
================================================================================
NOTES:
# LAST OF SEVERAL OCCURRENCES

COLUMN 17 PEAK WIND IN M.P.H.

PRELIMINARY LOCAL CLIMATOLOGICAL DATA (WS FORM: F-6) , PAGE 2

                                          STATION:  WORLAND WY
                                          MONTH:    AUGUST
                                          YEAR:     2017
                                          LATITUDE:   43 58 N
                                          LONGITUDE: 107 57 W

[TEMPERATURE DATA]      [PRECIPITATION DATA]       SYMBOLS USED IN COLUMN 16

AVERAGE MONTHLY: 67.8   TOTAL FOR MONTH:   0.18    1 = FOG OR MIST
DPTR FM NORMAL:  -3.4   DPTR FM NORMAL:   -0.12    2 = FOG REDUCING VISIBILITY
HIGHEST:    96 ON  1    GRTST 24HR  0.17 ON 15-15      TO 1/4 MILE OR LESS
LOWEST:     44 ON 22                               3 = THUNDER
                        SNOW, ICE PELLETS, HAIL    4 = ICE PELLETS
                        TOTAL MONTH:   0.0 INCH    5 = HAIL
                        GRTST 24HR     0.0         6 = FREEZING RAIN OR DRIZZLE
                        GRTST DEPTH:   0           7 = DUSTSTORM OR SANDSTORM:
                                                       VSBY 1/2 MILE OR LESS
                                                   8 = SMOKE OR HAZE
[NO. OF DAYS WITH]      [WEATHER - DAYS WITH]      9 = BLOWING SNOW
                                                   X = TORNADO
MAX 32 OR BELOW:   0    0.01 INCH OR MORE:   2
MAX 90 OR ABOVE:   5    0.10 INCH OR MORE:   1
MIN 32 OR BELOW:   0    0.50 INCH OR MORE:   0
MIN  0 OR BELOW:   0    1.00 INCH OR MORE:   0

[HDD (BASE 65) ]
TOTAL THIS MO.     1    CLEAR  (SCALE 0-3)  19
DPTR FM NORMAL    -5    PTCLDY (SCALE 4-7)   3
TOTAL FM JUL 1     1    CLOUDY (SCALE 8-10)  0
DPTR FM NORMAL   -18

[CDD (BASE 65) ]
TOTAL THIS MO.    69
DPTR FM NORMAL   -78    [PRESSURE DATA]
TOTAL FM JAN 1   470    HIGHEST SLP M ON M
DPTR FM NORMAL    -2    LOWEST  SLP 29.84 ON 14

[REMARKS]
