263
CXUS56 KMTR 291000
CF6WVI
PRELIMINARY LOCAL CLIMATOLOGICAL DATA (WS FORM: F-6)

                                          STATION:   WATSONVILLE AIRPORT
                                          MONTH:     MAY
                                          YEAR:      2016
                                          LATITUDE:   36 55 N
                                          LONGITUDE: 121 47 W

  TEMPERATURE IN F:       :PCPN:    SNOW:  WIND      :SUNSHINE: SKY     :PK WND
================================================================================
1   2   3   4   5  6A  6B    7    8   9   10  11  12  13   14  15   16   17  18
                                     12Z  AVG MX 2MIN
DY MAX MIN AVG DEP HDD CDD  WTR  SNW DPTH SPD SPD DIR MIN PSBL S-S WX    SPD DR
================================================================================

 1  78  46  62   5   3   0 0.00  0.0    0  4.5 17 210   M    M   1        23 250
 2  64  53  59   2   6   0 0.00  0.0    0  5.4 15 230   M    M   8        19 220
 3  69  53  61   3   4   0 0.00  0.0    0  3.4 13 190   M    M   5 1      16 190
 4  63  52  58   0   7   0 0.00  0.0    0  6.0 13 210   M    M   9 1      17 250
 5  66  54  60   2   5   0    T  0.0    0  4.8 16 210   M    M   8        21 220
 6  61  52  57  -1   8   0 0.13  0.0    0  3.4 13 230   M    M  10 1      17 230
 7  61  51  56  -2   9   0    T  0.0    0  3.5 13 240   M    M   9        17 250
 8  67  49  58   0   7   0 0.00  0.0    0  4.6 14 230   M    M   4 12     18 230
 9  63  52  58   0   7   0    T  0.0    0  5.3 13 210   M    M  10 1      17 200
10  60  51  56  -2   9   0 0.00  0.0    0  3.8 15 210   M    M  10 1      17 210
11  63  52  58   0   7   0    T  0.0    0  4.7 13 210   M    M  10 1      15 210
12  60  52  56  -2   9   0 0.00  0.0    0  4.6 12 200   M    M   9 1      13 180
13  64  48  56  -2   9   0 0.00  0.0    0  5.2 17 240   M    M   6 1      22 240
14  68  46  57  -2   8   0 0.00  0.0    0  4.6 15 250   M    M   2        19 240
15  71  54  63   4   2   0 0.00  0.0    0  5.4 13 100   M    M   4        17 160
16  68  54  61   2   4   0 0.00  0.0    0  4.9 12 120   M    M   6        17 200
17  77  53  65   6   0   0 0.00  0.0    0  4.2 13 190   M    M   4 18     17 180
18  70  50  60   1   5   0 0.00  0.0    0  4.6 12 210   M    M   4 12     16 190
19  71  51  61   2   4   0 0.00  0.0    0  6.9 17 250   M    M   4 1      25 260
20  63  50  57  -2   8   0    T  0.0    0 11.8 25 220   M    M   2        33 240
21  64  46  55  -4  10   0 0.00  0.0    0  6.0 17 230   M    M   5        24 260
22  66  45  56  -3   9   0 0.00  0.0    0  6.1 18 240   M    M   1        24 240
23  66  46  56  -4   9   0 0.00  0.0    0  6.5 17 240   M    M   3        22 230
24  67  52  60   0   5   0 0.00  0.0    0  5.5 20 240   M    M   6        28 240
25  65  51  58  -2   7   0 0.00  0.0    0  4.8 15 210   M    M   7        21 210
26  66  53  60   0   5   0 0.00  0.0    0  5.0 13 190   M    M   9        16 220
27  70  52  61   1   4   0 0.00  0.0    0  5.0 12 180   M    M   4 1      14 160
28  73  47  60   0   5   0 0.00  0.0    0  4.3 14 200   M    M   2 12     20 220
================================================================================
SM 1864 1415       175   0  0.13     0.0 144.8          M      162
================================================================================
AV 66.6 50.5                               5.2 FASTST   M    M   6    MAX(MPH)
                                 MISC ---->  # 25 220               # 33  240
================================================================================
NOTES:
# LAST OF SEVERAL OCCURRENCES

COLUMN 17 PEAK WIND IN M.P.H.

PRELIMINARY LOCAL CLIMATOLOGICAL DATA (WS FORM: F-6) , PAGE 2

                                          STATION:  WATSONVILLE AIRPORT
                                          MONTH:    MAY
                                          YEAR:     2016
                                          LATITUDE:   36 55 N
                                          LONGITUDE: 121 47 W

[TEMPERATURE DATA]      [PRECIPITATION DATA]       SYMBOLS USED IN COLUMN 16

AVERAGE MONTHLY: 58.6   TOTAL FOR MONTH:   0.13    1 = FOG OR MIST
DPTR FM NORMAL:  -0.1   DPTR FM NORMAL:   -0.49    2 = FOG REDUCING VISIBILITY
HIGHEST:    78 ON  1    GRTST 24HR  0.13 ON  5- 6      TO 1/4 MILE OR LESS
LOWEST:     45 ON 22                               3 = THUNDER
                        SNOW, ICE PELLETS, HAIL    4 = ICE PELLETS
                        TOTAL MONTH:   0.0 INCH    5 = HAIL
                        GRTST 24HR     0.0         6 = FREEZING RAIN OR DRIZZLE
                        GRTST DEPTH:   0           7 = DUSTSTORM OR SANDSTORM:
                                                       VSBY 1/2 MILE OR LESS
                                                   8 = SMOKE OR HAZE
[NO. OF DAYS WITH]      [WEATHER - DAYS WITH]      9 = BLOWING SNOW
                                                   X = TORNADO
MAX 32 OR BELOW:   0    0.01 INCH OR MORE:   1
MAX 90 OR ABOVE:   0    0.10 INCH OR MORE:   1
MIN 32 OR BELOW:   0    0.50 INCH OR MORE:   0
MIN  0 OR BELOW:   0    1.00 INCH OR MORE:   0

[HDD (BASE 65) ]
TOTAL THIS MO.   175    CLEAR  (SCALE 0-3)   6
DPTR FM NORMAL    -9    PTCLDY (SCALE 4-7)  13
TOTAL FM JUL 1  2131    CLOUDY (SCALE 8-10)  9
DPTR FM NORMAL  -688

[CDD (BASE 65) ]
TOTAL THIS MO.     0
DPTR FM NORMAL     0    [PRESSURE DATA]
TOTAL FM JAN 1     7    HIGHEST SLP 29.94 ON 17
DPTR FM NORMAL     1    LOWEST  SLP 29.78 ON 19

[REMARKS]
