694
CXUS56 KMTR 251000
CF6WVI
PRELIMINARY LOCAL CLIMATOLOGICAL DATA (WS FORM: F-6)

                                          STATION:   WATSONVILLE AIRPORT
                                          MONTH:     JULY
                                          YEAR:      2016
                                          LATITUDE:   36 55 N
                                          LONGITUDE: 121 47 W

  TEMPERATURE IN F:       :PCPN:    SNOW:  WIND      :SUNSHINE: SKY     :PK WND
================================================================================
1   2   3   4   5  6A  6B    7    8   9   10  11  12  13   14  15   16   17  18
                                     12Z  AVG MX 2MIN
DY MAX MIN AVG DEP HDD CDD  WTR  SNW DPTH SPD SPD DIR MIN PSBL S-S WX    SPD DR
================================================================================

 1  66  51  59  -4   6   0 0.00  0.0    0  5.0 13 180   M    M   7 1      17 200
 2  66  51  59  -4   6   0 0.00  0.0    0  5.9 16 220   M    M   7 1      23 220
 3  66  52  59  -4   6   0 0.00  0.0    0  6.2 15 240   M    M   7 1      21 200
 4  67  52  60  -3   5   0 0.00  0.0    0  5.3 16 230   M    M   9 1      20 210
 5  67  54  61  -2   4   0    T  0.0    0  5.2 15 190   M    M   9 1      19 190
 6  66  53  60  -3   5   0    T  0.0    0  5.9 16 210   M    M   8 1      20 210
 7  70  54  62  -1   3   0 0.00  0.0    0  4.8 14 100   M    M   6 1      17 220
 8  69  54  62  -1   3   0    T  0.0    0  4.5 13 180   M    M   6 1      17 120
 9  83  52  68   5   0   3 0.00  0.0    0  4.5 15 240   M    M   1        19 240
10  78  50  64   1   1   0 0.00  0.0    0  5.0 13 160   M    M   0        16 170
11  75  50  63   0   2   0 0.00  0.0    0  5.9 13 130   M    M   0        16 160
12  72  54  63   0   2   0 0.00  0.0    0  4.0 12 140   M    M   4        16 120
13  70  49  60  -3   5   0 0.00  0.0    0  3.8 12 170   M    M   5 12     15 170
14  69  50  60  -3   5   0 0.00  0.0    0  4.6 13 190   M    M   6 12     16 190
15  67  51  59  -4   6   0 0.00  0.0    0  5.4 15 210   M    M   7 1      19 210
16  66  54  60  -3   5   0 0.00  0.0    0  6.5 14 200   M    M   9        18 190
17  66  53  60  -3   5   0 0.00  0.0    0  5.1 13 160   M    M   8 1      16 220
18  74  55  65   2   0   0    T  0.0    0  4.1 12 170   M    M   5 1      16 170
19  76  49  63   0   2   0 0.00  0.0    0  4.5 14 140   M    M   0        18 120
20  77  50  64   1   1   0 0.00  0.0    0  4.9 13 160   M    M   0        16 140
21  80  50  65   2   0   0 0.00  0.0    0  3.8 12 140   M    M   2 12     15 140
22  76  49  63   0   2   0 0.00  0.0    0  4.6 13 140   M    M   0        17 150
23  79  50  65   2   0   0 0.00  0.0    0  4.1 13 160   M    M   1 12     21 150
24  71  50  61  -2   4   0 0.00  0.0    M  5.0 12 180   M    M   5 12     16 210
================================================================================
SM 1716 1237        78   3    T      0.0 118.6          M      112
================================================================================
AV 71.5 51.5                               4.9 FASTST   M    M   5    MAX(MPH)
                                 MISC ---->  # 16 220               # 23  220
================================================================================
NOTES:
# LAST OF SEVERAL OCCURRENCES

COLUMN 17 PEAK WIND IN M.P.H.

PRELIMINARY LOCAL CLIMATOLOGICAL DATA (WS FORM: F-6) , PAGE 2

                                          STATION:  WATSONVILLE AIRPORT
                                          MONTH:    JULY
                                          YEAR:     2016
                                          LATITUDE:   36 55 N
                                          LONGITUDE: 121 47 W

[TEMPERATURE DATA]      [PRECIPITATION DATA]       SYMBOLS USED IN COLUMN 16

AVERAGE MONTHLY: 61.5   TOTAL FOR MONTH:      T    1 = FOG OR MIST
DPTR FM NORMAL:  -1.5   DPTR FM NORMAL:   -0.01    2 = FOG REDUCING VISIBILITY
HIGHEST:    83 ON  9    GRTST 24HR    T  ON 18-18      TO 1/4 MILE OR LESS
LOWEST:     49 ON 22,19                            3 = THUNDER
                        SNOW, ICE PELLETS, HAIL    4 = ICE PELLETS
                        TOTAL MONTH:   0.0 INCH    5 = HAIL
                        GRTST 24HR     0.0         6 = FREEZING RAIN OR DRIZZLE
                        GRTST DEPTH:   0           7 = DUSTSTORM OR SANDSTORM:
                                                       VSBY 1/2 MILE OR LESS
                                                   8 = SMOKE OR HAZE
[NO. OF DAYS WITH]      [WEATHER - DAYS WITH]      9 = BLOWING SNOW
                                                   X = TORNADO
MAX 32 OR BELOW:   0    0.01 INCH OR MORE:   0
MAX 90 OR ABOVE:   0    0.10 INCH OR MORE:   0
MIN 32 OR BELOW:   0    0.50 INCH OR MORE:   0
MIN  0 OR BELOW:   0    1.00 INCH OR MORE:   0

[HDD (BASE 65) ]
TOTAL THIS MO.    78    CLEAR  (SCALE 0-3)   8
DPTR FM NORMAL    30    PTCLDY (SCALE 4-7)  12
TOTAL FM JUL 1    78    CLOUDY (SCALE 8-10)  4
DPTR FM NORMAL    30

[CDD (BASE 65) ]
TOTAL THIS MO.     3
DPTR FM NORMAL    -9    [PRESSURE DATA]
TOTAL FM JAN 1    27    HIGHEST SLP M ON M
DPTR FM NORMAL   -11    LOWEST  SLP 29.82 ON  1

[REMARKS]
