000
CXUS54 KTSA 270840
CF6XNA
PRELIMINARY LOCAL CLIMATOLOGICAL DATA (WS FORM: F-6)

                                          STATION:   HIGHFILL ARKANSAS
                                          MONTH:     MAY
                                          YEAR:      2016
                                          LATITUDE:   36 16 N
                                          LONGITUDE:  94 19 W

  TEMPERATURE IN F:       :PCPN:    SNOW:  WIND      :SUNSHINE: SKY     :PK WND
================================================================================
1   2   3   4   5  6A  6B    7    8   9   10  11  12  13   14  15   16   17  18
                                     12Z  AVG MX 2MIN
DY MAX MIN AVG DEP HDD CDD  WTR  SNW DPTH SPD SPD DIR MIN PSBL S-S WX    SPD DR
================================================================================

 1  67  45  56  -5   9   0 0.00  0.0    0  6.7 15 320   M    M   1        22 250
 2  58  46  52  -9  13   0 0.01    M    0  6.9 15 360   M    M   9        19 320
 3  69  39  54  -7  11   0 0.00  0.0    0  4.7 13  10   M    M   2 18     17  30
 4  75  49  62   0   3   0 0.00  0.0    0 11.4 22 340   M    M   0        30 340
 5  76  42  59  -3   6   0 0.00  0.0    0  6.0 20 350   M    M   0        24 360
 6  79  44  62   0   3   0 0.00  0.0    0  2.3  9 240   M    M   0        12 240
 7  83  46  65   3   0   0 0.00  0.0    0  5.3 16 210   M    M   0        21 190
 8  74  51  63   0   2   0    T  0.0    0 10.4 22 180   M    M   2        28 170
 9  74  62  68   5   0   3 0.35  0.0    0 11.9 23 170   M    M   4 1      29 180
10  85  63  74  11   0   9 0.01  0.0    0  8.7 20 230   M    M   3 8      25 220
11  84  70  77  14   0  12    T  0.0    0 10.4 18 190   M    M   3 13     24 190
12  78  53  66   2   0   1 0.31  0.0    0  9.8 26 340   M    M   3 13     33 350
13  79  49  64   0   1   0 0.00  0.0    0  7.0 22 360   M    M   1        28 360
14  63  47  55  -9  10   0 0.00  0.0    0 11.3 26  20   M    M   3        35  20
15  68  47  58  -6   7   0    T    M    0  5.7 15 100   M    M   8        19  90
16  62  53  58  -6   7   0 0.26  0.0    0  8.3 16 140   M    M  10 1      19 140
17  64  52  58  -7   7   0 0.07  0.0    0  9.7 21  20   M    M  10 1      26  20
18  68  48  58  -7   7   0 0.00  0.0    0  8.6 18  70   M    M   7        23  80
19  67  45  56  -9   9   0 0.06    M    0  5.2 15 120   M    M   5 1      20 110
20  67  51  59  -7   6   0 0.15  0.0    0  3.7 12 110   M    M   8 12     15 110
21  77  50  64  -2   1   0 0.00  0.0    0  4.0 10  90   M    M   4 12     17 110
22  82  55  69   3   0   4 0.00  0.0    0  6.2 14 110   M    M   1        17 130
23  76  56  66   0   0   1 0.29  0.0    0  7.0 24 160   M    M   4 1      30 160
24  83  63  73   7   0   8    T  0.0    0 10.4 32 130   M    M   3        42 140
25  82  63  73   6   0   8 2.00  0.0    0 12.9 29 350   M    M   5 13     40 270
26  84  65  75   8   0  10 0.34  0.0    0 10.6 36 180   M    M   7 138    43 170
================================================================================
SM 1924 1354       102  56  3.85     0.0 205.1          M      103
================================================================================
AV 74.0 52.1                               7.9 FASTST   M    M   4    MAX(MPH)
                                 MISC ---->  # 36 180               # 43  170
================================================================================
NOTES:
# LAST OF SEVERAL OCCURRENCES

COLUMN 17 PEAK WIND IN M.P.H.

PRELIMINARY LOCAL CLIMATOLOGICAL DATA (WS FORM: F-6) , PAGE 2

                                          STATION:  HIGHFILL ARKANSAS
                                          MONTH:    MAY
                                          YEAR:     2016
                                          LATITUDE:   36 16 N
                                          LONGITUDE:  94 19 W

[TEMPERATURE DATA]      [PRECIPITATION DATA]       SYMBOLS USED IN COLUMN 16

AVERAGE MONTHLY: 63.0   TOTAL FOR MONTH:   3.85    1 = FOG OR MIST
DPTR FM NORMAL:  -0.9   DPTR FM NORMAL:   -1.02    2 = FOG REDUCING VISIBILITY
HIGHEST:    85 ON 10    GRTST 24HR  2.00 ON 25-25      TO 1/4 MILE OR LESS
LOWEST:     39 ON  3                               3 = THUNDER
                        SNOW, ICE PELLETS, HAIL    4 = ICE PELLETS
                        TOTAL MONTH:   0.0 INCH    5 = HAIL
                        GRTST 24HR     0.0         6 = FREEZING RAIN OR DRIZZLE
                        GRTST DEPTH:   0           7 = DUSTSTORM OR SANDSTORM:
                                                       VSBY 1/2 MILE OR LESS
                                                   8 = SMOKE OR HAZE
[NO. OF DAYS WITH]      [WEATHER - DAYS WITH]      9 = BLOWING SNOW
                                                   X = TORNADO
MAX 32 OR BELOW:   0    0.01 INCH OR MORE:  11
MAX 90 OR ABOVE:   0    0.10 INCH OR MORE:   7
MIN 32 OR BELOW:   0    0.50 INCH OR MORE:   1
MIN  0 OR BELOW:   0    1.00 INCH OR MORE:   1

[HDD (BASE 65) ]
TOTAL THIS MO.   102    CLEAR  (SCALE 0-3)  13
DPTR FM NORMAL    18    PTCLDY (SCALE 4-7)  10
TOTAL FM JUL 1  3163    CLOUDY (SCALE 8-10)  3
DPTR FM NORMAL -1145

[CDD (BASE 65) ]
TOTAL THIS MO.    56
DPTR FM NORMAL     2    [PRESSURE DATA]
TOTAL FM JAN 1    72    HIGHEST SLP M ON M
DPTR FM NORMAL    -3    LOWEST  SLP 29.62 ON  9

[REMARKS]
