893
CXUS54 KTSA 290840
CF6XNA
PRELIMINARY LOCAL CLIMATOLOGICAL DATA (WS FORM: F-6)

                                          STATION:   HIGHFILL ARKANSAS
                                          MONTH:     APRIL
                                          YEAR:      2017
                                          LATITUDE:   36 16 N
                                          LONGITUDE:  94 19 W

  TEMPERATURE IN F:       :PCPN:    SNOW:  WIND      :SUNSHINE: SKY     :PK WND
================================================================================
1   2   3   4   5  6A  6B    7    8   9   10  11  12  13   14  15   16   17  18
                                     12Z  AVG MX 2MIN
DY MAX MIN AVG DEP HDD CDD  WTR  SNW DPTH SPD SPD DIR MIN PSBL S-S WX    SPD DR
================================================================================

 1  74  46  60   8   5   0 0.00  0.0    0 10.2 16  80   M    M   1        21  90
 2  72  54  63  11   2   0 0.13  0.0    0  7.0 25 160   M    M   7 13     33 160
 3  69  49  59   7   6   0 0.45  0.0    0  9.0 23 260   M    M   7 13     28 250
 4  79  47  63  10   2   0 0.04  0.0    0 10.2 37 210   M    M   2 13     51 210
 5  57  45  51  -2  14   0 0.07  0.0    0 15.0 32 320   M    M   6 1      47 310
 6  63  35  49  -4  16   0 0.00  0.0    0  8.7 21 340   M    M   1        29 350
 7  68  32  50  -4  15   0 0.00  0.0    0  3.7 10 170   M    M   0 8      13 130
 8  79  48  64  10   1   0 0.00  0.0    0 16.3 30 170   M    M   0        39 170
 9  79  62  71  17   0   6 0.00  0.0    0 19.3 33 180   M    M   1        45 180
10  74  50  62   8   3   0 0.00  0.0    0 11.0 21 190   M    M   4        27 200
11  73  44  59   4   6   0 0.00  0.0    0  4.9 10 360   M    M   0        12  70
12  80  50  65  10   0   0 0.00  0.0    0  7.0 16 170   M    M   3        24 140
13  81  55  68  12   0   3 0.00  0.0    0  6.6 15 180   M    M   2 1      20 160
14  80  60  70  14   0   5 0.00  0.0    0 10.9 22 180   M    M   3        30 200
15  81  57  69  13   0   4 0.00  0.0    0 10.4 24 180   M    M   2        31 170
16  74  56  65   9   0   0 1.20  0.0    0  6.2 39 340   M    M   5 13     47 340
17  71  58  65   8   0   0 0.19  0.0    0  4.7 16 280   M    M   5 13     22 280
18  79  56  68  11   0   3 0.00  0.0    0  5.5 13 200   M    M   2 12     16 170
19  79  57  68  11   0   3 0.00  0.0    0 11.0 24 190   M    M   3 12     32 170
20  70  62  66   8   0   1 0.13  0.0    0  7.1 17 220   M    M   8 13     24 240
21  62  51  57  -1   8   0 3.54  0.0    0 12.3 24 340   M    M  10 13     31 340
22  52  46  49  -9  16   0 0.02  0.0    0 11.1 20 360   M    M   9 1      24 360
23  70  43  57  -2   8   0 0.00  0.0    0  8.3 17  10   M    M   1        21 350
24  76  38  57  -2   8   0 0.00  0.0    0  7.5 21 170   M    M   0        27 170
25  81  66  74  15   0   9 0.14  0.0    0 11.7 46 280   M    M   1 138    61 280
26  64  43  54  -6  11   0 1.55  0.0    0  9.2 38 270   M    M   9 13     50 260
27  67  37  52  -8  13   0 0.01    M    0  5.0 15 160   M    M   4 12     20 160
28  68  56  62   2   3   0 1.36  0.0    0  7.9 22  80   M    M   9 13     25  80
================================================================================
SM 2022 1403       137  34  8.83     0.0 257.7          M      105
================================================================================
AV 72.2 50.1                               9.2 FASTST   M    M   4    MAX(MPH)
                                 MISC ---->  # 46 280               # 61  280
================================================================================
NOTES:
# LAST OF SEVERAL OCCURRENCES

COLUMN 17 PEAK WIND IN M.P.H.

PRELIMINARY LOCAL CLIMATOLOGICAL DATA (WS FORM: F-6) , PAGE 2

                                          STATION:  HIGHFILL ARKANSAS
                                          MONTH:    APRIL
                                          YEAR:     2017
                                          LATITUDE:   36 16 N
                                          LONGITUDE:  94 19 W

[TEMPERATURE DATA]      [PRECIPITATION DATA]       SYMBOLS USED IN COLUMN 16

AVERAGE MONTHLY: 61.2   TOTAL FOR MONTH:   8.83    1 = FOG OR MIST
DPTR FM NORMAL:   5.2   DPTR FM NORMAL:    4.72    2 = FOG REDUCING VISIBILITY
HIGHEST:    81 ON 25,15 GRTST 24HR  3.54 ON 21-21      TO 1/4 MILE OR LESS
LOWEST:     32 ON  7                               3 = THUNDER
                        SNOW, ICE PELLETS, HAIL    4 = ICE PELLETS
                        TOTAL MONTH:   0.0 INCH    5 = HAIL
                        GRTST 24HR     0.0         6 = FREEZING RAIN OR DRIZZLE
                        GRTST DEPTH:   0           7 = DUSTSTORM OR SANDSTORM:
                                                       VSBY 1/2 MILE OR LESS
                                                   8 = SMOKE OR HAZE
[NO. OF DAYS WITH]      [WEATHER - DAYS WITH]      9 = BLOWING SNOW
                                                   X = TORNADO
MAX 32 OR BELOW:   0    0.01 INCH OR MORE:  13
MAX 90 OR ABOVE:   0    0.10 INCH OR MORE:   9
MIN 32 OR BELOW:   1    0.50 INCH OR MORE:   4
MIN  0 OR BELOW:   0    1.00 INCH OR MORE:   4

[HDD (BASE 65) ]
TOTAL THIS MO.   137    CLEAR  (SCALE 0-3)  15
DPTR FM NORMAL  -133    PTCLDY (SCALE 4-7)   9
TOTAL FM JUL 1  2883    CLOUDY (SCALE 8-10)  4
DPTR FM NORMAL -1331

[CDD (BASE 65) ]
TOTAL THIS MO.    34
DPTR FM NORMAL    11    [PRESSURE DATA]
TOTAL FM JAN 1    58    HIGHEST SLP M ON M
DPTR FM NORMAL    32    LOWEST  SLP 29.40 ON 25

[REMARKS]
