000
CXAK56 PAYA 010906
CF6YAK

PRELIMINARY LOCAL CLIMATOLOGICAL DATA (WS FORM: F-6)

                                          STATION:   YAKUTAT
                                          MONTH:     08
                                          YEAR:      2015
                                          LATITUDE:   59 31 N
                                          LONGITUDE: 139 40 W

  TEMPERATURE IN F:       :PCPN:    SNOW:  WIND      :SUNSHINE: SKY     :PK WND
================================================================================
1   2   3   4   5  6A  6B    7     8   9   10  11  12  13   14  15   16  17  18
                                      12Z  AVG MX 2MIN
DY MAX MIN AVG DEP HDD CDD  WTR   SNW DPTH SPD SPD DIR MIN PSBL S-S WX   SPD DR
================================================================================

 1  65  48  57   2   8   0     T  0.0   0  2.4 10  240   M    M   M 2     13 340
 2  65  49  57   2   8   0  0.00  0.0   0  3.7 12  270   M    M   M 2     17 310
 3  69  43  56   1   9   0  0.00  0.0   0  2.9  9  310   M    M   M 1     15 300
 4  69  43  56   1   9   0  0.00  0.0   0  4.2 12  250   M    M   M 2     16 240
 5  61  53  57   2   8   0  0.08  0.0   0  4.8 12  130   M    M   M 1     19 140
 6  61  54  58   3   7   0  0.22  0.0   0  3.5 10  130   M    M   M 1     16 130
 7  67  51  59   4   6   0  0.00  0.0   0  3.1  9  270   M    M   M 2     13 270
 8  65  44  55   0  10   0  0.00  0.0   0  4.2 13  250   M    M   M 2     15 280
 9  60  48  54  -1  11   0  0.59  0.0   0  4.2 14  130   M    M   M 1     23 120
10  62  55  59   4   6   0  0.69  0.0   0  6.5 17  140   M    M   M 1     26 130
11  60  53  57   2   8   0  0.49  0.0   0  5.1 10  160   M    M   M 1     15 170
12  63  46  55   0  10   0  0.05  0.0   0  4.2 10  270   M    M   M 1     15 300
13  65  40  53  -2  12   0  0.00  0.0   0  2.4 10  180   M    M   M 2     12 200
14  66  44  55   1  10   0  0.00  0.0   0  2.6  9  350   M    M   M 2     13 340
15  64  39  52  -2  13   0  0.04  0.0   0  3.6 13  240   M    M   M 1     15 250
16  57  53  55   1  10   0  0.39  0.0   0  4.6  9   70   M    M   M 1     13  70
17  60  54  57   3   8   0  4.39  0.0   0  7.2 18  140   M    M   M 1     29 130
18  61  57  59   5   6   0  1.43  0.0   0  8.9 18  230   M    M   M 1     26 230
19  62  55  59   5   6   0     T  0.0   0  5.4 12  140   M    M   M 1     17 200
20  65  48  57   3   8   0  0.00  0.0   0  3.5  9  340   M    M   M 1     12 310
21  62  45  54   1  11   0  0.25  0.0   0  5.7 13  130   M    M   M 1     19 140
22  57  51  54   1  11   0  1.17  0.0   0  8.2 18  120   M    M   M 1     31 140
23  57  50  54   1  11   0  1.01  0.0   0  6.9 20   70   M    M   M 1     29  80
24  62  46  54   1  11   0  0.05  0.0   0  4.6  9  210   M    M   M 1     14  90
25  62  41  52  -1  13   0  0.00  0.0   0  2.6 13  250   M    M   M 1     15 250
26  59  46  53   1  12   0  0.07  0.0   0  2.9  9  240   M    M   M 2     14 250
27  56  51  54   2  11   0  1.56  0.0   0  7.4 13   70   M    M   M 1     21  70
28  67  49  58   6   7   0  0.01  0.0   0  6.4 17   80   M    M   M       22  80
29  60  47  54   2  11   0  0.70  0.0   0  2.7 13  230   M    M   M       16 230
30  54  45  50  -2  15   0  0.72  0.0   0  3.9 12   50   M    M   M 1     15  70
31  60  41  51   0  14   0  0.00  0.0   0  2.7 10  110   M    M   M       17  90
================================================================================
SM 1923 1489       300   0 13.91 0.0    141.0           M        M
================================================================================
AV 62.0 48.0                              4.5 FASTST  PSBL  %   M    MAX(MPH)
                                 MISC ---->     20   70                 31 140
================================================================================
NOTES:
# LAST OF SEVERAL OCCURRENCES

COLUMN 17 PEAK WIND IN M.P.H.

PRELIMINARY LOCAL CLIMATOLOGICAL DATA (WS FORM: F-6) , PAGE 2

                                          STATION:   YAKUTAT
                                          MONTH:     08
                                          YEAR:      2015
                                          LATITUDE:  59 31 N
                                          LONGITUDE: 139 40 W

[TEMPERATURE DATA]      [PRECIPITATION DATA]       SYMBOLS USED IN COLUMN 16

AVERAGE MONTHLY:55.0   TOTAL FOR MONTH:13.91       1 = FOG
DPTR FM NORMAL:  1.2   DPTR FM NORMAL: -0.16       2 = FOG REDUCING VISIBILITY
HIGHEST:    69 ON  4    GRTST 24HR   4.39 ON 17        TO 1/4 MILE OR LESS
LOWEST:     39 ON 15                               3 = THUNDER
                        SNOW, ICE PELLETS, HAIL    4 = ICE PELLETS
                        TOTAL MONTH: 0.0         5 = HAIL
                        GRTST 24HR   0.0           6 = GLAZE OR RIME
                        GRTST DEPTH:    0          7 = BLOWING DUST OR SAND:
                                                       VSBY 1/2 MILE OR LESS
                                                   8 = SMOKE OR HAZE
[NO. OF DAYS WITH]      [WEATHER - DAYS WITH]      9 = BLOWING SNOW
                                                   X = TORNADO
MAX 32 OR BELOW:   0    0.01 INCH OR MORE:  19
MAX 70 OR ABOVE:   0    0.10 INCH OR MORE:  13
MIN 32 OR BELOW:   0    0.50 INCH OR MORE:   9
MIN  0 OR BELOW:   0    1.00 INCH OR MORE:   5

[HDD (BASE 65) ]
TOTAL THIS MO.   300    CLEAR  (SCALE 0-3)   M
DPTR FM NORMAL   -46    PTCLDY (SCALE 4-7)   M
SEASONAL TOTAL   568    CLOUDY (SCALE 8-10)  M
DPTR FM NORMAL  -110

[CDD (BASE 65) ]
TOTAL THIS MO.     0
DPTR FM NORMAL     0    [PRESSURE DATA]
SEASONAL TOTAL     0    HIGHEST SLP     M
DPTR FM NORMAL     0    LOWEST  SLP     M

[REMARKS]
#FINAL-08-15#
