000
CXAK56 PAJK 191230
CF6YAK
PRELIMINARY LOCAL CLIMATOLOGICAL DATA (WS FORM: F-6)

                                          STATION:   YAKUTAT
                                          MONTH:     AUGUST
                                          YEAR:      2017
                                          LATITUDE:   59 31 N
                                          LONGITUDE: 139 40 W

  TEMPERATURE IN F:       :PCPN:    SNOW:  WIND      :SUNSHINE: SKY     :PK WND
================================================================================
1   2   3   4   5  6A  6B    7    8   9   10  11  12  13   14  15   16   17  18
                                     12Z  AVG MX 2MIN
DY MAX MIN AVG DEP HDD CDD  WTR  SNW DPTH SPD SPD DIR MIN PSBL S-S WX    SPD DR
================================================================================

 1  67  46  57   2   8   0    T  0.0    0  1.2  7 180   M    M   8 12     10 150
 2  64  55  60   5   5   0 0.14  0.0    0  2.3  8 130   M    M  10 1      11  60
 3  67  58  63   8   2   0    T  0.0    0  2.3 10 280   M    M  10 1      15 270
 4  63  49  56   1   9   0 0.01  0.0    0  4.5 13 240   M    M   8 1      17 230
 5  67  44  56   1   9   0 0.00  0.0    0  3.6 12 230   M    M   4 12     15 230
 6  64  57  61   6   4   0 0.00  0.0    0  3.6 10 240   M    M   8 1      15 220
 7  64  52  58   3   7   0 0.00  0.0    0  3.3 10 180   M    M  10 1      15 150
 8  67  48  58   3   7   0 0.00  0.0    0  2.0  8 340   M    M   6 12     12 310
 9  67  43  55   0  10   0 0.00  0.0    0  3.3 13 230   M    M   3 1      17 230
10  64  50  57   2   8   0 0.01  0.0    0  1.4  8 230   M    M   8        11 240
11  60  50  55   0  10   0 1.21  0.0    0  6.2 17 120   M    M  10 1      25 150
12  61  56  59   4   6   0 0.31  0.0    0  2.6 13  90   M    M  10 1      18 110
13  61  49  55   1  10   0 0.46  0.0    0  4.7 20 220   M    M   9 1      28 220
14  58  47  53  -1  12   0 0.32  0.0    0  5.1 12 180   M    M   6 1      15 160
15  66  44  55   1  10   0 0.00  0.0    0  2.6  8 230   M    M   3 1      11 220
16  59  40  50  -4  15   0 0.61  0.0    0  2.9 10 260   M    M   8 1      15 270
17  61  44  53  -1  12   0 0.55  0.0    0  4.1 10 200   M    M  10 12     15 130
18  61  41  51  -3  14   0 0.34  0.0    0  3.7 12 190   M    M   8 12     15 190
================================================================================
SM 1141  873       158   0  3.96     0.0  59.4          M      139
================================================================================
AV 63.4 48.5                               3.3 FASTST   M    M   8    MAX(MPH)
                                 MISC ---->  # 20 220               # 28  220
================================================================================
NOTES:
# LAST OF SEVERAL OCCURRENCES

COLUMN 17 PEAK WIND IN M.P.H.

PRELIMINARY LOCAL CLIMATOLOGICAL DATA (WS FORM: F-6) , PAGE 2

                                          STATION:  YAKUTAT
                                          MONTH:    AUGUST
                                          YEAR:     2017
                                          LATITUDE:   59 31 N
                                          LONGITUDE: 139 40 W

[TEMPERATURE DATA]      [PRECIPITATION DATA]       SYMBOLS USED IN COLUMN 16

AVERAGE MONTHLY: 55.9   TOTAL FOR MONTH:   3.96    1 = FOG OR MIST
DPTR FM NORMAL:   1.3   DPTR FM NORMAL:   -3.52    2 = FOG REDUCING VISIBILITY
HIGHEST:    67 ON  9, 8 GRTST 24HR  1.21 ON 11-11      TO 1/4 MILE OR LESS
LOWEST:     40 ON 16                               3 = THUNDER
                        SNOW, ICE PELLETS, HAIL    4 = ICE PELLETS
                        TOTAL MONTH:   0.0 INCH    5 = HAIL
                        GRTST 24HR     0.0         6 = FREEZING RAIN OR DRIZZLE
                        GRTST DEPTH:   0           7 = DUSTSTORM OR SANDSTORM:
                                                       VSBY 1/2 MILE OR LESS
                                                   8 = SMOKE OR HAZE
[NO. OF DAYS WITH]      [WEATHER - DAYS WITH]      9 = BLOWING SNOW
                                                   X = TORNADO
MAX 32 OR BELOW:   0    0.01 INCH OR MORE:  10
MAX 90 OR ABOVE:   0    0.10 INCH OR MORE:   8
MIN 32 OR BELOW:   0    0.50 INCH OR MORE:   3
MIN  0 OR BELOW:   0    1.00 INCH OR MORE:   1

[HDD (BASE 65) ]
TOTAL THIS MO.   158    CLEAR  (SCALE 0-3)   2
DPTR FM NORMAL   -27    PTCLDY (SCALE 4-7)   7
TOTAL FM JUL 1   427    CLOUDY (SCALE 8-10)  9
DPTR FM NORMAL   -88

[CDD (BASE 65) ]
TOTAL THIS MO.     0
DPTR FM NORMAL     0    [PRESSURE DATA]
TOTAL FM JAN 1     0    HIGHEST SLP M ON M
DPTR FM NORMAL     0    LOWEST  SLP 29.41 ON 12

[REMARKS]
