000
CXAK56 PAYA 010931
CF6YAK

PRELIMINARY LOCAL CLIMATOLOGICAL DATA (WS FORM: F-6)

                                          STATION:   YAKUTAT
                                          MONTH:     06
                                          YEAR:      2015
                                          LATITUDE:   59 31 N
                                          LONGITUDE: 139 40 W

  TEMPERATURE IN F:       :PCPN:    SNOW:  WIND      :SUNSHINE: SKY     :PK WND
================================================================================
1   2   3   4   5  6A  6B    7     8   9   10  11  12  13   14  15   16  17  18
                                      12Z  AVG MX 2MIN
DY MAX MIN AVG DEP HDD CDD  WTR   SNW DPTH SPD SPD DIR MIN PSBL S-S WX   SPD DR
================================================================================

 1  53  48  51   3  14   0     T  0.0   0  4.6 12  170   M    M   M 1     17 170
 2  52  48  50   1  15   0  0.01  0.0   0  4.4  9  170   M    M   M 1     13 180
 3  55  47  51   2  14   0  0.69  0.0   0  9.2 16  120   M    M   M 1     24 120
 4  51  45  48  -1  17   0  2.10  0.0   0 12.3 25  140   M    M   M 1     44 140
 5  54  45  50   1  15   0  0.50  0.0   0  6.2 16  210   M    M   M 1     20 220
 6  51  46  49   0  16   0  0.75  0.0   0  6.1 13  100   M    M   M 1     19 130
 7  55  46  51   1  14   0  0.34  0.0   0  5.9 12  230   M    M   M 1     17 220
 8  54  42  48  -2  17   0  0.43  0.0   0  4.4 12  250   M    M   M 1     14 240
 9  50  44  47  -3  18   0  0.87  0.0   0  7.6 14   90   M    M   M 1     22 110
10  51  45  48  -2  17   0  0.62  0.0   0  6.8 15  100   M    M   M 1     21 100
11  54  45  50   0  15   0  0.06  0.0   0  3.4 13  260   M    M   M 1     17 270
12  56  44  50   0  15   0  0.00  0.0   0  3.7 14  250   M    M   M 1     18 240
13  70  40  55   4  10   0     T  0.0   0  4.6 10  340   M    M   M 1     17 360
14  80  43  62  11   3   0  0.00  0.0   0  4.9 15   70   M    M   M       20  80
15  82  45  64  13   1   0  0.00  0.0   0  5.8 16   40   M    M   M       22  60
16  80  47  64  13   1   0  0.00  0.0   0  5.8 15  150   M    M   M       20 170
17  59  49  54   3  11   0  0.00  0.0   0  6.2 14  130   M    M   M       21 120
18  59  50  55   4  10   0  0.00  0.0   0  3.2 10  180   M    M   M       17 190
19  63  46  55   4  10   0     T  0.0   0  2.4 10  340   M    M   M       13 340
20  60  44  52   0  13   0  0.00  0.0   0  3.5 10  260   M    M   M 1     16 320
21  60  52  56   4   9   0  0.00  0.0   0  3.5 12  270   M    M   M       17 310
22  61  50  56   4   9   0  0.00  0.0   0  2.7 10  240   M    M   M       15 250
23  65  47  56   4   9   0  0.00  0.0   0  3.4 10  250   M    M   M 1     14 240
24  74  43  59   7   6   0  0.00  0.0   0  3.9 18  190   M    M   M 1     26 190
25  67  50  59   7   6   0  0.02  0.0   0  3.2 12  230   M    M   M       17 250
26  58  52  55   3  10   0  1.05  0.0   0  5.7 10  170   M    M   M 1     16 180
27  58  51  55   2  10   0  0.65  0.0   0  6.6 13  120   M    M   M 1     19 110
28  63  50  57   4   8   0  0.41  0.0   0  3.7 10  100   M    M   M 1     16  90
29  60  47  54   1  11   0  0.01  0.0   0  3.2 10  250   M    M   M 2     14 220
30  59  51  55   2  10   0  0.14  0.0   0  5.5 14  180   M    M   M 1     19 180
================================================================================
SM 1814 1402       334   0  8.65 0.0    152.4           M        M
================================================================================
AV 60.5 46.7                              5.1 FASTST  PSBL  %   M    MAX(MPH)
                                 MISC ---->     25  140                 44 140
================================================================================
NOTES:
# LAST OF SEVERAL OCCURRENCES

COLUMN 17 PEAK WIND IN M.P.H.

PRELIMINARY LOCAL CLIMATOLOGICAL DATA (WS FORM: F-6) , PAGE 2

                                          STATION:   YAKUTAT
                                          MONTH:     06
                                          YEAR:      2015
                                          LATITUDE:  59 31 N
                                          LONGITUDE: 139 40 W

[TEMPERATURE DATA]      [PRECIPITATION DATA]       SYMBOLS USED IN COLUMN 16

AVERAGE MONTHLY:53.6   TOTAL FOR MONTH: 8.65       1 = FOG
DPTR FM NORMAL:  2.7   DPTR FM NORMAL: 2.26       2 = FOG REDUCING VISIBILITY
HIGHEST:    82 ON 15    GRTST 24HR   2.10 ON  4        TO 1/4 MILE OR LESS
LOWEST:     40 ON 13                               3 = THUNDER
                        SNOW, ICE PELLETS, HAIL    4 = ICE PELLETS
                        TOTAL MONTH: 0.0         5 = HAIL
                        GRTST 24HR   0.0           6 = GLAZE OR RIME
                        GRTST DEPTH:    0          7 = BLOWING DUST OR SAND:
                                                       VSBY 1/2 MILE OR LESS
                                                   8 = SMOKE OR HAZE
[NO. OF DAYS WITH]      [WEATHER - DAYS WITH]      9 = BLOWING SNOW
                                                   X = TORNADO
MAX 32 OR BELOW:   0    0.01 INCH OR MORE:  16
MAX 70 OR ABOVE:   5    0.10 INCH OR MORE:  12
MIN 32 OR BELOW:   0    0.50 INCH OR MORE:   8
MIN  0 OR BELOW:   0    1.00 INCH OR MORE:   2

[HDD (BASE 65) ]
TOTAL THIS MO.   334    CLEAR  (SCALE 0-3)   M
DPTR FM NORMAL   -92    PTCLDY (SCALE 4-7)   M
SEASONAL TOTAL  7996    CLOUDY (SCALE 8-10)  M
DPTR FM NORMAL -1025

[CDD (BASE 65) ]
TOTAL THIS MO.     0
DPTR FM NORMAL     0    [PRESSURE DATA]
SEASONAL TOTAL     0    HIGHEST SLP     M
DPTR FM NORMAL     0    LOWEST  SLP     M

[REMARKS]
#FINAL-06-15#
