000
CXUS53 KABR 041139
CLA8D3

CLIMATE REPORT
NATIONAL WEATHER SERVICE ABERDEEN SD
1104 AM CST FRI JAN 1 2016

...................................

...THE SISSETON SD CLIMATE SUMMARY FOR THE YEAR OF 2015...

CLIMATE NORMAL PERIOD 1981 TO 2010
CLIMATE RECORD PERIOD 1900 TO 2015

WEATHER         OBSERVED          NORMAL  DEPART  LAST YEAR`S
                 VALUE   DATE(S)  VALUE   FROM    VALUE  DATE(S)
                                          NORMAL
................................................................
TEMPERATURE (F)
RECORD
 HIGH             113   07/06/1936
                        05/30/1934
 LOW              -37   01/24/1936
HIGHEST            97   07/12                         93  05/30
                        06/09
LOWEST            -15   02/22                        -24  01/02
                        01/12
AVG. MAXIMUM     57.3              54.5     2.8     52.0
AVG. MINIMUM     34.9              33.0     1.9     31.2
MEAN             46.1              43.7     2.4     41.6
DAYS MAX >= 90     14              10.3     3.7        1
DAYS MAX <= 32     68              77.9    -9.9       93
DAYS MIN <= 32    157             168.3   -11.3      175
DAYS MIN <= 0      33              33.0     0.0       48

PRECIPITATION (INCHES)
RECORD
 MAXIMUM        33.48   2005
 MINIMUM         8.77   1976
TOTALS          17.93             22.33   -4.40    23.70
DAILY AVG.       0.05
DAYS >= .01        92                MM      MM      100
DAYS >= .10        43                MM      MM       43
DAYS >= .50         9                MM      MM       10
DAYS >= 1.00        3                MM      MM        4

SNOWFALL (INCHES)
RECORDS
 TOTAL             MM   MM
TOTALS           31.6                MM      MM     37.8
SINCE 7/1        15.8                MM      MM     13.1

DEGREE_DAYS
HEATING TOTAL    7375              8285    -910     8821
 SINCE 7/1         MM              3339      MM       MM
COOLING TOTAL     635               527     108      442
 SINCE 1/1        635               527     108      442
.................................................................

WIND (MPH)
AVERAGE WIND SPEED              11.2
HIGHEST WIND SPEED/DIRECTION    48/310    DATE  11/18
HIGHEST GUST SPEED/DIRECTION    60/320    DATE  11/18



-  INDICATES NEGATIVE NUMBERS.
R  INDICATES RECORD WAS SET OR TIED.
MM INDICATES DATA IS MISSING.
T  INDICATES TRACE AMOUNT.

$$
