000
CXUS53 KDVN 011416
CLACID


CLIMATE REPORT
NATIONAL WEATHER SERVICE QUAD CITIES IA IL
813 AM CST FRI JAN 1 2016

...................................

...THE CEDAR RAPIDS IA CLIMATE SUMMARY FOR THE YEAR OF 2015...

CLIMATE NORMAL PERIOD 1981 TO 2010
CLIMATE RECORD PERIOD 1891 TO 2015

WEATHER         OBSERVED          NORMAL  DEPART
                 VALUE   DATE(S)  VALUE   FROM
                                          NORMAL
................................................
TEMPERATURE (F)
RECORD
 HIGH             110   07/05/1911
 LOW              -29   01/15/2009
HIGHEST            93   07/13        84       9
LOWEST            -20   02/27        11     -31
AVG. MAXIMUM     59.3              58.4     0.9
AVG. MINIMUM     39.5              38.0     1.5
MEAN             49.4              48.2     1.2
DAYS MAX >= 90      5
DAYS MAX <= 32     48
DAYS MIN <= 32    125
DAYS MIN <= 0      22

PRECIPITATION (INCHES)
TOTALS          42.72             34.61    8.11
DAILY AVG.       0.12              0.09    0.03
DAYS >= .01       112
DAYS >= .10        71
DAYS >= .50        27
DAYS >= 1.00       11
GREATEST
 24 HR. TOTAL    4.61   06/11 TO 06/12

DEGREE_DAYS
HEATING TOTAL    6191              6867    -676
 SINCE 7/1       1933              2739    -806
COOLING TOTAL     712               750     -38
 SINCE 1/1        712               748     -36
.................................................

WIND (MPH)
AVERAGE WIND SPEED              9.9
HIGHEST WIND SPEED/DIRECTION    46/040    DATE  06/29
HIGHEST GUST SPEED/DIRECTION    57/200    DATE  12/14

SKY COVER
AVERAGE SKY COVER           0.30
NUMBER OF DAYS FAIR          196
NUMBER OF DAYS PC            100
NUMBER OF DAYS CLOUDY         69

AVERAGE RH (PERCENT)     76

WEATHER CONDITIONS. NUMBER OF DAYS WITH
THUNDERSTORM             46     HAIL                       0
SLEET                     2     FOG                      202
FOG W/VIS <= 1/4 MILE    28     HAZE                      61

-  INDICATES NEGATIVE NUMBERS.
R  INDICATES RECORD WAS SET OR TIED.
MM INDICATES DATA IS MISSING.
T  INDICATES TRACE AMOUNT.

$$
