000
CXUS53 KDDC 011530
CLAGCK


CLIMATE REPORT
NATIONAL WEATHER SERVICE DODGE CITY KS
913 AM CST FRI JAN 1 2016

...................................

...THE GARDEN CITY REGIONAL ARPT KS CLIMATE SUMMARY FOR THE YEAR OF 2015...

CLIMATE NORMAL PERIOD 1981 TO 2010
CLIMATE RECORD PERIOD 1948 TO 2015

WEATHER         OBSERVED          NORMAL  DEPART  LAST YEAR`S
                 VALUE   DATE(S)  VALUE   FROM    VALUE  DATE(S)
                                          NORMAL
................................................................
TEMPERATURE (F)
RECORD
 HIGH             110   06/08/1985
                        07/11/1954
                        06/24/1953
 LOW              -19   01/14/1979
HIGHEST           105   07/13        MM      MM      103  07/25
LOWEST              1   01/04        MM      MM      -13  01/06
AVG. MAXIMUM     69.2              67.9     1.3     67.6
AVG. MINIMUM     42.4              40.7     1.7     39.9
MEAN             55.8              54.3     1.5     53.7
DAYS MAX >= 90     70              59.2    10.8       67
DAYS MAX <= 32     22              19.0     3.0       30
DAYS MIN <= 32    122             136.6   -14.6      146
DAYS MIN <= 0       0               3.9    -3.9        6

PRECIPITATION (INCHES)
RECORD
 MAXIMUM        30.75   1969
 MINIMUM         9.23   2011
TOTALS          25.15             19.47    5.68    21.44
DAYS >= .01        86              72.0    14.0       64
DAYS >= .10        44              39.3     4.7       26
DAYS >= .50        18              12.6     5.4       13
DAYS >= 1.00        7               4.1     2.9        5
GREATEST
 24 HR. TOTAL    2.23   10/21 TO 10/22

DEGREE_DAYS
HEATING TOTAL    4679              5207    -528     5298
 SINCE 7/1       1739              2123    -384     2021
COOLING TOTAL    1453              1300     153     1342
 SINCE 1/1       1453              1298     155     1342

FREEZE DATES
.................................................................

WIND (MPH)
AVERAGE WIND SPEED              11.9
HIGHEST WIND SPEED/DIRECTION    56/180    DATE  10/20
HIGHEST GUST SPEED/DIRECTION    73/180    DATE  10/20


WEATHER CONDITIONS. NUMBER OF DAYS WITH
THUNDERSTORM             56     MIXED PRECIP               0
HEAVY RAIN               32     RAIN                      40
LIGHT RAIN               79     FREEZING RAIN              3
LT FREEZING RAIN          5     HAIL                       1
HEAVY SNOW                0     SNOW                       4
LIGHT SNOW               23     SLEET                      0
FOG                     140     FOG W/VIS <= 1/4 MILE     20
HAZE                     58

-  INDICATES NEGATIVE NUMBERS.
R  INDICATES RECORD WAS SET OR TIED.
MM INDICATES DATA IS MISSING.
T  INDICATES TRACE AMOUNT.

$$
