000
CXUS53 KABR 051440
CLAMBG

FSDCLMMOB 000
TTAA00 KABR 051440


CLIMATE REPORT
NATIONAL WEATHER SERVICE ABERDEEN SD
840 AM CST MON JAN 5 2015

...................................

...THE MOBRIDGE SD CLIMATE SUMMARY FOR THE YEAR OF 2014...

CLIMATE NORMAL PERIOD 1981 TO 2010
CLIMATE RECORD PERIOD 1911 TO 2014

WEATHER         OBSERVED          NORMAL  DEPART  LAST YEAR`S
                 VALUE   DATE(S)  VALUE   FROM    VALUE  DATE(S)
                                          NORMAL
................................................................
TEMPERATURE (F)
RECORD
 HIGH             116   07/15/2006
                        07/16/1936
 LOW              -44   02/19/1929
HIGHEST            95   07/20        MM      MM      101  08/24
                                                          08/20
LOWEST            -19   02/10        MM      MM      -25  12/23
AVG. MAXIMUM     54.5              56.8    -2.3     54.5
AVG. MINIMUM     31.4              33.1    -1.7     31.7
MEAN             42.9              44.9    -2.0     43.1
DAYS MAX >= 90      5              22.3   -17.3       21
DAYS MAX <= 32     77              65.2    11.8       79
DAYS MIN <= 32    173             172.0     1.0      199
DAYS MIN <= 0      45              30.2    14.8       30

PRECIPITATION (INCHES)
RECORD
 MAXIMUM        26.86   1915
 MINIMUM         6.15   1934
TOTALS          21.81             17.87    3.94    23.68
DAILY AVG.       0.06              0.05    0.01     0.06
DAYS >= .01        85                MM      MM      101
DAYS >= .10        41                MM      MM       40
DAYS >= .50        11                MM      MM       14
DAYS >= 1.00        3                MM      MM        8

SNOWFALL (INCHES)
RECORDS
 TOTAL           75.9   1997
TOTALS           36.6                MM      MM     50.1
 LIQUID EQUIV    3.66                MM      MM     5.01
SINCE 7/1        10.3                MM      MM     18.0
 LIQUID 7/1      1.03                MM      MM     1.80
DAYS >= TRACE      71                MM      MM       86
DAYS >= 1.0        13                MM      MM       16

DEGREE_DAYS
HEATING TOTAL    8355              7960     395     8564
 SINCE 7/1         MM              3216      MM       MM
COOLING TOTAL     471               643    -172      700
 SINCE 1/1        471               644    -173      700
.................................................................

WIND (MPH)
AVERAGE WIND SPEED              10.9
HIGHEST WIND SPEED/DIRECTION    48/330    DATE  01/16
HIGHEST GUST SPEED/DIRECTION    62/150    DATE  07/24



-  INDICATES NEGATIVE NUMBERS.
R  INDICATES RECORD WAS SET OR TIED.
MM INDICATES DATA IS MISSING.
T  INDICATES TRACE AMOUNT.

$$
