000
CXUS56 KPDT 012325
CLAPDT

CLIMATE REPORT
NATIONAL WEATHER SERVICE PENDLETON OREGON
324 PM PST MON JAN 1 2018

....................................

...THE PENDLETON CLIMATE SUMMARY FOR THE YEAR OF 2017...

CLIMATE NORMAL PERIOD 1981 TO 2010
CLIMATE RECORD PERIOD 1890 TO 2017

WEATHER         OBSERVED          NORMAL  DEPART
                 VALUE   DATE(S)  VALUE   FROM
                                          NORMAL
................................................
TEMPERATURE (F)
RECORD
 HIGH             119  08/10/1898
 LOW              -28  12/13/1919
HIGHEST           103  08/10
LOWEST             -8  01/13

AVG. MAXIMUM     62.7
AVG. MINUMUM     40.1
MEAN             51.4
DAYS MAX >= 90     53
DAYS MAX <= 32     33
DAYS MIN <= 32    104
DAYS MIN <= 0       8

PRECIPITATION (INCHES)
TOTALS           16.48
DAILY AVG.        0.05
DAYS >=  0.01      117
DAYS >=  0.10       55
DAYS >=  0.50        6
DAYS >=  1.00        1
GREATEST
 24 HR. TOTAL      1.1   06/26

SNOWFALL (INCHES)
TOTALS            35.9
SINCE 7/1         10.0
SNOWDEPTH AVG.       0
DAYS >=  TRACE      26
DAYS >=  1.0        12
GREATEST
 SNOW DEPTH          7     12/26
 24 HR TOTAL       4.6

DEGREE_DAYS
HEATING_TOTAL      5766
 SINCE 7/1         2257
COOLING TOTAL       894
................................................

WIND (MPH)
AVERAGE WIND SPEED                     7.6
RESULTANT WIND SPEED/DIRECTION         4/199
HIGHEST WIND SPEED/DIRECTION          53/230      DATE          06/26
HIGHEST GUST SPEED/DIRECTION          64/240      DATE          06/26


WEATHER CONDITIONS. NUMBER OF DAYS WITH
THUNDERSTORM              13    MIXED PRECIP                           1
HEAVY RAIN                13    RAIN                                  38
LIGHT RAIN               139    FREEZING RAIN                          3
LT FREEZING RAIN          15    HAIL                                   4
HEAVY SNOW                 1    SNOW                                   5
LIGHT SNOW                39    SLEET                                  1
FOG                      133    FOG W/VIS <=1/4 MILE                  36
HAZE                      71

-  INDICATES NEGATIVE NUMBERS.
R  INDICATES RECORD WAS SET OR TIED.
MM INDICATES DATA IS MISSING.
T  INDICATES TRACE AMOUNT.

$$
