000
CXUS53 KABR 051442
CLAPIR

FSDCLMPER 000
TTAA00 KABR 051442


CLIMATE REPORT
NATIONAL WEATHER SERVICE ABERDEEN SD
842 AM CST MON JAN 5 2015

...................................

...THE PIERRE SD CLIMATE SUMMARY FOR THE YEAR OF 2014...

CLIMATE NORMAL PERIOD 1981 TO 2010
CLIMATE RECORD PERIOD 1892 TO 2014

WEATHER         OBSERVED          NORMAL  DEPART  LAST YEAR`S
                 VALUE   DATE(S)  VALUE   FROM    VALUE  DATE(S)
                                          NORMAL
................................................................
TEMPERATURE (F)
RECORD
 HIGH             117   07/15/2006
 LOW              -35   02/09/1994
HIGHEST           104   07/21        MM      MM      102  08/24
LOWEST            -20   03/02        MM      MM      -21  12/23
                        03/01
AVG. MAXIMUM     57.0              59.2    -2.2     56.6
AVG. MINIMUM     32.7              35.6    -2.9     33.8
MEAN             44.9              47.4    -2.5     45.2
DAYS MAX >= 90     15              36.5   -21.5       24
DAYS MAX <= 32     65              55.4     9.6       72
DAYS MIN <= 32    171             160.1    10.9      195
DAYS MIN <= 0      35              19.8    15.2       23

PRECIPITATION (INCHES)
RECORD
 MAXIMUM        31.24   1997
 MINIMUM         6.89   1976
TOTALS          18.77             20.01   -1.24    24.56
DAILY AVG.       0.05              0.05    0.00     0.07
DAYS >= .01        99              87.7    11.3       89
DAYS >= .10        40              42.3    -2.3       55
DAYS >= .50        11              11.5    -0.5       14
DAYS >= 1.00        3               3.4    -0.4        6

SNOWFALL (INCHES)
RECORDS
 TOTAL           82.0   1952
                        0
                        0
TOTALS           37.8              31.9     5.9     59.8
 LIQUID EQUIV    3.78              3.20    0.58     5.98
SINCE 7/1        19.4              11.2     8.2     16.2
 LIQUID 7/1      1.94              1.10    0.84     1.62
DAYS >= TRACE      69              26.3    42.7       74
DAYS >= 1.0        10              10.2    -0.2       18

DEGREE_DAYS
HEATING TOTAL    7803              7290     513     7969
 SINCE 7/1         MM              2962      MM       MM
COOLING TOTAL     622               868    -246      853
 SINCE 1/1        622               868    -246      853
.................................................................

WIND (MPH)
AVERAGE WIND SPEED              11.7
HIGHEST WIND SPEED/DIRECTION    53/320    DATE  01/16
HIGHEST GUST SPEED/DIRECTION    64/310    DATE  06/28



-  INDICATES NEGATIVE NUMBERS.
R  INDICATES RECORD WAS SET OR TIED.
MM INDICATES DATA IS MISSING.
T  INDICATES TRACE AMOUNT.

$$
